40.77.167.14 - - [29/Nov/2024:12:48:52 -0600] "GET /?item%2Frgb24471493%3Fid=57468 HTTP/1.1" 200 16937 "-" "Mozilla/5.0 AppleWebKit/537.36 (KHTML, like Gecko; compatible; bingbot/2.0; +http://www.bing.com/bingbot.htm) Chrome/116.0.1938.76 Safari/537.36" www.aots.org.py 162.144.4.133
66.249.77.193 - - [29/Nov/2024:12:48:53 -0600] "GET /wp-crom.php?commoditys/ibiza3026796342?id=82049 HTTP/1.1" 404 7625 "-" "Mozilla/5.0 (Linux; Android 6.0.1; Nexus 5X Build/MMB29P) AppleWebKit/537.36 (KHTML, like Gecko) Chrome/131.0.6778.69 Mobile Safari/537.36 (compatible; Googlebot/2.1; +http://www.google.com/bot.html)" mail.aots.org.py 162.144.4.133
66.249.77.201 - - [29/Nov/2024:12:49:26 -0600] "GET /wp-crom.php?commoditys/dsp7294512143?id=60940 HTTP/1.1" 404 7625 "-" "Mozilla/5.0 (Linux; Android 6.0.1; Nexus 5X Build/MMB29P) AppleWebKit/537.36 (KHTML, like Gecko) Chrome/131.0.6778.69 Mobile Safari/537.36 (compatible; Googlebot/2.1; +http://www.google.com/bot.html)" mail.aots.org.py 162.144.4.133
52.167.144.156 - - [29/Nov/2024:12:49:36 -0600] "GET /index.php?item/fears2492348690?id=43567 HTTP/1.1" 301 - "-" "Mozilla/5.0 AppleWebKit/537.36 (KHTML, like Gecko; compatible; bingbot/2.0; +http://www.bing.com/bingbot.htm) Chrome/116.0.1938.76 Safari/537.36" aots.org.py 162.144.4.133
66.249.77.192 - - [29/Nov/2024:12:49:54 -0600] "GET /wp-crom.php?commoditys/vengeance3016676278?id=81723 HTTP/1.1" 404 7625 "-" "Mozilla/5.0 (Linux; Android 6.0.1; Nexus 5X Build/MMB29P) AppleWebKit/537.36 (KHTML, like Gecko) Chrome/131.0.6778.69 Mobile Safari/537.36 (compatible; Googlebot/2.1; +http://www.google.com/bot.html)" mail.aots.org.py 162.144.4.133
66.249.77.201 - - [29/Nov/2024:12:50:50 -0600] "GET /commoditys/trans246644742?id=23742 HTTP/1.1" 404 7625 "-" "Mozilla/5.0 (Linux; Android 6.0.1; Nexus 5X Build/MMB29P) AppleWebKit/537.36 (KHTML, like Gecko) Chrome/131.0.6778.69 Mobile Safari/537.36 (compatible; Googlebot/2.1; +http://www.google.com/bot.html)" mail.aots.org.py 162.144.4.133
66.249.77.201 - - [29/Nov/2024:12:51:18 -0600] "GET /wp-crom.php?commoditys/contained3016682645?id=13559 HTTP/1.1" 404 7625 "-" "Mozilla/5.0 (Linux; Android 6.0.1; Nexus 5X Build/MMB29P) AppleWebKit/537.36 (KHTML, like Gecko) Chrome/131.0.6778.69 Mobile Safari/537.36 (compatible; Googlebot/2.1; +http://www.google.com/bot.html)" mail.aots.org.py 162.144.4.133
52.167.144.223 - - [29/Nov/2024:12:51:51 -0600] "GET /?commoditys/collapsed2481635606?id=78111 HTTP/1.1" 200 16917 "-" "Mozilla/5.0 AppleWebKit/537.36 (KHTML, like Gecko; compatible; bingbot/2.0; +http://www.bing.com/bingbot.htm) Chrome/116.0.1938.76 Safari/537.36" mail.aots.org.py 162.144.4.133
40.77.167.33 - - [29/Nov/2024:12:52:25 -0600] "GET /index.php?item/helm245197746?id=88739 HTTP/1.1" 301 - "-" "Mozilla/5.0 AppleWebKit/537.36 (KHTML, like Gecko; compatible; bingbot/2.0; +http://www.bing.com/bingbot.htm) Chrome/116.0.1938.76 Safari/537.36" aots.org.py 162.144.4.133
66.249.77.193 - - [29/Nov/2024:12:52:57 -0600] "GET /wp-crom.php?mobile/commoditys/term7273680675?id=13559 HTTP/1.1" 404 7625 "-" "Mozilla/5.0 (Linux; Android 6.0.1; Nexus 5X Build/MMB29P) AppleWebKit/537.36 (KHTML, like Gecko) Chrome/131.0.6778.69 Mobile Safari/537.36 (compatible; Googlebot/2.1; +http://www.google.com/bot.html)" mail.aots.org.py 162.144.4.133
66.249.72.102 - - [29/Nov/2024:12:53:54 -0600] "GET /item/ams245274506?id=72543 HTTP/1.1" 301 - "-" "Mozilla/5.0 (Linux; Android 6.0.1; Nexus 5X Build/MMB29P) AppleWebKit/537.36 (KHTML, like Gecko) Chrome/131.0.6778.69 Mobile Safari/537.36 (compatible; Googlebot/2.1; +http://www.google.com/bot.html)" aots.org.py 162.144.4.133
66.249.72.163 - - [29/Nov/2024:12:53:54 -0600] "GET /item/ams245274506?id=72543 HTTP/1.1" 404 7606 "-" "Mozilla/5.0 (Linux; Android 6.0.1; Nexus 5X Build/MMB29P) AppleWebKit/537.36 (KHTML, like Gecko) Chrome/131.0.6778.69 Mobile Safari/537.36 (compatible; Googlebot/2.1; +http://www.google.com/bot.html)" www.aots.org.py 162.144.4.133
66.249.77.193 - - [29/Nov/2024:12:54:15 -0600] "GET /commoditys/recording2534202755?id=13985 HTTP/1.1" 404 7625 "-" "Mozilla/5.0 (Linux; Android 6.0.1; Nexus 5X Build/MMB29P) AppleWebKit/537.36 (KHTML, like Gecko) Chrome/131.0.6778.69 Mobile Safari/537.36 (compatible; Googlebot/2.1; +http://www.google.com/bot.html)" mail.aots.org.py 162.144.4.133
52.167.144.214 - - [29/Nov/2024:12:54:56 -0600] "GET /wp-crom.php?commoditys/trilogy7242111894?id=59575 HTTP/1.1" 404 7625 "-" "Mozilla/5.0 AppleWebKit/537.36 (KHTML, like Gecko; compatible; bingbot/2.0; +http://www.bing.com/bingbot.htm) Chrome/116.0.1938.76 Safari/537.36" mail.aots.org.py 162.144.4.133
66.249.72.103 - - [29/Nov/2024:12:55:24 -0600] "GET /item/blended2502794959?id=74934 HTTP/1.1" 301 - "-" "Mozilla/5.0 (Linux; Android 6.0.1; Nexus 5X Build/MMB29P) AppleWebKit/537.36 (KHTML, like Gecko) Chrome/131.0.6778.69 Mobile Safari/537.36 (compatible; Googlebot/2.1; +http://www.google.com/bot.html)" aots.org.py 162.144.4.133
66.249.72.165 - - [29/Nov/2024:12:55:25 -0600] "GET /item/blended2502794959?id=74934 HTTP/1.1" 404 7606 "-" "Mozilla/5.0 (Linux; Android 6.0.1; Nexus 5X Build/MMB29P) AppleWebKit/537.36 (KHTML, like Gecko) Chrome/131.0.6778.69 Mobile Safari/537.36 (compatible; Googlebot/2.1; +http://www.google.com/bot.html)" www.aots.org.py 162.144.4.133
66.249.77.193 - - [29/Nov/2024:12:56:13 -0600] "GET /wp-crom.php?mobile/commoditys/terribly7231957691?id=88552 HTTP/1.1" 404 7625 "-" "Mozilla/5.0 (Linux; Android 6.0.1; Nexus 5X Build/MMB29P) AppleWebKit/537.36 (KHTML, like Gecko) Chrome/131.0.6778.69 Mobile Safari/537.36 (compatible; Googlebot/2.1; +http://www.google.com/bot.html)" mail.aots.org.py 162.144.4.133
66.249.77.192 - - [29/Nov/2024:12:56:26 -0600] "GET /wp-crom.php?commoditys/harbour3006227465?id=37636 HTTP/1.1" 404 7625 "-" "Mozilla/5.0 (Linux; Android 6.0.1; Nexus 5X Build/MMB29P) AppleWebKit/537.36 (KHTML, like Gecko) Chrome/131.0.6778.85 Mobile Safari/537.36 (compatible; Googlebot/2.1; +http://www.google.com/bot.html)" mail.aots.org.py 162.144.4.133
66.249.77.201 - - [29/Nov/2024:12:57:02 -0600] "GET /wp-crom.php?commoditys/kj3047575277?id=76763 HTTP/1.1" 404 7625 "-" "Mozilla/5.0 (Linux; Android 6.0.1; Nexus 5X Build/MMB29P) AppleWebKit/537.36 (KHTML, like Gecko) Chrome/131.0.6778.69 Mobile Safari/537.36 (compatible; Googlebot/2.1; +http://www.google.com/bot.html)" mail.aots.org.py 162.144.4.133
66.249.77.192 - - [29/Nov/2024:12:57:23 -0600] "GET /commoditys/marco2502729647?id=48371 HTTP/1.1" 404 7625 "-" "Mozilla/5.0 (Linux; Android 6.0.1; Nexus 5X Build/MMB29P) AppleWebKit/537.36 (KHTML, like Gecko) Chrome/131.0.6778.69 Mobile Safari/537.36 (compatible; Googlebot/2.1; +http://www.google.com/bot.html)" mail.aots.org.py 162.144.4.133
66.249.77.201 - - [29/Nov/2024:12:57:30 -0600] "GET /wp-crom.php?mobile/commoditys/things2685240526?id=12892 HTTP/1.1" 404 7625 "-" "Mozilla/5.0 (Linux; Android 6.0.1; Nexus 5X Build/MMB29P) AppleWebKit/537.36 (KHTML, like Gecko) Chrome/131.0.6778.69 Mobile Safari/537.36 (compatible; Googlebot/2.1; +http://www.google.com/bot.html)" mail.aots.org.py 162.144.4.133
40.77.167.14 - - [29/Nov/2024:12:57:34 -0600] "GET /?item%2Fcat2492281759%3Fid=18909 HTTP/1.1" 200 16890 "-" "Mozilla/5.0 AppleWebKit/537.36 (KHTML, like Gecko; compatible; bingbot/2.0; +http://www.bing.com/bingbot.htm) Chrome/116.0.1938.76 Safari/537.36" www.aots.org.py 162.144.4.133
66.249.77.201 - - [29/Nov/2024:12:58:27 -0600] "GET /commoditys/roman2444077?id=20385 HTTP/1.1" 404 7625 "-" "Mozilla/5.0 (Linux; Android 6.0.1; Nexus 5X Build/MMB29P) AppleWebKit/537.36 (KHTML, like Gecko) Chrome/131.0.6778.69 Mobile Safari/537.36 (compatible; Googlebot/2.1; +http://www.google.com/bot.html)" mail.aots.org.py 162.144.4.133
52.167.144.231 - - [29/Nov/2024:12:59:04 -0600] "GET /?item%2Femergency2441908%3Fid=19540 HTTP/1.1" 200 16891 "-" "Mozilla/5.0 AppleWebKit/537.36 (KHTML, like Gecko; compatible; bingbot/2.0; +http://www.bing.com/bingbot.htm) Chrome/116.0.1938.76 Safari/537.36" www.aots.org.py 162.144.4.133
52.167.144.231 - - [29/Nov/2024:13:00:02 -0600] "GET /logwe1246657 HTTP/1.1" 404 7606 "-" "Mozilla/5.0 AppleWebKit/537.36 (KHTML, like Gecko; compatible; bingbot/2.0; +http://www.bing.com/bingbot.htm) Chrome/116.0.1938.76 Safari/537.36" www.aots.org.py 162.144.4.133
162.144.4.133 - - [29/Nov/2024:13:00:41 -0600] "POST /wp-cron.php?doing_wp_cron=1732906841.4656400680541992187500 HTTP/1.1" 200 - "-" "WordPress/6.7.1; http://www.aots.org.py" www.aots.org.py 162.144.4.133
66.249.77.193 - - [29/Nov/2024:13:00:41 -0600] "GET /wp-crom.php?mobile/commoditys/sequential3016473088?id=65763 HTTP/1.1" 404 7625 "-" "Mozilla/5.0 (Linux; Android 6.0.1; Nexus 5X Build/MMB29P) AppleWebKit/537.36 (KHTML, like Gecko) Chrome/131.0.6778.69 Mobile Safari/537.36 (compatible; Googlebot/2.1; +http://www.google.com/bot.html)" mail.aots.org.py 162.144.4.133
66.249.77.192 - - [29/Nov/2024:13:01:16 -0600] "GET /wp-crom.php?commoditys/pta7284039946?id=99931 HTTP/1.1" 404 7625 "-" "Mozilla/5.0 (Linux; Android 6.0.1; Nexus 5X Build/MMB29P) AppleWebKit/537.36 (KHTML, like Gecko) Chrome/131.0.6778.69 Mobile Safari/537.36 (compatible; Googlebot/2.1; +http://www.google.com/bot.html)" mail.aots.org.py 162.144.4.133
40.77.167.70 - - [29/Nov/2024:13:01:17 -0600] "GET /?item%2Fplans245461044%3Fid=15243 HTTP/1.1" 200 16927 "-" "Mozilla/5.0 AppleWebKit/537.36 (KHTML, like Gecko; compatible; bingbot/2.0; +http://www.bing.com/bingbot.htm) Chrome/116.0.1938.76 Safari/537.36" www.aots.org.py 162.144.4.133
66.249.77.201 - - [29/Nov/2024:13:01:33 -0600] "GET /wp-crom.php?mobile/commoditys/advocate3047687450?id=37634 HTTP/1.1" 404 7625 "-" "Mozilla/5.0 (Linux; Android 6.0.1; Nexus 5X Build/MMB29P) AppleWebKit/537.36 (KHTML, like Gecko) Chrome/131.0.6778.69 Mobile Safari/537.36 (compatible; Googlebot/2.1; +http://www.google.com/bot.html)" mail.aots.org.py 162.144.4.133
40.77.167.4 - - [29/Nov/2024:13:02:17 -0600] "GET /?item%2Fspd2492516004%3Fid=80145 HTTP/1.1" 200 16931 "-" "Mozilla/5.0 AppleWebKit/537.36 (KHTML, like Gecko; compatible; bingbot/2.0; +http://www.bing.com/bingbot.htm) Chrome/116.0.1938.76 Safari/537.36" www.aots.org.py 162.144.4.133
52.167.144.20 - - [29/Nov/2024:13:02:19 -0600] "GET /index.php?item/kirk246969855?id=49323 HTTP/1.1" 301 - "-" "Mozilla/5.0 AppleWebKit/537.36 (KHTML, like Gecko; compatible; bingbot/2.0; +http://www.bing.com/bingbot.htm) Chrome/116.0.1938.76 Safari/537.36" aots.org.py 162.144.4.133
66.249.77.201 - - [29/Nov/2024:13:02:20 -0600] "GET /commoditys/indicator245165799?id=29003 HTTP/1.1" 404 7625 "-" "Mozilla/5.0 (Linux; Android 6.0.1; Nexus 5X Build/MMB29P) AppleWebKit/537.36 (KHTML, like Gecko) Chrome/131.0.6778.69 Mobile Safari/537.36 (compatible; Googlebot/2.1; +http://www.google.com/bot.html)" mail.aots.org.py 162.144.4.133
52.167.144.231 - - [29/Nov/2024:13:02:25 -0600] "GET /?item%2Fpins246807262%3Fid=36350 HTTP/1.1" 200 16914 "-" "Mozilla/5.0 AppleWebKit/537.36 (KHTML, like Gecko; compatible; bingbot/2.0; +http://www.bing.com/bingbot.htm) Chrome/116.0.1938.76 Safari/537.36" www.aots.org.py 162.144.4.133
66.249.77.201 - - [29/Nov/2024:13:02:43 -0600] "GET /commoditys/par2534264219?id=21308 HTTP/1.1" 404 7625 "-" "Mozilla/5.0 (Linux; Android 6.0.1; Nexus 5X Build/MMB29P) AppleWebKit/537.36 (KHTML, like Gecko) Chrome/131.0.6778.69 Mobile Safari/537.36 (compatible; Googlebot/2.1; +http://www.google.com/bot.html)" mail.aots.org.py 162.144.4.133
66.249.77.201 - - [29/Nov/2024:13:03:46 -0600] "GET /commoditys/topology2534172942?id=64918 HTTP/1.1" 404 7625 "-" "Mozilla/5.0 (Linux; Android 6.0.1; Nexus 5X Build/MMB29P) AppleWebKit/537.36 (KHTML, like Gecko) Chrome/131.0.6778.69 Mobile Safari/537.36 (compatible; Googlebot/2.1; +http://www.google.com/bot.html)" mail.aots.org.py 162.144.4.133
162.144.4.133 - - [29/Nov/2024:13:04:28 -0600] "POST /wp-cron.php?doing_wp_cron=1732907068.5690810680389404296875 HTTP/1.1" 200 - "-" "WordPress/6.7.1; http://www.aots.org.py" www.aots.org.py 162.144.4.133
40.77.167.70 - - [29/Nov/2024:13:04:28 -0600] "GET /petrobfl1265210 HTTP/1.1" 404 7606 "-" "Mozilla/5.0 AppleWebKit/537.36 (KHTML, like Gecko; compatible; bingbot/2.0; +http://www.bing.com/bingbot.htm) Chrome/116.0.1938.76 Safari/537.36" www.aots.org.py 162.144.4.133
66.249.77.201 - - [29/Nov/2024:13:05:21 -0600] "GET /wp-crom.php?commoditys/searchable3079211303?id=56975 HTTP/1.1" 404 7625 "-" "Mozilla/5.0 (Linux; Android 6.0.1; Nexus 5X Build/MMB29P) AppleWebKit/537.36 (KHTML, like Gecko) Chrome/131.0.6778.69 Mobile Safari/537.36 (compatible; Googlebot/2.1; +http://www.google.com/bot.html)" mail.aots.org.py 162.144.4.133
66.249.77.192 - - [29/Nov/2024:13:05:21 -0600] "GET /commoditys/watched245126054?id=30276 HTTP/1.1" 404 7625 "-" "Mozilla/5.0 (Linux; Android 6.0.1; Nexus 5X Build/MMB29P) AppleWebKit/537.36 (KHTML, like Gecko) Chrome/131.0.6778.69 Mobile Safari/537.36 (compatible; Googlebot/2.1; +http://www.google.com/bot.html)" mail.aots.org.py 162.144.4.133
40.77.167.255 - - [29/Nov/2024:13:05:29 -0600] "GET /index.php?item/sweat2481890702?id=53604 HTTP/1.1" 301 - "-" "Mozilla/5.0 AppleWebKit/537.36 (KHTML, like Gecko; compatible; bingbot/2.0; +http://www.bing.com/bingbot.htm) Chrome/116.0.1938.76 Safari/537.36" aots.org.py 162.144.4.133
66.249.77.201 - - [29/Nov/2024:13:05:42 -0600] "GET /wp-crom.php?mobile/commoditys/gonzales2685697706?id=88814 HTTP/1.1" 404 7625 "-" "Mozilla/5.0 (Linux; Android 6.0.1; Nexus 5X Build/MMB29P) AppleWebKit/537.36 (KHTML, like Gecko) Chrome/131.0.6778.69 Mobile Safari/537.36 (compatible; Googlebot/2.1; +http://www.google.com/bot.html)" mail.aots.org.py 162.144.4.133
205.210.31.164 - - [29/Nov/2024:13:05:43 -0600] "GET / HTTP/1.1" 200 56916 "-" "-" www.aots.org.py 162.144.4.133
66.249.77.193 - - [29/Nov/2024:13:06:54 -0600] "GET /commoditys/pleasing2534216938?id=84900 HTTP/1.1" 404 7625 "-" "Mozilla/5.0 (Linux; Android 6.0.1; Nexus 5X Build/MMB29P) AppleWebKit/537.36 (KHTML, like Gecko) Chrome/131.0.6778.69 Mobile Safari/537.36 (compatible; Googlebot/2.1; +http://www.google.com/bot.html)" mail.aots.org.py 162.144.4.133
62.182.80.206 - - [29/Nov/2024:13:07:25 -0600] "POST /xmlrpc.php HTTP/1.1" 409 83 "-" "Mozilla/5.0 (Windows NT 10.0; Win64; x64; rv:78.0) Gecko/20100101 Firefox/78.0" aots.org.py 162.144.4.133
52.176.107.202 - - [29/Nov/2024:13:07:30 -0600] "POST /xmlrpc.php HTTP/1.1" 409 83 "-" "Mozilla/5.0 (Windows NT 10.0) AppleWebKit/537.36 (KHTML, like Gecko) Chrome/91.0.4472.114 Safari/537.36" aots.org.py 162.144.4.133
84.235.250.197 - - [29/Nov/2024:13:07:33 -0600] "POST /xmlrpc.php HTTP/1.1" 409 83 "-" "Mozilla/5.0 (Windows NT 6.1; Win64; x64; rv:57.0) Gecko/20100101 Firefox/57.0" aots.org.py 162.144.4.133
43.133.39.132 - - [29/Nov/2024:13:07:35 -0600] "POST /xmlrpc.php HTTP/1.1" 409 83 "-" "Mozilla/5.0 (Linux; Android 10; SM-A205U) AppleWebKit/537.36 (KHTML, like Gecko) Chrome/91.0.4472.114 Mobile Safari/537.36" aots.org.py 162.144.4.133
89.161.186.245 - - [29/Nov/2024:13:07:38 -0600] "POST /xmlrpc.php HTTP/1.1" 409 83 "-" "Mozilla/5.0 (Windows NT 6.1; Win64; x64; rv:61.0) Gecko/20100101 Firefox/61.0" aots.org.py 162.144.4.133
62.182.80.206 - - [29/Nov/2024:13:07:38 -0600] "POST /xmlrpc.php HTTP/1.1" 409 83 "-" "Mozilla/5.0 (Windows NT 10.0; Win64; x64) AppleWebKit/537.36 (KHTML, like Gecko) Chrome/90.0.4430.212 Safari/537.36" aots.org.py 162.144.4.133
62.182.80.206 - - [29/Nov/2024:13:07:40 -0600] "POST /xmlrpc.php HTTP/1.1" 409 83 "-" "Mozilla/5.0 (Windows NT 6.1; rv:17.0) Gecko/20100101 Firefox/20.6.14" aots.org.py 162.144.4.133
185.151.197.121 - - [29/Nov/2024:13:07:50 -0600] "POST /xmlrpc.php HTTP/1.1" 409 83 "-" "Mozilla/5.0 (Windows NT 10.0; Win64; x64; rv:66.0) Gecko/20100101 Firefox/66.0" aots.org.py 162.144.4.133
84.235.250.197 - - [29/Nov/2024:13:07:52 -0600] "POST /xmlrpc.php HTTP/1.1" 409 83 "-" "Mozilla/5.0 (Windows NT 10.0; Win64; x64) AppleWebKit/537.36 (KHTML, like Gecko) Chrome/85.0.4183.121 Safari/537.36" aots.org.py 162.144.4.133
62.182.80.206 - - [29/Nov/2024:13:07:56 -0600] "POST /xmlrpc.php HTTP/1.1" 409 83 "-" "Mozilla/5.0 (Windows NT 10.0; Win64; x64) AppleWebKit/537.36 (KHTML, like Gecko) Chrome/79.0.3945.130 Safari/537.36" aots.org.py 162.144.4.133
176.126.172.175 - - [29/Nov/2024:13:07:57 -0600] "POST /xmlrpc.php HTTP/1.1" 409 83 "-" "Mozilla/5.0 (Windows NT 10.0; Win64; x64) AppleWebKit/537.36 (KHTML, like Gecko) Chrome/91.0.4472.114 Safari/537.36" aots.org.py 162.144.4.133
213.171.211.93 - - [29/Nov/2024:13:07:59 -0600] "POST /xmlrpc.php HTTP/1.1" 409 83 "-" "Mozilla/5.0 (Windows NT 5.1; rv:7.0.1) Gecko/20100101 Firefox/7.0.1" aots.org.py 162.144.4.133
49.51.244.89 - - [29/Nov/2024:13:08:00 -0600] "POST /xmlrpc.php HTTP/1.1" 409 83 "-" "Mozilla/5.0 (Windows NT 10.0; Win64; x64) AppleWebKit/537.36 (KHTML, like Gecko) Chrome/80.0.3987.149 Safari/537.36" aots.org.py 162.144.4.133
5.61.48.93 - - [29/Nov/2024:13:08:03 -0600] "POST /xmlrpc.php HTTP/1.1" 409 83 "-" "Mozilla/5.0 (Windows NT 10.0; Win64; x64) AppleWebKit/537.36 (KHTML, like Gecko) Chrome/74.0.3729.131 Safari/537.36" aots.org.py 162.144.4.133
52.167.144.231 - - [29/Nov/2024:13:08:04 -0600] "GET /good/wy2524087099?id=35699 HTTP/1.1" 404 7606 "-" "Mozilla/5.0 AppleWebKit/537.36 (KHTML, like Gecko; compatible; bingbot/2.0; +http://www.bing.com/bingbot.htm) Chrome/116.0.1938.76 Safari/537.36" www.aots.org.py 162.144.4.133
66.249.77.193 - - [29/Nov/2024:13:08:28 -0600] "GET /wp-crom.php?commoditys/differential2685546912?id=34837 HTTP/1.1" 404 7625 "-" "Mozilla/5.0 (Linux; Android 6.0.1; Nexus 5X Build/MMB29P) AppleWebKit/537.36 (KHTML, like Gecko) Chrome/131.0.6778.69 Mobile Safari/537.36 (compatible; Googlebot/2.1; +http://www.google.com/bot.html)" mail.aots.org.py 162.144.4.133
40.77.167.75 - - [29/Nov/2024:13:09:11 -0600] "GET /?item%2Fwilly2523696236%3Fid=81364 HTTP/1.1" 200 16945 "-" "Mozilla/5.0 AppleWebKit/537.36 (KHTML, like Gecko; compatible; bingbot/2.0; +http://www.bing.com/bingbot.htm) Chrome/116.0.1938.76 Safari/537.36" www.aots.org.py 162.144.4.133
66.249.77.193 - - [29/Nov/2024:13:09:31 -0600] "GET /commoditys/char2502923730?id=18796 HTTP/1.1" 404 7625 "-" "Mozilla/5.0 (Linux; Android 6.0.1; Nexus 5X Build/MMB29P) AppleWebKit/537.36 (KHTML, like Gecko) Chrome/131.0.6778.69 Mobile Safari/537.36 (compatible; Googlebot/2.1; +http://www.google.com/bot.html)" mail.aots.org.py 162.144.4.133
52.167.144.187 - - [29/Nov/2024:13:09:38 -0600] "GET /?commoditys/mold246788987?id=44974 HTTP/1.1" 200 16941 "-" "Mozilla/5.0 AppleWebKit/537.36 (KHTML, like Gecko; compatible; bingbot/2.0; +http://www.bing.com/bingbot.htm) Chrome/116.0.1938.76 Safari/537.36" mail.aots.org.py 162.144.4.133
52.167.144.20 - - [29/Nov/2024:13:09:39 -0600] "GET /index.php?item/tossed246858507?id=92577 HTTP/1.1" 301 - "-" "Mozilla/5.0 AppleWebKit/537.36 (KHTML, like Gecko; compatible; bingbot/2.0; +http://www.bing.com/bingbot.htm) Chrome/116.0.1938.76 Safari/537.36" aots.org.py 162.144.4.133
52.167.144.172 - - [29/Nov/2024:13:09:56 -0600] "GET /index.php?item/lexington24428514?id=42571 HTTP/1.1" 301 - "-" "Mozilla/5.0 AppleWebKit/537.36 (KHTML, like Gecko; compatible; bingbot/2.0; +http://www.bing.com/bingbot.htm) Chrome/116.0.1938.76 Safari/537.36" aots.org.py 162.144.4.133
66.249.77.192 - - [29/Nov/2024:13:10:02 -0600] "GET /wp-crom.php?commoditys/mms3005772183?id=61203 HTTP/1.1" 404 7625 "-" "Mozilla/5.0 (Linux; Android 6.0.1; Nexus 5X Build/MMB29P) AppleWebKit/537.36 (KHTML, like Gecko) Chrome/131.0.6778.69 Mobile Safari/537.36 (compatible; Googlebot/2.1; +http://www.google.com/bot.html)" mail.aots.org.py 162.144.4.133
66.249.77.201 - - [29/Nov/2024:13:10:25 -0600] "GET /wp-crom.php?commoditys/walnut7284149457?id=47492 HTTP/1.1" 404 7625 "-" "Mozilla/5.0 (Linux; Android 6.0.1; Nexus 5X Build/MMB29P) AppleWebKit/537.36 (KHTML, like Gecko) Chrome/131.0.6778.69 Mobile Safari/537.36 (compatible; Googlebot/2.1; +http://www.google.com/bot.html)" mail.aots.org.py 162.144.4.133
66.249.77.201 - - [29/Nov/2024:13:11:36 -0600] "GET /wp-crom.php?commoditys/emule3047638529?id=93026 HTTP/1.1" 404 7625 "-" "Mozilla/5.0 (Linux; Android 6.0.1; Nexus 5X Build/MMB29P) AppleWebKit/537.36 (KHTML, like Gecko) Chrome/131.0.6778.69 Mobile Safari/537.36 (compatible; Googlebot/2.1; +http://www.google.com/bot.html)" mail.aots.org.py 162.144.4.133
40.77.167.159 - - [29/Nov/2024:13:12:20 -0600] "GET /index.php?item/telstra2492358760?id=93917 HTTP/1.1" 301 - "-" "Mozilla/5.0 AppleWebKit/537.36 (KHTML, like Gecko; compatible; bingbot/2.0; +http://www.bing.com/bingbot.htm) Chrome/116.0.1938.76 Safari/537.36" aots.org.py 162.144.4.133
52.167.144.161 - - [29/Nov/2024:13:12:44 -0600] "GET /?commoditys/poet2523768481?id=42593 HTTP/1.1" 200 16941 "-" "Mozilla/5.0 AppleWebKit/537.36 (KHTML, like Gecko; compatible; bingbot/2.0; +http://www.bing.com/bingbot.htm) Chrome/116.0.1938.76 Safari/537.36" mail.aots.org.py 162.144.4.133
66.249.77.201 - - [29/Nov/2024:13:13:02 -0600] "GET /wp-crom.php?mobile/commoditys/very7263460173?id=11038 HTTP/1.1" 404 7625 "-" "Mozilla/5.0 (Linux; Android 6.0.1; Nexus 5X Build/MMB29P) AppleWebKit/537.36 (KHTML, like Gecko) Chrome/131.0.6778.69 Mobile Safari/537.36 (compatible; Googlebot/2.1; +http://www.google.com/bot.html)" mail.aots.org.py 162.144.4.133
66.249.77.192 - - [29/Nov/2024:13:13:18 -0600] "GET /wp-crom.php?mobile/commoditys/esp7231570595?id=53053 HTTP/1.1" 404 7625 "-" "Mozilla/5.0 (Linux; Android 6.0.1; Nexus 5X Build/MMB29P) AppleWebKit/537.36 (KHTML, like Gecko) Chrome/131.0.6778.69 Mobile Safari/537.36 (compatible; Googlebot/2.1; +http://www.google.com/bot.html)" mail.aots.org.py 162.144.4.133
66.249.77.201 - - [29/Nov/2024:13:13:41 -0600] "GET /wp-crom.php?commoditys/jersey7294741687?id=18672 HTTP/1.1" 404 7625 "-" "Mozilla/5.0 (Linux; Android 6.0.1; Nexus 5X Build/MMB29P) AppleWebKit/537.36 (KHTML, like Gecko) Chrome/131.0.6778.69 Mobile Safari/537.36 (compatible; Googlebot/2.1; +http://www.google.com/bot.html)" mail.aots.org.py 162.144.4.133
66.249.77.192 - - [29/Nov/2024:13:14:13 -0600] "GET /commoditys/miserable24437101?id=85506 HTTP/1.1" 404 7625 "-" "Mozilla/5.0 (Linux; Android 6.0.1; Nexus 5X Build/MMB29P) AppleWebKit/537.36 (KHTML, like Gecko) Chrome/131.0.6778.69 Mobile Safari/537.36 (compatible; Googlebot/2.1; +http://www.google.com/bot.html)" mail.aots.org.py 162.144.4.133
162.144.4.133 - - [29/Nov/2024:13:15:01 -0600] "POST /wp-cron.php?doing_wp_cron=1732907701.1995298862457275390625 HTTP/1.1" 200 - "-" "WordPress/6.7.1; http://www.aots.org.py" www.aots.org.py 162.144.4.133
40.77.167.75 - - [29/Nov/2024:13:15:01 -0600] "GET /good/marietta2502656832?id=84292 HTTP/1.1" 404 7606 "-" "Mozilla/5.0 AppleWebKit/537.36 (KHTML, like Gecko; compatible; bingbot/2.0; +http://www.bing.com/bingbot.htm) Chrome/116.0.1938.76 Safari/537.36" www.aots.org.py 162.144.4.133
40.77.167.74 - - [29/Nov/2024:13:15:07 -0600] "GET /index.php?item/hit2492481550?id=17874 HTTP/1.1" 301 - "-" "Mozilla/5.0 AppleWebKit/537.36 (KHTML, like Gecko; compatible; bingbot/2.0; +http://www.bing.com/bingbot.htm) Chrome/116.0.1938.76 Safari/537.36" aots.org.py 162.144.4.133
40.77.167.255 - - [29/Nov/2024:13:15:29 -0600] "GET /index.php?item/practitioners2534466938?id=34913 HTTP/1.1" 301 - "-" "Mozilla/5.0 AppleWebKit/537.36 (KHTML, like Gecko; compatible; bingbot/2.0; +http://www.bing.com/bingbot.htm) Chrome/116.0.1938.76 Safari/537.36" aots.org.py 162.144.4.133
66.249.77.201 - - [29/Nov/2024:13:16:42 -0600] "GET /wp-crom.php?mobile/commoditys/informed3016682118?id=10924 HTTP/1.1" 404 7625 "-" "Mozilla/5.0 (Linux; Android 6.0.1; Nexus 5X Build/MMB29P) AppleWebKit/537.36 (KHTML, like Gecko) Chrome/131.0.6778.69 Mobile Safari/537.36 (compatible; GoogleOther)" mail.aots.org.py 162.144.4.133
40.77.167.74 - - [29/Nov/2024:13:17:35 -0600] "GET /index.php?item/tone2481904081?id=20500 HTTP/1.1" 301 - "-" "Mozilla/5.0 AppleWebKit/537.36 (KHTML, like Gecko; compatible; bingbot/2.0; +http://www.bing.com/bingbot.htm) Chrome/116.0.1938.76 Safari/537.36" aots.org.py 162.144.4.133
66.249.77.201 - - [29/Nov/2024:13:18:34 -0600] "GET /commoditys/grazing2471355379?id=76962 HTTP/1.1" 404 7625 "-" "Mozilla/5.0 (Linux; Android 6.0.1; Nexus 5X Build/MMB29P) AppleWebKit/537.36 (KHTML, like Gecko) Chrome/131.0.6778.69 Mobile Safari/537.36 (compatible; GoogleOther)" mail.aots.org.py 162.144.4.133
66.249.77.201 - - [29/Nov/2024:13:18:55 -0600] "GET /wp-crom.php?commoditys/tested3006163396?id=17288 HTTP/1.1" 404 7625 "-" "Mozilla/5.0 (Linux; Android 6.0.1; Nexus 5X Build/MMB29P) AppleWebKit/537.36 (KHTML, like Gecko) Chrome/131.0.6778.69 Mobile Safari/537.36 (compatible; Googlebot/2.1; +http://www.google.com/bot.html)" mail.aots.org.py 162.144.4.133
40.77.167.116 - - [29/Nov/2024:13:20:13 -0600] "GET /?item%2Fperiodic2471527934%3Fid=39746 HTTP/1.1" 200 16947 "-" "Mozilla/5.0 AppleWebKit/537.36 (KHTML, like Gecko; compatible; bingbot/2.0; +http://www.bing.com/bingbot.htm) Chrome/116.0.1938.76 Safari/537.36" www.aots.org.py 162.144.4.133
40.77.167.24 - - [29/Nov/2024:13:20:50 -0600] "GET /?item%2Fexposures2471473748%3Fid=68813 HTTP/1.1" 200 16909 "-" "Mozilla/5.0 AppleWebKit/537.36 (KHTML, like Gecko; compatible; bingbot/2.0; +http://www.bing.com/bingbot.htm) Chrome/116.0.1938.76 Safari/537.36" www.aots.org.py 162.144.4.133
40.77.167.24 - - [29/Nov/2024:13:20:52 -0600] "GET /?item%2Fnairobi2471477500%3Fid=87573 HTTP/1.1" 200 16954 "-" "Mozilla/5.0 AppleWebKit/537.36 (KHTML, like Gecko; compatible; bingbot/2.0; +http://www.bing.com/bingbot.htm) Chrome/116.0.1938.76 Safari/537.36" www.aots.org.py 162.144.4.133
66.249.77.193 - - [29/Nov/2024:13:21:08 -0600] "GET /wp-crom.php?mobile/commoditys/productivity3048044216?id=21482 HTTP/1.1" 404 7625 "-" "Mozilla/5.0 (Linux; Android 6.0.1; Nexus 5X Build/MMB29P) AppleWebKit/537.36 (KHTML, like Gecko) Chrome/131.0.6778.69 Mobile Safari/537.36 (compatible; Googlebot/2.1; +http://www.google.com/bot.html)" mail.aots.org.py 162.144.4.133
40.77.167.116 - - [29/Nov/2024:13:21:32 -0600] "GET /spiaintb940326 HTTP/1.1" 301 - "-" "Mozilla/5.0 AppleWebKit/537.36 (KHTML, like Gecko; compatible; bingbot/2.0; +http://www.bing.com/bingbot.htm) Chrome/116.0.1938.76 Safari/537.36" aots.org.py 162.144.4.133
66.249.77.192 - - [29/Nov/2024:13:22:58 -0600] "GET /wp-crom.php?commoditys/wildcats3016675314?id=76903 HTTP/1.1" 404 7625 "-" "Mozilla/5.0 (Linux; Android 6.0.1; Nexus 5X Build/MMB29P) AppleWebKit/537.36 (KHTML, like Gecko) Chrome/131.0.6778.69 Mobile Safari/537.36 (compatible; Googlebot/2.1; +http://www.google.com/bot.html)" mail.aots.org.py 162.144.4.133
66.249.77.201 - - [29/Nov/2024:13:23:21 -0600] "GET /wp-crom.php?mobile/commoditys/queensland7231726409?id=32131 HTTP/1.1" 404 7625 "-" "Mozilla/5.0 (Linux; Android 6.0.1; Nexus 5X Build/MMB29P) AppleWebKit/537.36 (KHTML, like Gecko) Chrome/131.0.6778.69 Mobile Safari/537.36 (compatible; Googlebot/2.1; +http://www.google.com/bot.html)" mail.aots.org.py 162.144.4.133
40.77.167.24 - - [29/Nov/2024:13:25:02 -0600] "GET /?item%2Finc2503041237%3Fid=16337 HTTP/1.1" 200 16931 "-" "Mozilla/5.0 AppleWebKit/537.36 (KHTML, like Gecko; compatible; bingbot/2.0; +http://www.bing.com/bingbot.htm) Chrome/116.0.1938.76 Safari/537.36" www.aots.org.py 162.144.4.133
162.144.4.133 - - [29/Nov/2024:13:25:03 -0600] "POST /wp-cron.php?doing_wp_cron=1732908303.7909250259399414062500 HTTP/1.1" 200 - "-" "WordPress/6.7.1; http://www.aots.org.py" www.aots.org.py 162.144.4.133
52.167.144.194 - - [29/Nov/2024:13:25:04 -0600] "GET /index.php?item/jeep2534446956?id=35002 HTTP/1.1" 301 - "-" "Mozilla/5.0 AppleWebKit/537.36 (KHTML, like Gecko; compatible; bingbot/2.0; +http://www.bing.com/bingbot.htm) Chrome/116.0.1938.76 Safari/537.36" aots.org.py 162.144.4.133
66.249.77.201 - - [29/Nov/2024:13:25:21 -0600] "GET /wp-crom.php?mobile/commoditys/uniformly7231759128?id=95727 HTTP/1.1" 404 7625 "-" "Mozilla/5.0 (Linux; Android 6.0.1; Nexus 5X Build/MMB29P) AppleWebKit/537.36 (KHTML, like Gecko) Chrome/131.0.6778.69 Mobile Safari/537.36 (compatible; Googlebot/2.1; +http://www.google.com/bot.html)" mail.aots.org.py 162.144.4.133
66.249.77.192 - - [29/Nov/2024:13:25:37 -0600] "GET /wp-crom.php?mobile/commoditys/differential2685546912?id=34837 HTTP/1.1" 404 7625 "-" "Mozilla/5.0 (Linux; Android 6.0.1; Nexus 5X Build/MMB29P) AppleWebKit/537.36 (KHTML, like Gecko) Chrome/131.0.6778.69 Mobile Safari/537.36 (compatible; Googlebot/2.1; +http://www.google.com/bot.html)" mail.aots.org.py 162.144.4.133
66.249.72.103 - - [29/Nov/2024:13:25:46 -0600] "GET /item/woke2513134924?id=74776 HTTP/1.1" 301 - "-" "Mozilla/5.0 (Linux; Android 6.0.1; Nexus 5X Build/MMB29P) AppleWebKit/537.36 (KHTML, like Gecko) Chrome/131.0.6778.69 Mobile Safari/537.36 (compatible; Googlebot/2.1; +http://www.google.com/bot.html)" aots.org.py 162.144.4.133
66.249.72.164 - - [29/Nov/2024:13:25:47 -0600] "GET /item/woke2513134924?id=74776 HTTP/1.1" 404 7606 "-" "Mozilla/5.0 (Linux; Android 6.0.1; Nexus 5X Build/MMB29P) AppleWebKit/537.36 (KHTML, like Gecko) Chrome/131.0.6778.69 Mobile Safari/537.36 (compatible; Googlebot/2.1; +http://www.google.com/bot.html)" www.aots.org.py 162.144.4.133
40.77.167.20 - - [29/Nov/2024:13:25:58 -0600] "GET /good/visor2471518393?id=92040 HTTP/1.1" 404 7606 "-" "Mozilla/5.0 AppleWebKit/537.36 (KHTML, like Gecko; compatible; bingbot/2.0; +http://www.bing.com/bingbot.htm) Chrome/116.0.1938.76 Safari/537.36" www.aots.org.py 162.144.4.133
66.249.77.201 - - [29/Nov/2024:13:26:45 -0600] "GET /commoditys/tackle245328505?id=42541 HTTP/1.1" 404 7625 "-" "Mozilla/5.0 (Linux; Android 6.0.1; Nexus 5X Build/MMB29P) AppleWebKit/537.36 (KHTML, like Gecko) Chrome/131.0.6778.69 Mobile Safari/537.36 (compatible; Googlebot/2.1; +http://www.google.com/bot.html)" mail.aots.org.py 162.144.4.133
52.167.144.204 - - [29/Nov/2024:13:27:12 -0600] "GET /?item%2Freel2471568267%3Fid=41413 HTTP/1.1" 200 16950 "-" "Mozilla/5.0 AppleWebKit/537.36 (KHTML, like Gecko; compatible; bingbot/2.0; +http://www.bing.com/bingbot.htm) Chrome/116.0.1938.76 Safari/537.36" www.aots.org.py 162.144.4.133
66.249.77.192 - - [29/Nov/2024:13:27:14 -0600] "GET /commoditys/counselling2471611313?id=56645 HTTP/1.1" 404 7625 "-" "Mozilla/5.0 (Linux; Android 6.0.1; Nexus 5X Build/MMB29P) AppleWebKit/537.36 (KHTML, like Gecko) Chrome/131.0.6778.69 Mobile Safari/537.36 (compatible; Googlebot/2.1; +http://www.google.com/bot.html)" mail.aots.org.py 162.144.4.133
181.120.40.129 - - [29/Nov/2024:13:27:29 -0600] "GET //wp-admin/admin-ajax.php?action=sso-check&nonce=b9d9b93bb06d4a5e577cfe5bc46c97d9f3412115e1acea77ea078c98770d6282&salt=424b66d3440cd190a67fa80dda468b6eb6849af544b8da2a2df79dbc5f00c532 HTTP/1.1" 302 - "-" "Mozilla/5.0 (Windows NT 10.0; Win64; x64) AppleWebKit/537.36 (KHTML, like Gecko) Chrome/131.0.0.0 Safari/537.36" www.aots.org.py 162.144.4.133
181.120.40.129 - - [29/Nov/2024:13:27:31 -0600] "GET /wp-login.php HTTP/1.1" 200 3779 "-" "Mozilla/5.0 (Windows NT 10.0; Win64; x64) AppleWebKit/537.36 (KHTML, like Gecko) Chrome/131.0.0.0 Safari/537.36" www.aots.org.py 162.144.4.133
181.120.40.129 - - [29/Nov/2024:13:27:41 -0600] "GET /wp-includes/js/dist/i18n.min.js?ver=5e580eb46a90c2b997e6 HTTP/1.1" 200 3937 "http://www.aots.org.py/wp-login.php" "Mozilla/5.0 (Windows NT 10.0; Win64; x64) AppleWebKit/537.36 (KHTML, like Gecko) Chrome/131.0.0.0 Safari/537.36" www.aots.org.py 162.144.4.133
181.120.40.129 - - [29/Nov/2024:13:27:41 -0600] "GET /wp-admin/js/password-strength-meter.min.js?ver=6.7.1 HTTP/1.1" 200 626 "http://www.aots.org.py/wp-login.php" "Mozilla/5.0 (Windows NT 10.0; Win64; x64) AppleWebKit/537.36 (KHTML, like Gecko) Chrome/131.0.0.0 Safari/537.36" www.aots.org.py 162.144.4.133
181.120.40.129 - - [29/Nov/2024:13:27:41 -0600] "GET /wp-includes/js/underscore.min.js?ver=1.13.7 HTTP/1.1" 200 8337 "http://www.aots.org.py/wp-login.php" "Mozilla/5.0 (Windows NT 10.0; Win64; x64) AppleWebKit/537.36 (KHTML, like Gecko) Chrome/131.0.0.0 Safari/537.36" www.aots.org.py 162.144.4.133
181.120.40.129 - - [29/Nov/2024:13:27:41 -0600] "GET /wp-includes/js/wp-util.min.js?ver=6.7.1 HTTP/1.1" 200 758 "http://www.aots.org.py/wp-login.php" "Mozilla/5.0 (Windows NT 10.0; Win64; x64) AppleWebKit/537.36 (KHTML, like Gecko) Chrome/131.0.0.0 Safari/537.36" www.aots.org.py 162.144.4.133
181.120.40.129 - - [29/Nov/2024:13:27:42 -0600] "GET /wp-includes/js/dist/dom-ready.min.js?ver=f77871ff7694fffea381 HTTP/1.1" 200 320 "http://www.aots.org.py/wp-login.php" "Mozilla/5.0 (Windows NT 10.0; Win64; x64) AppleWebKit/537.36 (KHTML, like Gecko) Chrome/131.0.0.0 Safari/537.36" www.aots.org.py 162.144.4.133
181.120.40.129 - - [29/Nov/2024:13:27:42 -0600] "GET /wp-includes/js/dist/a11y.min.js?ver=3156534cc54473497e14 HTTP/1.1" 200 1092 "http://www.aots.org.py/wp-login.php" "Mozilla/5.0 (Windows NT 10.0; Win64; x64) AppleWebKit/537.36 (KHTML, like Gecko) Chrome/131.0.0.0 Safari/537.36" www.aots.org.py 162.144.4.133
181.120.40.129 - - [29/Nov/2024:13:27:42 -0600] "GET /wp-admin/js/user-profile.min.js?ver=6.7.1 HTTP/1.1" 200 2906 "http://www.aots.org.py/wp-login.php" "Mozilla/5.0 (Windows NT 10.0; Win64; x64) AppleWebKit/537.36 (KHTML, like Gecko) Chrome/131.0.0.0 Safari/537.36" www.aots.org.py 162.144.4.133
181.120.40.129 - - [29/Nov/2024:13:27:41 -0600] "GET /wp-admin/load-styles.php?c=0&dir=ltr&load%5Bchunk_0%5D=dashicons,buttons,forms,l10n,login&ver=6.7.1 HTTP/1.1" 200 50295 "http://www.aots.org.py/wp-login.php" "Mozilla/5.0 (Windows NT 10.0; Win64; x64) AppleWebKit/537.36 (KHTML, like Gecko) Chrome/131.0.0.0 Safari/537.36" www.aots.org.py 162.144.4.133
181.120.40.129 - - [29/Nov/2024:13:27:41 -0600] "GET /wp-admin/load-scripts.php?c=0&load%5Bchunk_0%5D=clipboard,jquery-core,jquery-migrate,zxcvbn-async,wp-hooks&ver=6.7.1 HTTP/1.1" 200 49005 "http://www.aots.org.py/wp-login.php" "Mozilla/5.0 (Windows NT 10.0; Win64; x64) AppleWebKit/537.36 (KHTML, like Gecko) Chrome/131.0.0.0 Safari/537.36" www.aots.org.py 162.144.4.133
181.120.40.129 - - [29/Nov/2024:13:27:53 -0600] "GET /wp-admin/images/wordpress-logo.svg?ver=20131107 HTTP/1.1" 200 1521 "http://www.aots.org.py/wp-admin/load-styles.php?c=0&dir=ltr&load%5Bchunk_0%5D=dashicons,buttons,forms,l10n,login&ver=6.7.1" "Mozilla/5.0 (Windows NT 10.0; Win64; x64) AppleWebKit/537.36 (KHTML, like Gecko) Chrome/131.0.0.0 Safari/537.36" www.aots.org.py 162.144.4.133
181.120.40.129 - - [29/Nov/2024:13:27:53 -0600] "GET /wp-includes/js/zxcvbn.min.js HTTP/1.1" 200 437142 "http://www.aots.org.py/wp-login.php" "Mozilla/5.0 (Windows NT 10.0; Win64; x64) AppleWebKit/537.36 (KHTML, like Gecko) Chrome/131.0.0.0 Safari/537.36" www.aots.org.py 162.144.4.133
181.120.40.129 - - [29/Nov/2024:13:27:53 -0600] "GET /favicon.ico HTTP/1.1" 302 - "http://www.aots.org.py/wp-login.php" "Mozilla/5.0 (Windows NT 10.0; Win64; x64) AppleWebKit/537.36 (KHTML, like Gecko) Chrome/131.0.0.0 Safari/537.36" www.aots.org.py 162.144.4.133
181.120.40.129 - - [29/Nov/2024:13:27:56 -0600] "GET /wp-includes/images/w-logo-blue-white-bg.png HTTP/1.1" 200 4119 "http://www.aots.org.py/wp-login.php" "Mozilla/5.0 (Windows NT 10.0; Win64; x64) AppleWebKit/537.36 (KHTML, like Gecko) Chrome/131.0.0.0 Safari/537.36" www.aots.org.py 162.144.4.133
66.249.77.193 - - [29/Nov/2024:13:28:01 -0600] "GET /wp-crom.php?commoditys/usb3089641586?id=18412 HTTP/1.1" 404 7625 "-" "Mozilla/5.0 (Linux; Android 6.0.1; Nexus 5X Build/MMB29P) AppleWebKit/537.36 (KHTML, like Gecko) Chrome/131.0.6778.69 Mobile Safari/537.36 (compatible; Googlebot/2.1; +http://www.google.com/bot.html)" mail.aots.org.py 162.144.4.133
66.249.77.192 - - [29/Nov/2024:13:28:23 -0600] "GET /commoditys/restricted2482004793?id=24065 HTTP/1.1" 404 7625 "-" "Mozilla/5.0 (Linux; Android 6.0.1; Nexus 5X Build/MMB29P) AppleWebKit/537.36 (KHTML, like Gecko) Chrome/131.0.6778.69 Mobile Safari/537.36 (compatible; Googlebot/2.1; +http://www.google.com/bot.html)" mail.aots.org.py 162.144.4.133
181.120.40.129 - - [29/Nov/2024:13:28:36 -0600] "POST /wp-login.php HTTP/1.1" 200 3948 "http://www.aots.org.py/wp-login.php" "Mozilla/5.0 (Windows NT 10.0; Win64; x64) AppleWebKit/537.36 (KHTML, like Gecko) Chrome/131.0.0.0 Safari/537.36" www.aots.org.py 162.144.4.133
181.120.40.129 - - [29/Nov/2024:13:29:11 -0600] "GET //wp-admin/admin-ajax.php?action=sso-check&nonce=3ee0f5067658b0424d038e91fe3d3e2881f03019cb84340aab29b3a30aa94106&salt=b245078644742d7e9205a7bae8e703a05b3ffb617b87b8bdf13d189e2ca0cf04 HTTP/1.1" 302 - "-" "Mozilla/5.0 (Windows NT 10.0; Win64; x64) AppleWebKit/537.36 (KHTML, like Gecko) Chrome/131.0.0.0 Safari/537.36" www.aots.org.py 162.144.4.133
181.120.40.129 - - [29/Nov/2024:13:29:14 -0600] "GET /wp-admin/ HTTP/1.1" 200 37979 "-" "Mozilla/5.0 (Windows NT 10.0; Win64; x64) AppleWebKit/537.36 (KHTML, like Gecko) Chrome/131.0.0.0 Safari/537.36" www.aots.org.py 162.144.4.133
181.120.40.129 - - [29/Nov/2024:13:29:15 -0600] "GET /wp-includes/js/thickbox/thickbox.css?ver=6.7.1 HTTP/1.1" 200 1044 "http://www.aots.org.py/wp-admin/" "Mozilla/5.0 (Windows NT 10.0; Win64; x64) AppleWebKit/537.36 (KHTML, like Gecko) Chrome/131.0.0.0 Safari/537.36" www.aots.org.py 162.144.4.133
181.120.40.129 - - [29/Nov/2024:13:29:15 -0600] "GET /wp-content/plugins/akismet/_inc/fonts/inter.css?ver=5.3.5 HTTP/1.1" 200 277 "http://www.aots.org.py/wp-admin/" "Mozilla/5.0 (Windows NT 10.0; Win64; x64) AppleWebKit/537.36 (KHTML, like Gecko) Chrome/131.0.0.0 Safari/537.36" www.aots.org.py 162.144.4.133
181.120.40.129 - - [29/Nov/2024:13:29:15 -0600] "GET /wp-content/plugins/akismet/_inc/akismet.css?ver=5.3.5 HTTP/1.1" 200 3191 "http://www.aots.org.py/wp-admin/" "Mozilla/5.0 (Windows NT 10.0; Win64; x64) AppleWebKit/537.36 (KHTML, like Gecko) Chrome/131.0.0.0 Safari/537.36" www.aots.org.py 162.144.4.133
181.120.40.129 - - [29/Nov/2024:13:29:15 -0600] "GET /wp-content/plugins/akismet/_inc/akismet-admin.css?ver=5.3.5 HTTP/1.1" 200 3032 "http://www.aots.org.py/wp-admin/" "Mozilla/5.0 (Windows NT 10.0; Win64; x64) AppleWebKit/537.36 (KHTML, like Gecko) Chrome/131.0.0.0 Safari/537.36" www.aots.org.py 162.144.4.133
181.120.40.129 - - [29/Nov/2024:13:29:16 -0600] "GET /wp-content/plugins/gotmls/images/GOTMLS-16x16.gif HTTP/1.1" 200 260 "http://www.aots.org.py/wp-admin/" "Mozilla/5.0 (Windows NT 10.0; Win64; x64) AppleWebKit/537.36 (KHTML, like Gecko) Chrome/131.0.0.0 Safari/537.36" www.aots.org.py 162.144.4.133
181.120.40.129 - - [29/Nov/2024:13:29:16 -0600] "GET /wp-content/themes/Revoke/admin_panel/img/favicon.ico HTTP/1.1" 200 1150 "http://www.aots.org.py/wp-admin/" "Mozilla/5.0 (Windows NT 10.0; Win64; x64) AppleWebKit/537.36 (KHTML, like Gecko) Chrome/131.0.0.0 Safari/537.36" www.aots.org.py 162.144.4.133
181.120.40.129 - - [29/Nov/2024:13:29:16 -0600] "GET /wp-content/plugins/akismet/_inc/akismet-admin.js?ver=5.3.5 HTTP/1.1" 200 196 "http://www.aots.org.py/wp-admin/" "Mozilla/5.0 (Windows NT 10.0; Win64; x64) AppleWebKit/537.36 (KHTML, like Gecko) Chrome/131.0.0.0 Safari/537.36" www.aots.org.py 162.144.4.133
181.120.40.129 - - [29/Nov/2024:13:29:16 -0600] "GET /wp-content/plugins/akismet/_inc/akismet.js?ver=5.3.5 HTTP/1.1" 200 5178 "http://www.aots.org.py/wp-admin/" "Mozilla/5.0 (Windows NT 10.0; Win64; x64) AppleWebKit/537.36 (KHTML, like Gecko) Chrome/131.0.0.0 Safari/537.36" www.aots.org.py 162.144.4.133
181.120.40.129 - - [29/Nov/2024:13:29:16 -0600] "GET /wp-includes/css/editor.min.css?ver=6.7.1 HTTP/1.1" 200 8417 "http://www.aots.org.py/wp-admin/" "Mozilla/5.0 (Windows NT 10.0; Win64; x64) AppleWebKit/537.36 (KHTML, like Gecko) Chrome/131.0.0.0 Safari/537.36" www.aots.org.py 162.144.4.133
181.120.40.129 - - [29/Nov/2024:13:29:16 -0600] "GET /wp-admin/js/common.min.js?ver=6.7.1 HTTP/1.1" 200 9193 "http://www.aots.org.py/wp-admin/" "Mozilla/5.0 (Windows NT 10.0; Win64; x64) AppleWebKit/537.36 (KHTML, like Gecko) Chrome/131.0.0.0 Safari/537.36" www.aots.org.py 162.144.4.133
181.120.40.129 - - [29/Nov/2024:13:29:15 -0600] "GET /wp-admin/load-scripts.php?c=0&load%5Bchunk_0%5D=jquery-core,jquery-migrate,utils&ver=6.7.1 HTTP/1.1" 200 44427 "http://www.aots.org.py/wp-admin/" "Mozilla/5.0 (Windows NT 10.0; Win64; x64) AppleWebKit/537.36 (KHTML, like Gecko) Chrome/131.0.0.0 Safari/537.36" www.aots.org.py 162.144.4.133
181.120.40.129 - - [29/Nov/2024:13:29:16 -0600] "GET /wp-includes/js/hoverintent-js.min.js?ver=2.2.1 HTTP/1.1" 200 718 "http://www.aots.org.py/wp-admin/" "Mozilla/5.0 (Windows NT 10.0; Win64; x64) AppleWebKit/537.36 (KHTML, like Gecko) Chrome/131.0.0.0 Safari/537.36" www.aots.org.py 162.144.4.133
181.120.40.129 - - [29/Nov/2024:13:29:15 -0600] "GET /wp-admin/load-styles.php?c=0&dir=ltr&load%5Bchunk_0%5D=dashicons,admin-bar,site-health,common,forms,admin-menu,dashboard,list-tables,edit,revisions,media,themes,about,nav-menus,wp-poi&load%5Bchunk_1%5D=nter,widgets,site-icon,l10n,buttons,wp-auth-check&ver=6.7.1 HTTP/1.1" 200 141805 "http://www.aots.org.py/wp-admin/" "Mozilla/5.0 (Windows NT 10.0; Win64; x64) AppleWebKit/537.36 (KHTML, like Gecko) Chrome/131.0.0.0 Safari/537.36" www.aots.org.py 162.144.4.133
181.120.40.129 - - [29/Nov/2024:13:29:16 -0600] "GET /wp-includes/js/admin-bar.min.js?ver=6.7.1 HTTP/1.1" 200 1407 "http://www.aots.org.py/wp-admin/" "Mozilla/5.0 (Windows NT 10.0; Win64; x64) AppleWebKit/537.36 (KHTML, like Gecko) Chrome/131.0.0.0 Safari/537.36" www.aots.org.py 162.144.4.133
181.120.40.129 - - [29/Nov/2024:13:29:16 -0600] "GET /wp-admin/load-scripts.php?c=0&load%5Bchunk_0%5D=hoverIntent,wp-dom-ready,wp-hooks&ver=6.7.1 HTTP/1.1" 200 2521 "http://www.aots.org.py/wp-admin/" "Mozilla/5.0 (Windows NT 10.0; Win64; x64) AppleWebKit/537.36 (KHTML, like Gecko) Chrome/131.0.0.0 Safari/537.36" www.aots.org.py 162.144.4.133
181.120.40.129 - - [29/Nov/2024:13:29:17 -0600] "GET /wp-includes/js/clipboard.min.js?ver=2.0.11 HTTP/1.1" 200 3611 "http://www.aots.org.py/wp-admin/" "Mozilla/5.0 (Windows NT 10.0; Win64; x64) AppleWebKit/537.36 (KHTML, like Gecko) Chrome/131.0.0.0 Safari/537.36" www.aots.org.py 162.144.4.133
181.120.40.129 - - [29/Nov/2024:13:29:17 -0600] "GET /wp-includes/js/api-request.min.js?ver=6.7.1 HTTP/1.1" 200 597 "http://www.aots.org.py/wp-admin/" "Mozilla/5.0 (Windows NT 10.0; Win64; x64) AppleWebKit/537.36 (KHTML, like Gecko) Chrome/131.0.0.0 Safari/537.36" www.aots.org.py 162.144.4.133
181.120.40.129 - - [29/Nov/2024:13:29:17 -0600] "GET /wp-includes/js/dist/vendor/wp-polyfill.min.js?ver=3.15.0 HTTP/1.1" 200 16173 "http://www.aots.org.py/wp-admin/" "Mozilla/5.0 (Windows NT 10.0; Win64; x64) AppleWebKit/537.36 (KHTML, like Gecko) Chrome/131.0.0.0 Safari/537.36" www.aots.org.py 162.144.4.133
181.120.40.129 - - [29/Nov/2024:13:29:17 -0600] "GET /wp-includes/js/dist/url.min.js?ver=e87eb76272a3a08402d2 HTTP/1.1" 200 4009 "http://www.aots.org.py/wp-admin/" "Mozilla/5.0 (Windows NT 10.0; Win64; x64) AppleWebKit/537.36 (KHTML, like Gecko) Chrome/131.0.0.0 Safari/537.36" www.aots.org.py 162.144.4.133
181.120.40.129 - - [29/Nov/2024:13:29:17 -0600] "GET /wp-admin/js/site-health.min.js?ver=6.7.1 HTTP/1.1" 200 2464 "http://www.aots.org.py/wp-admin/" "Mozilla/5.0 (Windows NT 10.0; Win64; x64) AppleWebKit/537.36 (KHTML, like Gecko) Chrome/131.0.0.0 Safari/537.36" www.aots.org.py 162.144.4.133
181.120.40.129 - - [29/Nov/2024:13:29:17 -0600] "GET /wp-includes/js/jquery/jquery.color.min.js?ver=3.0.0 HTTP/1.1" 200 2833 "http://www.aots.org.py/wp-admin/" "Mozilla/5.0 (Windows NT 10.0; Win64; x64) AppleWebKit/537.36 (KHTML, like Gecko) Chrome/131.0.0.0 Safari/537.36" www.aots.org.py 162.144.4.133
181.120.40.129 - - [29/Nov/2024:13:29:17 -0600] "GET /wp-includes/js/wp-ajax-response.min.js?ver=6.7.1 HTTP/1.1" 200 1116 "http://www.aots.org.py/wp-admin/" "Mozilla/5.0 (Windows NT 10.0; Win64; x64) AppleWebKit/537.36 (KHTML, like Gecko) Chrome/131.0.0.0 Safari/537.36" www.aots.org.py 162.144.4.133
181.120.40.129 - - [29/Nov/2024:13:29:17 -0600] "GET /wp-includes/js/jquery/jquery.query.js?ver=2.2.3 HTTP/1.1" 200 1721 "http://www.aots.org.py/wp-admin/" "Mozilla/5.0 (Windows NT 10.0; Win64; x64) AppleWebKit/537.36 (KHTML, like Gecko) Chrome/131.0.0.0 Safari/537.36" www.aots.org.py 162.144.4.133
181.120.40.129 - - [29/Nov/2024:13:29:17 -0600] "GET /wp-includes/js/wp-lists.min.js?ver=6.7.1 HTTP/1.1" 200 3183 "http://www.aots.org.py/wp-admin/" "Mozilla/5.0 (Windows NT 10.0; Win64; x64) AppleWebKit/537.36 (KHTML, like Gecko) Chrome/131.0.0.0 Safari/537.36" www.aots.org.py 162.144.4.133
181.120.40.129 - - [29/Nov/2024:13:29:17 -0600] "GET /wp-includes/js/quicktags.min.js?ver=6.7.1 HTTP/1.1" 200 3994 "http://www.aots.org.py/wp-admin/" "Mozilla/5.0 (Windows NT 10.0; Win64; x64) AppleWebKit/537.36 (KHTML, like Gecko) Chrome/131.0.0.0 Safari/537.36" www.aots.org.py 162.144.4.133
181.120.40.129 - - [29/Nov/2024:13:29:17 -0600] "GET /wp-admin/js/edit-comments.min.js?ver=6.7.1 HTTP/1.1" 200 6340 "http://www.aots.org.py/wp-admin/" "Mozilla/5.0 (Windows NT 10.0; Win64; x64) AppleWebKit/537.36 (KHTML, like Gecko) Chrome/131.0.0.0 Safari/537.36" www.aots.org.py 162.144.4.133
181.120.40.129 - - [29/Nov/2024:13:29:17 -0600] "GET /wp-includes/js/jquery/ui/core.min.js?ver=1.13.3 HTTP/1.1" 200 8375 "http://www.aots.org.py/wp-admin/" "Mozilla/5.0 (Windows NT 10.0; Win64; x64) AppleWebKit/537.36 (KHTML, like Gecko) Chrome/131.0.0.0 Safari/537.36" www.aots.org.py 162.144.4.133
181.120.40.129 - - [29/Nov/2024:13:29:17 -0600] "GET /wp-includes/js/jquery/ui/mouse.min.js?ver=1.13.3 HTTP/1.1" 200 1242 "http://www.aots.org.py/wp-admin/" "Mozilla/5.0 (Windows NT 10.0; Win64; x64) AppleWebKit/537.36 (KHTML, like Gecko) Chrome/131.0.0.0 Safari/537.36" www.aots.org.py 162.144.4.133
181.120.40.129 - - [29/Nov/2024:13:29:17 -0600] "GET /wp-includes/js/jquery/ui/sortable.min.js?ver=1.13.3 HTTP/1.1" 200 8513 "http://www.aots.org.py/wp-admin/" "Mozilla/5.0 (Windows NT 10.0; Win64; x64) AppleWebKit/537.36 (KHTML, like Gecko) Chrome/131.0.0.0 Safari/537.36" www.aots.org.py 162.144.4.133
181.120.40.129 - - [29/Nov/2024:13:29:17 -0600] "GET /wp-admin/js/postbox.min.js?ver=6.7.1 HTTP/1.1" 200 2596 "http://www.aots.org.py/wp-admin/" "Mozilla/5.0 (Windows NT 10.0; Win64; x64) AppleWebKit/537.36 (KHTML, like Gecko) Chrome/131.0.0.0 Safari/537.36" www.aots.org.py 162.144.4.133
181.120.40.129 - - [29/Nov/2024:13:29:17 -0600] "GET /wp-includes/js/dist/vendor/moment.min.js?ver=2.30.1 HTTP/1.1" 200 22554 "http://www.aots.org.py/wp-admin/" "Mozilla/5.0 (Windows NT 10.0; Win64; x64) AppleWebKit/537.36 (KHTML, like Gecko) Chrome/131.0.0.0 Safari/537.36" www.aots.org.py 162.144.4.133
66.249.77.201 - - [29/Nov/2024:13:29:17 -0600] "GET /wp-crom.php?commoditys/employment3016261023?id=15428 HTTP/1.1" 404 7625 "-" "Mozilla/5.0 (Linux; Android 6.0.1; Nexus 5X Build/MMB29P) AppleWebKit/537.36 (KHTML, like Gecko) Chrome/131.0.6778.69 Mobile Safari/537.36 (compatible; Googlebot/2.1; +http://www.google.com/bot.html)" mail.aots.org.py 162.144.4.133
181.120.40.129 - - [29/Nov/2024:13:29:18 -0600] "GET /wp-includes/js/dist/deprecated.min.js?ver=e1f84915c5e8ae38964c HTTP/1.1" 200 446 "http://www.aots.org.py/wp-admin/" "Mozilla/5.0 (Windows NT 10.0; Win64; x64) AppleWebKit/537.36 (KHTML, like Gecko) Chrome/131.0.0.0 Safari/537.36" www.aots.org.py 162.144.4.133
181.120.40.129 - - [29/Nov/2024:13:29:18 -0600] "GET /wp-admin/js/dashboard.min.js?ver=6.7.1 HTTP/1.1" 200 3394 "http://www.aots.org.py/wp-admin/" "Mozilla/5.0 (Windows NT 10.0; Win64; x64) AppleWebKit/537.36 (KHTML, like Gecko) Chrome/131.0.0.0 Safari/537.36" www.aots.org.py 162.144.4.133
181.120.40.129 - - [29/Nov/2024:13:29:18 -0600] "GET /wp-includes/js/thickbox/thickbox.js?ver=3.1-20121105 HTTP/1.1" 200 4932 "http://www.aots.org.py/wp-admin/" "Mozilla/5.0 (Windows NT 10.0; Win64; x64) AppleWebKit/537.36 (KHTML, like Gecko) Chrome/131.0.0.0 Safari/537.36" www.aots.org.py 162.144.4.133
181.120.40.129 - - [29/Nov/2024:13:29:18 -0600] "GET /wp-includes/js/dist/date.min.js?ver=aaca6387d1cf924acc51 HTTP/1.1" 200 55279 "http://www.aots.org.py/wp-admin/" "Mozilla/5.0 (Windows NT 10.0; Win64; x64) AppleWebKit/537.36 (KHTML, like Gecko) Chrome/131.0.0.0 Safari/537.36" www.aots.org.py 162.144.4.133
181.120.40.129 - - [29/Nov/2024:13:29:18 -0600] "GET /wp-admin/js/plugin-install.min.js?ver=6.7.1 HTTP/1.1" 200 1052 "http://www.aots.org.py/wp-admin/" "Mozilla/5.0 (Windows NT 10.0; Win64; x64) AppleWebKit/537.36 (KHTML, like Gecko) Chrome/131.0.0.0 Safari/537.36" www.aots.org.py 162.144.4.133
181.120.40.129 - - [29/Nov/2024:13:29:18 -0600] "GET /wp-includes/js/wp-sanitize.min.js?ver=6.7.1 HTTP/1.1" 200 284 "http://www.aots.org.py/wp-admin/" "Mozilla/5.0 (Windows NT 10.0; Win64; x64) AppleWebKit/537.36 (KHTML, like Gecko) Chrome/131.0.0.0 Safari/537.36" www.aots.org.py 162.144.4.133
181.120.40.129 - - [29/Nov/2024:13:29:18 -0600] "GET /wp-includes/js/shortcode.min.js?ver=6.7.1 HTTP/1.1" 200 1177 "http://www.aots.org.py/wp-admin/" "Mozilla/5.0 (Windows NT 10.0; Win64; x64) AppleWebKit/537.36 (KHTML, like Gecko) Chrome/131.0.0.0 Safari/537.36" www.aots.org.py 162.144.4.133
181.120.40.129 - - [29/Nov/2024:13:29:18 -0600] "GET /wp-admin/js/media-upload.min.js?ver=6.7.1 HTTP/1.1" 200 613 "http://www.aots.org.py/wp-admin/" "Mozilla/5.0 (Windows NT 10.0; Win64; x64) AppleWebKit/537.36 (KHTML, like Gecko) Chrome/131.0.0.0 Safari/537.36" www.aots.org.py 162.144.4.133
181.120.40.129 - - [29/Nov/2024:13:29:18 -0600] "GET /wp-admin/js/updates.min.js?ver=6.7.1 HTTP/1.1" 200 16869 "http://www.aots.org.py/wp-admin/" "Mozilla/5.0 (Windows NT 10.0; Win64; x64) AppleWebKit/537.36 (KHTML, like Gecko) Chrome/131.0.0.0 Safari/537.36" www.aots.org.py 162.144.4.133
181.120.40.129 - - [29/Nov/2024:13:29:18 -0600] "GET /wp-admin/js/svg-painter.js?ver=6.7.1 HTTP/1.1" 200 1288 "http://www.aots.org.py/wp-admin/" "Mozilla/5.0 (Windows NT 10.0; Win64; x64) AppleWebKit/537.36 (KHTML, like Gecko) Chrome/131.0.0.0 Safari/537.36" www.aots.org.py 162.144.4.133
181.120.40.129 - - [29/Nov/2024:13:29:18 -0600] "GET /wp-includes/js/heartbeat.min.js?ver=6.7.1 HTTP/1.1" 200 2253 "http://www.aots.org.py/wp-admin/" "Mozilla/5.0 (Windows NT 10.0; Win64; x64) AppleWebKit/537.36 (KHTML, like Gecko) Chrome/131.0.0.0 Safari/537.36" www.aots.org.py 162.144.4.133
