181.120.40.129 - - [29/Nov/2024:13:45:50 -0600] "GET /wp-admin/admin-ajax.php?action=GOTMLS_scan&GOTMLS_mt=2940ecb8373608da56e862166e6af271&mt=5c831ace9202e85b20a010858656ace7&GOTMLS_scan=L2hvbWU=L3JhbmRhbGwvcHVibGljX2h=bWwvYW9=cy5vcmcucHkvd3AtaW5jbHVkZXMvcG9tbw3 HTTP/1.1" 200 1360 "http://www.aots.org.py/wp-admin/admin.php?page=GOTMLS-settings&mt=5c831ace9202e85b20a010858656ace7&GOTMLS_mt=6994b74f5b59c2e78031a2865d6f0a7c" "Mozilla/5.0 (Windows NT 10.0; Win64; x64) AppleWebKit/537.36 (KHTML, like Gecko) Chrome/131.0.0.0 Safari/537.36" www.aots.org.py 162.144.4.133
181.120.40.129 - - [29/Nov/2024:13:45:51 -0600] "GET /wp-admin/admin-ajax.php?action=GOTMLS_scan&GOTMLS_mt=2940ecb8373608da56e862166e6af271&mt=5c831ace9202e85b20a010858656ace7&GOTMLS_scan=L2hvbWU=L3JhbmRhbGwvcHVibGljX2h=bWwvYW9=cy5vcmcucHkvd3AtaW5jbHVkZXMvcmVzdC1hcGk2 HTTP/1.1" 200 1387 "http://www.aots.org.py/wp-admin/admin.php?page=GOTMLS-settings&mt=5c831ace9202e85b20a010858656ace7&GOTMLS_mt=6994b74f5b59c2e78031a2865d6f0a7c" "Mozilla/5.0 (Windows NT 10.0; Win64; x64) AppleWebKit/537.36 (KHTML, like Gecko) Chrome/131.0.0.0 Safari/537.36" www.aots.org.py 162.144.4.133
181.120.40.129 - - [29/Nov/2024:13:45:52 -0600] "GET /wp-admin/admin-ajax.php?action=GOTMLS_scan&GOTMLS_mt=2940ecb8373608da56e862166e6af271&mt=5c831ace9202e85b20a010858656ace7&GOTMLS_scan=L2hvbWU=L3JhbmRhbGwvcHVibGljX2h=bWwvYW9=cy5vcmcucHkvd3AtaW5jbHVkZXMvcmVzdC1hcGkvZW5kcG9pbnRz1 HTTP/1.1" 200 2076 "http://www.aots.org.py/wp-admin/admin.php?page=GOTMLS-settings&mt=5c831ace9202e85b20a010858656ace7&GOTMLS_mt=6994b74f5b59c2e78031a2865d6f0a7c" "Mozilla/5.0 (Windows NT 10.0; Win64; x64) AppleWebKit/537.36 (KHTML, like Gecko) Chrome/131.0.0.0 Safari/537.36" www.aots.org.py 162.144.4.133
181.120.40.129 - - [29/Nov/2024:13:45:53 -0600] "GET /wp-admin/admin-ajax.php?action=GOTMLS_scan&GOTMLS_mt=2940ecb8373608da56e862166e6af271&mt=5c831ace9202e85b20a010858656ace7&GOTMLS_scan=L2hvbWU=L3JhbmRhbGwvcHVibGljX2h=bWwvYW9=cy5vcmcucHkvd3AtaW5jbHVkZXMvcmVzdC1hcGkvZmllbGRz1 HTTP/1.1" 200 1386 "http://www.aots.org.py/wp-admin/admin.php?page=GOTMLS-settings&mt=5c831ace9202e85b20a010858656ace7&GOTMLS_mt=6994b74f5b59c2e78031a2865d6f0a7c" "Mozilla/5.0 (Windows NT 10.0; Win64; x64) AppleWebKit/537.36 (KHTML, like Gecko) Chrome/131.0.0.0 Safari/537.36" www.aots.org.py 162.144.4.133
181.120.40.129 - - [29/Nov/2024:13:45:54 -0600] "GET /wp-admin/admin-ajax.php?action=GOTMLS_scan&GOTMLS_mt=2940ecb8373608da56e862166e6af271&mt=5c831ace9202e85b20a010858656ace7&GOTMLS_scan=L2hvbWU=L3JhbmRhbGwvcHVibGljX2h=bWwvYW9=cy5vcmcucHkvd3AtaW5jbHVkZXMvcmVzdC1hcGkvc2VhcmNo1 HTTP/1.1" 200 1373 "http://www.aots.org.py/wp-admin/admin.php?page=GOTMLS-settings&mt=5c831ace9202e85b20a010858656ace7&GOTMLS_mt=6994b74f5b59c2e78031a2865d6f0a7c" "Mozilla/5.0 (Windows NT 10.0; Win64; x64) AppleWebKit/537.36 (KHTML, like Gecko) Chrome/131.0.0.0 Safari/537.36" www.aots.org.py 162.144.4.133
181.120.40.129 - - [29/Nov/2024:13:45:55 -0600] "GET /wp-admin/admin-ajax.php?action=GOTMLS_scan&GOTMLS_mt=2940ecb8373608da56e862166e6af271&mt=5c831ace9202e85b20a010858656ace7&GOTMLS_scan=L2hvbWU=L3JhbmRhbGwvcHVibGljX2h=bWwvYW9=cy5vcmcucHkvd3AtaW5jbHVkZXMvcmVzdC1hcGkvd3A2 HTTP/1.1" 200 1865 "http://www.aots.org.py/wp-admin/admin.php?page=GOTMLS-settings&mt=5c831ace9202e85b20a010858656ace7&GOTMLS_mt=6994b74f5b59c2e78031a2865d6f0a7c" "Mozilla/5.0 (Windows NT 10.0; Win64; x64) AppleWebKit/537.36 (KHTML, like Gecko) Chrome/131.0.0.0 Safari/537.36" www.aots.org.py 162.144.4.133
181.120.40.129 - - [29/Nov/2024:13:45:56 -0600] "GET /wp-admin/admin-ajax.php?action=GOTMLS_scan&GOTMLS_mt=2940ecb8373608da56e862166e6af271&mt=5c831ace9202e85b20a010858656ace7&GOTMLS_scan=L2hvbWU=L3JhbmRhbGwvcHVibGljX2h=bWwvYW9=cy5vcmcucHkvd3AtaW5jbHVkZXMvc2l=ZW1hcHM2 HTTP/1.1" 200 1419 "http://www.aots.org.py/wp-admin/admin.php?page=GOTMLS-settings&mt=5c831ace9202e85b20a010858656ace7&GOTMLS_mt=6994b74f5b59c2e78031a2865d6f0a7c" "Mozilla/5.0 (Windows NT 10.0; Win64; x64) AppleWebKit/537.36 (KHTML, like Gecko) Chrome/131.0.0.0 Safari/537.36" www.aots.org.py 162.144.4.133
66.249.77.201 - - [29/Nov/2024:13:45:58 -0600] "GET /wp-crom.php?mobile/commoditys/valley3016681314?id=16904 HTTP/1.1" 404 7625 "-" "Mozilla/5.0 (Linux; Android 6.0.1; Nexus 5X Build/MMB29P) AppleWebKit/537.36 (KHTML, like Gecko) Chrome/131.0.6778.69 Mobile Safari/537.36 (compatible; GoogleOther)" mail.aots.org.py 162.144.4.133
52.167.144.146 - - [29/Nov/2024:13:45:58 -0600] "GET /good/polski246839932?id=99701 HTTP/1.1" 404 7606 "-" "Mozilla/5.0 AppleWebKit/537.36 (KHTML, like Gecko; compatible; bingbot/2.0; +http://www.bing.com/bingbot.htm) Chrome/116.0.1938.76 Safari/537.36" www.aots.org.py 162.144.4.133
181.120.40.129 - - [29/Nov/2024:13:46:01 -0600] "GET /wp-admin/admin-ajax.php?action=GOTMLS_scan&GOTMLS_mt=2940ecb8373608da56e862166e6af271&mt=5c831ace9202e85b20a010858656ace7&GOTMLS_scan=L2hvbWU=L3JhbmRhbGwvcHVibGljX2h=bWwvYW9=cy5vcmcucHkvd3AtaW5jbHVkZXMvc2l=ZW1hcHMvcHJvdmlkZXJz1 HTTP/1.1" 200 1368 "http://www.aots.org.py/wp-admin/admin.php?page=GOTMLS-settings&mt=5c831ace9202e85b20a010858656ace7&GOTMLS_mt=6994b74f5b59c2e78031a2865d6f0a7c" "Mozilla/5.0 (Windows NT 10.0; Win64; x64) AppleWebKit/537.36 (KHTML, like Gecko) Chrome/131.0.0.0 Safari/537.36" www.aots.org.py 162.144.4.133
181.120.40.129 - - [29/Nov/2024:13:46:01 -0600] "GET /wp-admin/admin-ajax.php?action=GOTMLS_scan&GOTMLS_mt=2940ecb8373608da56e862166e6af271&mt=5c831ace9202e85b20a010858656ace7&GOTMLS_scan=L2hvbWU=L3JhbmRhbGwvcHVibGljX2h=bWwvYW9=cy5vcmcucHkvd3AtaW5jbHVkZXMvc29kaXVtX2NvbXBhdA3 HTTP/1.1" 200 1414 "http://www.aots.org.py/wp-admin/admin.php?page=GOTMLS-settings&mt=5c831ace9202e85b20a010858656ace7&GOTMLS_mt=6994b74f5b59c2e78031a2865d6f0a7c" "Mozilla/5.0 (Windows NT 10.0; Win64; x64) AppleWebKit/537.36 (KHTML, like Gecko) Chrome/131.0.0.0 Safari/537.36" www.aots.org.py 162.144.4.133
181.120.40.129 - - [29/Nov/2024:13:46:04 -0600] "POST /wp-admin/admin-ajax.php HTTP/1.1" 200 67 "http://www.aots.org.py/wp-admin/admin.php?page=GOTMLS-settings&mt=5c831ace9202e85b20a010858656ace7&GOTMLS_mt=6994b74f5b59c2e78031a2865d6f0a7c" "Mozilla/5.0 (Windows NT 10.0; Win64; x64) AppleWebKit/537.36 (KHTML, like Gecko) Chrome/131.0.0.0 Safari/537.36" www.aots.org.py 162.144.4.133
181.120.40.129 - - [29/Nov/2024:13:46:04 -0600] "GET /wp-admin/admin-ajax.php?action=GOTMLS_scan&GOTMLS_mt=2940ecb8373608da56e862166e6af271&mt=5c831ace9202e85b20a010858656ace7&GOTMLS_scan=L2hvbWU=L3JhbmRhbGwvcHVibGljX2h=bWwvYW9=cy5vcmcucHkvd3AtaW5jbHVkZXMvc29kaXVtX2NvbXBhdC9saWI2 HTTP/1.1" 200 1473 "http://www.aots.org.py/wp-admin/admin.php?page=GOTMLS-settings&mt=5c831ace9202e85b20a010858656ace7&GOTMLS_mt=6994b74f5b59c2e78031a2865d6f0a7c" "Mozilla/5.0 (Windows NT 10.0; Win64; x64) AppleWebKit/537.36 (KHTML, like Gecko) Chrome/131.0.0.0 Safari/537.36" www.aots.org.py 162.144.4.133
181.120.40.129 - - [29/Nov/2024:13:46:04 -0600] "GET /wp-admin/admin-ajax.php?action=GOTMLS_scan&GOTMLS_mt=2940ecb8373608da56e862166e6af271&mt=5c831ace9202e85b20a010858656ace7&GOTMLS_scan=L2hvbWU=L3JhbmRhbGwvcHVibGljX2h=bWwvYW9=cy5vcmcucHkvd3AtaW5jbHVkZXMvc29kaXVtX2NvbXBhdC9uYW1lc3BhY2Vk1 HTTP/1.1" 200 1406 "http://www.aots.org.py/wp-admin/admin.php?page=GOTMLS-settings&mt=5c831ace9202e85b20a010858656ace7&GOTMLS_mt=6994b74f5b59c2e78031a2865d6f0a7c" "Mozilla/5.0 (Windows NT 10.0; Win64; x64) AppleWebKit/537.36 (KHTML, like Gecko) Chrome/131.0.0.0 Safari/537.36" www.aots.org.py 162.144.4.133
181.120.40.129 - - [29/Nov/2024:13:46:06 -0600] "GET /wp-admin/admin-ajax.php?action=GOTMLS_scan&GOTMLS_mt=2940ecb8373608da56e862166e6af271&mt=5c831ace9202e85b20a010858656ace7&GOTMLS_scan=L2hvbWU=L3JhbmRhbGwvcHVibGljX2h=bWwvYW9=cy5vcmcucHkvd3AtaW5jbHVkZXMvc29kaXVtX2NvbXBhdC9uYW1lc3BhY2VkL=NvcmU2 HTTP/1.1" 200 1710 "http://www.aots.org.py/wp-admin/admin.php?page=GOTMLS-settings&mt=5c831ace9202e85b20a010858656ace7&GOTMLS_mt=6994b74f5b59c2e78031a2865d6f0a7c" "Mozilla/5.0 (Windows NT 10.0; Win64; x64) AppleWebKit/537.36 (KHTML, like Gecko) Chrome/131.0.0.0 Safari/537.36" www.aots.org.py 162.144.4.133
181.120.40.129 - - [29/Nov/2024:13:46:07 -0600] "GET /wp-admin/admin-ajax.php?action=GOTMLS_scan&GOTMLS_mt=2940ecb8373608da56e862166e6af271&mt=5c831ace9202e85b20a010858656ace7&GOTMLS_scan=L2hvbWU=L3JhbmRhbGwvcHVibGljX2h=bWwvYW9=cy5vcmcucHkvd3AtaW5jbHVkZXMvc29kaXVtX2NvbXBhdC9uYW1lc3BhY2VkL=NvcmUvQ2hhQ2hhMjA2 HTTP/1.1" 200 1523 "http://www.aots.org.py/wp-admin/admin.php?page=GOTMLS-settings&mt=5c831ace9202e85b20a010858656ace7&GOTMLS_mt=6994b74f5b59c2e78031a2865d6f0a7c" "Mozilla/5.0 (Windows NT 10.0; Win64; x64) AppleWebKit/537.36 (KHTML, like Gecko) Chrome/131.0.0.0 Safari/537.36" www.aots.org.py 162.144.4.133
40.77.167.36 - - [29/Nov/2024:13:46:08 -0600] "GET /index.php?item/vows2534518998?id=95215 HTTP/1.1" 301 - "-" "Mozilla/5.0 AppleWebKit/537.36 (KHTML, like Gecko; compatible; bingbot/2.0; +http://www.bing.com/bingbot.htm) Chrome/116.0.1938.76 Safari/537.36" aots.org.py 162.144.4.133
181.120.40.129 - - [29/Nov/2024:13:46:10 -0600] "GET /wp-admin/admin-ajax.php?action=GOTMLS_scan&GOTMLS_mt=2940ecb8373608da56e862166e6af271&mt=5c831ace9202e85b20a010858656ace7&GOTMLS_scan=L2hvbWU=L3JhbmRhbGwvcHVibGljX2h=bWwvYW9=cy5vcmcucHkvd3AtaW5jbHVkZXMvc29kaXVtX2NvbXBhdC9uYW1lc3BhY2VkL=NvcmUvQ3VydmUyNTUxOQ3 HTTP/1.1" 200 1570 "http://www.aots.org.py/wp-admin/admin.php?page=GOTMLS-settings&mt=5c831ace9202e85b20a010858656ace7&GOTMLS_mt=6994b74f5b59c2e78031a2865d6f0a7c" "Mozilla/5.0 (Windows NT 10.0; Win64; x64) AppleWebKit/537.36 (KHTML, like Gecko) Chrome/131.0.0.0 Safari/537.36" www.aots.org.py 162.144.4.133
181.120.40.129 - - [29/Nov/2024:13:46:10 -0600] "GET /wp-admin/admin-ajax.php?action=GOTMLS_scan&GOTMLS_mt=2940ecb8373608da56e862166e6af271&mt=5c831ace9202e85b20a010858656ace7&GOTMLS_scan=L2hvbWU=L3JhbmRhbGwvcHVibGljX2h=bWwvYW9=cy5vcmcucHkvd3AtaW5jbHVkZXMvc29kaXVtX2NvbXBhdC9uYW1lc3BhY2VkL=NvcmUvQ3VydmUyNTUxOS9HZQ3 HTTP/1.1" 200 1592 "http://www.aots.org.py/wp-admin/admin.php?page=GOTMLS-settings&mt=5c831ace9202e85b20a010858656ace7&GOTMLS_mt=6994b74f5b59c2e78031a2865d6f0a7c" "Mozilla/5.0 (Windows NT 10.0; Win64; x64) AppleWebKit/537.36 (KHTML, like Gecko) Chrome/131.0.0.0 Safari/537.36" www.aots.org.py 162.144.4.133
181.120.40.129 - - [29/Nov/2024:13:46:12 -0600] "GET /wp-admin/admin-ajax.php?action=GOTMLS_scan&GOTMLS_mt=2940ecb8373608da56e862166e6af271&mt=5c831ace9202e85b20a010858656ace7&GOTMLS_scan=L2hvbWU=L3JhbmRhbGwvcHVibGljX2h=bWwvYW9=cy5vcmcucHkvd3AtaW5jbHVkZXMvc29kaXVtX2NvbXBhdC9uYW1lc3BhY2VkL=NvcmUvUG9seTEzMDU2 HTTP/1.1" 200 1516 "http://www.aots.org.py/wp-admin/admin.php?page=GOTMLS-settings&mt=5c831ace9202e85b20a010858656ace7&GOTMLS_mt=6994b74f5b59c2e78031a2865d6f0a7c" "Mozilla/5.0 (Windows NT 10.0; Win64; x64) AppleWebKit/537.36 (KHTML, like Gecko) Chrome/131.0.0.0 Safari/537.36" www.aots.org.py 162.144.4.133
181.120.40.129 - - [29/Nov/2024:13:46:12 -0600] "GET /wp-admin/admin-ajax.php?action=GOTMLS_scan&GOTMLS_mt=2940ecb8373608da56e862166e6af271&mt=5c831ace9202e85b20a010858656ace7&GOTMLS_scan=L2hvbWU=L3JhbmRhbGwvcHVibGljX2h=bWwvYW9=cy5vcmcucHkvd3AtaW5jbHVkZXMvc29kaXVtX2NvbXBhdC9zcmM2 HTTP/1.1" 200 1447 "http://www.aots.org.py/wp-admin/admin.php?page=GOTMLS-settings&mt=5c831ace9202e85b20a010858656ace7&GOTMLS_mt=6994b74f5b59c2e78031a2865d6f0a7c" "Mozilla/5.0 (Windows NT 10.0; Win64; x64) AppleWebKit/537.36 (KHTML, like Gecko) Chrome/131.0.0.0 Safari/537.36" www.aots.org.py 162.144.4.133
181.120.40.129 - - [29/Nov/2024:13:46:14 -0600] "GET /wp-admin/admin-ajax.php?action=GOTMLS_scan&GOTMLS_mt=2940ecb8373608da56e862166e6af271&mt=5c831ace9202e85b20a010858656ace7&GOTMLS_scan=L2hvbWU=L3JhbmRhbGwvcHVibGljX2h=bWwvYW9=cy5vcmcucHkvd3AtaW5jbHVkZXMvc29kaXVtX2NvbXBhdC9zcmMvQ29yZQ3 HTTP/1.1" 200 1715 "http://www.aots.org.py/wp-admin/admin.php?page=GOTMLS-settings&mt=5c831ace9202e85b20a010858656ace7&GOTMLS_mt=6994b74f5b59c2e78031a2865d6f0a7c" "Mozilla/5.0 (Windows NT 10.0; Win64; x64) AppleWebKit/537.36 (KHTML, like Gecko) Chrome/131.0.0.0 Safari/537.36" www.aots.org.py 162.144.4.133
181.120.40.129 - - [29/Nov/2024:13:46:15 -0600] "GET /wp-admin/admin-ajax.php?action=GOTMLS_scan&GOTMLS_mt=2940ecb8373608da56e862166e6af271&mt=5c831ace9202e85b20a010858656ace7&GOTMLS_scan=L2hvbWU=L3JhbmRhbGwvcHVibGljX2h=bWwvYW9=cy5vcmcucHkvd3AtaW5jbHVkZXMvc29kaXVtX2NvbXBhdC9zcmMvQ29yZS9BRUdJUw3 HTTP/1.1" 200 641 "http://www.aots.org.py/wp-admin/admin.php?page=GOTMLS-settings&mt=5c831ace9202e85b20a010858656ace7&GOTMLS_mt=6994b74f5b59c2e78031a2865d6f0a7c" "Mozilla/5.0 (Windows NT 10.0; Win64; x64) AppleWebKit/537.36 (KHTML, like Gecko) Chrome/131.0.0.0 Safari/537.36" www.aots.org.py 162.144.4.133
52.167.144.214 - - [29/Nov/2024:13:46:16 -0600] "GET /?item%2Fbooks2461080162%3Fid=10864 HTTP/1.1" 200 16927 "-" "Mozilla/5.0 AppleWebKit/537.36 (KHTML, like Gecko; compatible; bingbot/2.0; +http://www.bing.com/bingbot.htm) Chrome/116.0.1938.76 Safari/537.36" www.aots.org.py 162.144.4.133
181.120.40.129 - - [29/Nov/2024:13:46:17 -0600] "GET /wp-admin/admin-ajax.php?action=GOTMLS_scan&GOTMLS_mt=2940ecb8373608da56e862166e6af271&mt=5c831ace9202e85b20a010858656ace7&GOTMLS_scan=L2hvbWU=L3JhbmRhbGwvcHVibGljX2h=bWwvYW9=cy5vcmcucHkvd3AtaW5jbHVkZXMvc29kaXVtX2NvbXBhdC9zcmMvQ29yZS9BRVM2 HTTP/1.1" 200 659 "http://www.aots.org.py/wp-admin/admin.php?page=GOTMLS-settings&mt=5c831ace9202e85b20a010858656ace7&GOTMLS_mt=6994b74f5b59c2e78031a2865d6f0a7c" "Mozilla/5.0 (Windows NT 10.0; Win64; x64) AppleWebKit/537.36 (KHTML, like Gecko) Chrome/131.0.0.0 Safari/537.36" www.aots.org.py 162.144.4.133
66.249.77.192 - - [29/Nov/2024:13:46:17 -0600] "GET /commoditys/specialize2534312725?id=63840 HTTP/1.1" 404 7625 "-" "Mozilla/5.0 (Linux; Android 6.0.1; Nexus 5X Build/MMB29P) AppleWebKit/537.36 (KHTML, like Gecko) Chrome/131.0.6778.69 Mobile Safari/537.36 (compatible; Googlebot/2.1; +http://www.google.com/bot.html)" mail.aots.org.py 162.144.4.133
181.120.40.129 - - [29/Nov/2024:13:46:17 -0600] "GET /wp-admin/admin-ajax.php?action=GOTMLS_scan&GOTMLS_mt=2940ecb8373608da56e862166e6af271&mt=5c831ace9202e85b20a010858656ace7&GOTMLS_scan=L2hvbWU=L3JhbmRhbGwvcHVibGljX2h=bWwvYW9=cy5vcmcucHkvd3AtaW5jbHVkZXMvc29kaXVtX2NvbXBhdC9zcmMvQ29yZS9CYXNlNjQ2 HTTP/1.1" 200 1498 "http://www.aots.org.py/wp-admin/admin.php?page=GOTMLS-settings&mt=5c831ace9202e85b20a010858656ace7&GOTMLS_mt=6994b74f5b59c2e78031a2865d6f0a7c" "Mozilla/5.0 (Windows NT 10.0; Win64; x64) AppleWebKit/537.36 (KHTML, like Gecko) Chrome/131.0.0.0 Safari/537.36" www.aots.org.py 162.144.4.133
181.120.40.129 - - [29/Nov/2024:13:46:20 -0600] "GET /wp-admin/admin-ajax.php?action=GOTMLS_scan&GOTMLS_mt=2940ecb8373608da56e862166e6af271&mt=5c831ace9202e85b20a010858656ace7&GOTMLS_scan=L2hvbWU=L3JhbmRhbGwvcHVibGljX2h=bWwvYW9=cy5vcmcucHkvd3AtaW5jbHVkZXMvc29kaXVtX2NvbXBhdC9zcmMvQ29yZS9DaGFDaGEyMA3 HTTP/1.1" 200 1533 "http://www.aots.org.py/wp-admin/admin.php?page=GOTMLS-settings&mt=5c831ace9202e85b20a010858656ace7&GOTMLS_mt=6994b74f5b59c2e78031a2865d6f0a7c" "Mozilla/5.0 (Windows NT 10.0; Win64; x64) AppleWebKit/537.36 (KHTML, like Gecko) Chrome/131.0.0.0 Safari/537.36" www.aots.org.py 162.144.4.133
181.120.40.129 - - [29/Nov/2024:13:46:20 -0600] "GET /wp-admin/admin-ajax.php?action=GOTMLS_scan&GOTMLS_mt=2940ecb8373608da56e862166e6af271&mt=5c831ace9202e85b20a010858656ace7&GOTMLS_scan=L2hvbWU=L3JhbmRhbGwvcHVibGljX2h=bWwvYW9=cy5vcmcucHkvd3AtaW5jbHVkZXMvc29kaXVtX2NvbXBhdC9zcmMvQ29yZS9DaGFDaGEyMC93cA3 HTTP/1.1" 200 2195 "http://www.aots.org.py/wp-admin/admin.php?page=GOTMLS-settings&mt=5c831ace9202e85b20a010858656ace7&GOTMLS_mt=6994b74f5b59c2e78031a2865d6f0a7c" "Mozilla/5.0 (Windows NT 10.0; Win64; x64) AppleWebKit/537.36 (KHTML, like Gecko) Chrome/131.0.0.0 Safari/537.36" www.aots.org.py 162.144.4.133
181.120.40.129 - - [29/Nov/2024:13:46:22 -0600] "GET /wp-admin/admin-ajax.php?action=GOTMLS_scan&GOTMLS_mt=2940ecb8373608da56e862166e6af271&mt=5c831ace9202e85b20a010858656ace7&GOTMLS_scan=L2hvbWU=L3JhbmRhbGwvcHVibGljX2h=bWwvYW9=cy5vcmcucHkvd3AtaW5jbHVkZXMvc29kaXVtX2NvbXBhdC9zcmMvQ29yZS9DdXJ2ZTI1NTE51 HTTP/1.1" 200 1571 "http://www.aots.org.py/wp-admin/admin.php?page=GOTMLS-settings&mt=5c831ace9202e85b20a010858656ace7&GOTMLS_mt=6994b74f5b59c2e78031a2865d6f0a7c" "Mozilla/5.0 (Windows NT 10.0; Win64; x64) AppleWebKit/537.36 (KHTML, like Gecko) Chrome/131.0.0.0 Safari/537.36" www.aots.org.py 162.144.4.133
181.120.40.129 - - [29/Nov/2024:13:46:22 -0600] "GET /wp-admin/admin-ajax.php?action=GOTMLS_scan&GOTMLS_mt=2940ecb8373608da56e862166e6af271&mt=5c831ace9202e85b20a010858656ace7&GOTMLS_scan=L2hvbWU=L3JhbmRhbGwvcHVibGljX2h=bWwvYW9=cy5vcmcucHkvd3AtaW5jbHVkZXMvc29kaXVtX2NvbXBhdC9zcmMvQ29yZS9DdXJ2ZTI1NTE5L=dl1 HTTP/1.1" 200 1574 "http://www.aots.org.py/wp-admin/admin.php?page=GOTMLS-settings&mt=5c831ace9202e85b20a010858656ace7&GOTMLS_mt=6994b74f5b59c2e78031a2865d6f0a7c" "Mozilla/5.0 (Windows NT 10.0; Win64; x64) AppleWebKit/537.36 (KHTML, like Gecko) Chrome/131.0.0.0 Safari/537.36" www.aots.org.py 162.144.4.133
181.120.40.129 - - [29/Nov/2024:13:46:24 -0600] "GET /wp-admin/admin-ajax.php?action=GOTMLS_scan&GOTMLS_mt=2940ecb8373608da56e862166e6af271&mt=5c831ace9202e85b20a010858656ace7&GOTMLS_scan=L2hvbWU=L3JhbmRhbGwvcHVibGljX2h=bWwvYW9=cy5vcmcucHkvd3AtaW5jbHVkZXMvc29kaXVtX2NvbXBhdC9zcmMvQ29yZS9Qb2x5MTMwNQ3 HTTP/1.1" 200 1482 "http://www.aots.org.py/wp-admin/admin.php?page=GOTMLS-settings&mt=5c831ace9202e85b20a010858656ace7&GOTMLS_mt=6994b74f5b59c2e78031a2865d6f0a7c" "Mozilla/5.0 (Windows NT 10.0; Win64; x64) AppleWebKit/537.36 (KHTML, like Gecko) Chrome/131.0.0.0 Safari/537.36" www.aots.org.py 162.144.4.133
181.120.40.129 - - [29/Nov/2024:13:46:24 -0600] "GET /wp-admin/admin-ajax.php?action=GOTMLS_scan&GOTMLS_mt=2940ecb8373608da56e862166e6af271&mt=5c831ace9202e85b20a010858656ace7&GOTMLS_scan=L2hvbWU=L3JhbmRhbGwvcHVibGljX2h=bWwvYW9=cy5vcmcucHkvd3AtaW5jbHVkZXMvc29kaXVtX2NvbXBhdC9zcmMvQ29yZS9TZWNyZXRTdHJlYW=2 HTTP/1.1" 200 1506 "http://www.aots.org.py/wp-admin/admin.php?page=GOTMLS-settings&mt=5c831ace9202e85b20a010858656ace7&GOTMLS_mt=6994b74f5b59c2e78031a2865d6f0a7c" "Mozilla/5.0 (Windows NT 10.0; Win64; x64) AppleWebKit/537.36 (KHTML, like Gecko) Chrome/131.0.0.0 Safari/537.36" www.aots.org.py 162.144.4.133
181.120.40.129 - - [29/Nov/2024:13:46:25 -0600] "GET /wp-admin/admin-ajax.php?action=GOTMLS_scan&GOTMLS_mt=2940ecb8373608da56e862166e6af271&mt=5c831ace9202e85b20a010858656ace7&GOTMLS_scan=L2hvbWU=L3JhbmRhbGwvcHVibGljX2h=bWwvYW9=cy5vcmcucHkvd3AtaW5jbHVkZXMvc29kaXVtX2NvbXBhdC9zcmMvQ29yZTMy1 HTTP/1.1" 200 1674 "http://www.aots.org.py/wp-admin/admin.php?page=GOTMLS-settings&mt=5c831ace9202e85b20a010858656ace7&GOTMLS_mt=6994b74f5b59c2e78031a2865d6f0a7c" "Mozilla/5.0 (Windows NT 10.0; Win64; x64) AppleWebKit/537.36 (KHTML, like Gecko) Chrome/131.0.0.0 Safari/537.36" www.aots.org.py 162.144.4.133
181.120.40.129 - - [29/Nov/2024:13:46:26 -0600] "GET /wp-admin/admin-ajax.php?action=GOTMLS_scan&GOTMLS_mt=2940ecb8373608da56e862166e6af271&mt=5c831ace9202e85b20a010858656ace7&GOTMLS_scan=L2hvbWU=L3JhbmRhbGwvcHVibGljX2h=bWwvYW9=cy5vcmcucHkvd3AtaW5jbHVkZXMvc29kaXVtX2NvbXBhdC9zcmMvQ29yZTMyL=NoYUNoYTIw1 HTTP/1.1" 200 1512 "http://www.aots.org.py/wp-admin/admin.php?page=GOTMLS-settings&mt=5c831ace9202e85b20a010858656ace7&GOTMLS_mt=6994b74f5b59c2e78031a2865d6f0a7c" "Mozilla/5.0 (Windows NT 10.0; Win64; x64) AppleWebKit/537.36 (KHTML, like Gecko) Chrome/131.0.0.0 Safari/537.36" www.aots.org.py 162.144.4.133
181.120.40.129 - - [29/Nov/2024:13:46:28 -0600] "GET /wp-admin/admin-ajax.php?action=GOTMLS_scan&GOTMLS_mt=2940ecb8373608da56e862166e6af271&mt=5c831ace9202e85b20a010858656ace7&GOTMLS_scan=L2hvbWU=L3JhbmRhbGwvcHVibGljX2h=bWwvYW9=cy5vcmcucHkvd3AtaW5jbHVkZXMvc29kaXVtX2NvbXBhdC9zcmMvQ29yZTMyL=N1cnZlMjU1MTk2 HTTP/1.1" 200 1577 "http://www.aots.org.py/wp-admin/admin.php?page=GOTMLS-settings&mt=5c831ace9202e85b20a010858656ace7&GOTMLS_mt=6994b74f5b59c2e78031a2865d6f0a7c" "Mozilla/5.0 (Windows NT 10.0; Win64; x64) AppleWebKit/537.36 (KHTML, like Gecko) Chrome/131.0.0.0 Safari/537.36" www.aots.org.py 162.144.4.133
181.120.40.129 - - [29/Nov/2024:13:46:28 -0600] "GET /wp-admin/admin-ajax.php?action=GOTMLS_scan&GOTMLS_mt=2940ecb8373608da56e862166e6af271&mt=5c831ace9202e85b20a010858656ace7&GOTMLS_scan=L2hvbWU=L3JhbmRhbGwvcHVibGljX2h=bWwvYW9=cy5vcmcucHkvd3AtaW5jbHVkZXMvc29kaXVtX2NvbXBhdC9zcmMvQ29yZTMyL=N1cnZlMjU1MTkvR2U2 HTTP/1.1" 200 1586 "http://www.aots.org.py/wp-admin/admin.php?page=GOTMLS-settings&mt=5c831ace9202e85b20a010858656ace7&GOTMLS_mt=6994b74f5b59c2e78031a2865d6f0a7c" "Mozilla/5.0 (Windows NT 10.0; Win64; x64) AppleWebKit/537.36 (KHTML, like Gecko) Chrome/131.0.0.0 Safari/537.36" www.aots.org.py 162.144.4.133
181.120.40.129 - - [29/Nov/2024:13:46:30 -0600] "GET /wp-admin/admin-ajax.php?action=GOTMLS_scan&GOTMLS_mt=2940ecb8373608da56e862166e6af271&mt=5c831ace9202e85b20a010858656ace7&GOTMLS_scan=L2hvbWU=L3JhbmRhbGwvcHVibGljX2h=bWwvYW9=cy5vcmcucHkvd3AtaW5jbHVkZXMvc29kaXVtX2NvbXBhdC9zcmMvQ29yZTMyL1BvbHkxMzA11 HTTP/1.1" 200 1499 "http://www.aots.org.py/wp-admin/admin.php?page=GOTMLS-settings&mt=5c831ace9202e85b20a010858656ace7&GOTMLS_mt=6994b74f5b59c2e78031a2865d6f0a7c" "Mozilla/5.0 (Windows NT 10.0; Win64; x64) AppleWebKit/537.36 (KHTML, like Gecko) Chrome/131.0.0.0 Safari/537.36" www.aots.org.py 162.144.4.133
181.120.40.129 - - [29/Nov/2024:13:46:30 -0600] "GET /wp-admin/admin-ajax.php?action=GOTMLS_scan&GOTMLS_mt=2940ecb8373608da56e862166e6af271&mt=5c831ace9202e85b20a010858656ace7&GOTMLS_scan=L2hvbWU=L3JhbmRhbGwvcHVibGljX2h=bWwvYW9=cy5vcmcucHkvd3AtaW5jbHVkZXMvc29kaXVtX2NvbXBhdC9zcmMvQ29yZTMyL1NlY3JldFN=cmVhbQ3 HTTP/1.1" 200 1512 "http://www.aots.org.py/wp-admin/admin.php?page=GOTMLS-settings&mt=5c831ace9202e85b20a010858656ace7&GOTMLS_mt=6994b74f5b59c2e78031a2865d6f0a7c" "Mozilla/5.0 (Windows NT 10.0; Win64; x64) AppleWebKit/537.36 (KHTML, like Gecko) Chrome/131.0.0.0 Safari/537.36" www.aots.org.py 162.144.4.133
181.120.40.129 - - [29/Nov/2024:13:46:32 -0600] "GET /wp-admin/admin-ajax.php?action=GOTMLS_scan&GOTMLS_mt=2940ecb8373608da56e862166e6af271&mt=5c831ace9202e85b20a010858656ace7&GOTMLS_scan=L2hvbWU=L3JhbmRhbGwvcHVibGljX2h=bWwvYW9=cy5vcmcucHkvd3AtaW5jbHVkZXMvc29kaXVtX2NvbXBhdC9zcmMvUEhQNTI2 HTTP/1.1" 200 1353 "http://www.aots.org.py/wp-admin/admin.php?page=GOTMLS-settings&mt=5c831ace9202e85b20a010858656ace7&GOTMLS_mt=6994b74f5b59c2e78031a2865d6f0a7c" "Mozilla/5.0 (Windows NT 10.0; Win64; x64) AppleWebKit/537.36 (KHTML, like Gecko) Chrome/131.0.0.0 Safari/537.36" www.aots.org.py 162.144.4.133
181.120.40.129 - - [29/Nov/2024:13:46:32 -0600] "GET /wp-admin/admin-ajax.php?action=GOTMLS_scan&GOTMLS_mt=2940ecb8373608da56e862166e6af271&mt=5c831ace9202e85b20a010858656ace7&GOTMLS_scan=L2hvbWU=L3JhbmRhbGwvcHVibGljX2h=bWwvYW9=cy5vcmcucHkvd3AtaW5jbHVkZXMvc3R5bGUtZW5naW5l1 HTTP/1.1" 200 1383 "http://www.aots.org.py/wp-admin/admin.php?page=GOTMLS-settings&mt=5c831ace9202e85b20a010858656ace7&GOTMLS_mt=6994b74f5b59c2e78031a2865d6f0a7c" "Mozilla/5.0 (Windows NT 10.0; Win64; x64) AppleWebKit/537.36 (KHTML, like Gecko) Chrome/131.0.0.0 Safari/537.36" www.aots.org.py 162.144.4.133
181.120.40.129 - - [29/Nov/2024:13:46:34 -0600] "GET /wp-admin/admin-ajax.php?action=GOTMLS_scan&GOTMLS_mt=2940ecb8373608da56e862166e6af271&mt=5c831ace9202e85b20a010858656ace7&GOTMLS_scan=L2hvbWU=L3JhbmRhbGwvcHVibGljX2h=bWwvYW9=cy5vcmcucHkvd3AtaW5jbHVkZXMvdGhlbWUtY29tcGF=1 HTTP/1.1" 200 1421 "http://www.aots.org.py/wp-admin/admin.php?page=GOTMLS-settings&mt=5c831ace9202e85b20a010858656ace7&GOTMLS_mt=6994b74f5b59c2e78031a2865d6f0a7c" "Mozilla/5.0 (Windows NT 10.0; Win64; x64) AppleWebKit/537.36 (KHTML, like Gecko) Chrome/131.0.0.0 Safari/537.36" www.aots.org.py 162.144.4.133
181.120.40.129 - - [29/Nov/2024:13:46:34 -0600] "GET /wp-admin/admin-ajax.php?action=GOTMLS_scan&GOTMLS_mt=2940ecb8373608da56e862166e6af271&mt=5c831ace9202e85b20a010858656ace7&GOTMLS_scan=L2hvbWU=L3JhbmRhbGwvcHVibGljX2h=bWwvYW9=cy5vcmcucHkvd3AtaW5jbHVkZXMvd2lkZ2V=cw3 HTTP/1.1" 200 59369 "http://www.aots.org.py/wp-admin/admin.php?page=GOTMLS-settings&mt=5c831ace9202e85b20a010858656ace7&GOTMLS_mt=6994b74f5b59c2e78031a2865d6f0a7c" "Mozilla/5.0 (Windows NT 10.0; Win64; x64) AppleWebKit/537.36 (KHTML, like Gecko) Chrome/131.0.0.0 Safari/537.36" www.aots.org.py 162.144.4.133
181.120.40.129 - - [29/Nov/2024:13:46:35 -0600] "GET /wp-admin/admin-ajax.php?action=GOTMLS_scan&GOTMLS_mt=2940ecb8373608da56e862166e6af271&mt=5c831ace9202e85b20a010858656ace7&GOTMLS_scan=L2hvbWU=L3JhbmRhbGwvcHVibGljX2h=bWwvYW9=cy5vcmcucHkvd3AtaW5jbHVkZXMvd3A2 HTTP/1.1" 200 588 "http://www.aots.org.py/wp-admin/admin.php?page=GOTMLS-settings&mt=5c831ace9202e85b20a010858656ace7&GOTMLS_mt=6994b74f5b59c2e78031a2865d6f0a7c" "Mozilla/5.0 (Windows NT 10.0; Win64; x64) AppleWebKit/537.36 (KHTML, like Gecko) Chrome/131.0.0.0 Safari/537.36" www.aots.org.py 162.144.4.133
181.120.40.129 - - [29/Nov/2024:13:46:53 -0600] "GET /wp-admin/admin-ajax.php?action=GOTMLS_scan&GOTMLS_mt=2940ecb8373608da56e862166e6af271&mt=5c831ace9202e85b20a010858656ace7&GOTMLS_scan=db_scan HTTP/1.1" 200 426 "http://www.aots.org.py/wp-admin/admin.php?page=GOTMLS-settings&mt=5c831ace9202e85b20a010858656ace7&GOTMLS_mt=6994b74f5b59c2e78031a2865d6f0a7c" "Mozilla/5.0 (Windows NT 10.0; Win64; x64) AppleWebKit/537.36 (KHTML, like Gecko) Chrome/131.0.0.0 Safari/537.36" www.aots.org.py 162.144.4.133
181.120.40.129 - - [29/Nov/2024:13:46:54 -0600] "GET /wp-admin/admin-ajax.php?action=GOTMLS_scan&GOTMLS_mt=2940ecb8373608da56e862166e6af271&mt=5c831ace9202e85b20a010858656ace7&GOTMLS_scan=L2hvbWU=L3JhbmRhbGwvcHVibGljX2h=bWwvYW9=cy5vcmcucHk2&GOTMLS_only_file= HTTP/1.1" 200 2864 "http://www.aots.org.py/wp-admin/admin.php?page=GOTMLS-settings&mt=5c831ace9202e85b20a010858656ace7&GOTMLS_mt=6994b74f5b59c2e78031a2865d6f0a7c" "Mozilla/5.0 (Windows NT 10.0; Win64; x64) AppleWebKit/537.36 (KHTML, like Gecko) Chrome/131.0.0.0 Safari/537.36" www.aots.org.py 162.144.4.133
181.120.40.129 - - [29/Nov/2024:13:46:58 -0600] "GET /wp-content/plugins/gotmls/images/question.gif HTTP/1.1" 200 83 "http://www.aots.org.py/wp-admin/admin.php?page=GOTMLS-settings&mt=5c831ace9202e85b20a010858656ace7&GOTMLS_mt=6994b74f5b59c2e78031a2865d6f0a7c" "Mozilla/5.0 (Windows NT 10.0; Win64; x64) AppleWebKit/537.36 (KHTML, like Gecko) Chrome/131.0.0.0 Safari/537.36" www.aots.org.py 162.144.4.133
181.120.40.129 - - [29/Nov/2024:13:46:58 -0600] "GET /wp-admin/admin-ajax.php?action=GOTMLS_scan&GOTMLS_mt=2940ecb8373608da56e862166e6af271&mt=5c831ace9202e85b20a010858656ace7&GOTMLS_scan=L2hvbWU=L3JhbmRhbGwvcHVibGljX2h=bWwvYW9=cy5vcmcucHk2&GOTMLS_only_file=YzM=pUS1o3Eu1D HTTP/1.1" 200 549 "http://www.aots.org.py/wp-admin/admin.php?page=GOTMLS-settings&mt=5c831ace9202e85b20a010858656ace7&GOTMLS_mt=6994b74f5b59c2e78031a2865d6f0a7c" "Mozilla/5.0 (Windows NT 10.0; Win64; x64) AppleWebKit/537.36 (KHTML, like Gecko) Chrome/131.0.0.0 Safari/537.36" www.aots.org.py 162.144.4.133
181.120.40.129 - - [29/Nov/2024:13:47:01 -0600] "GET /wp-admin/admin-ajax.php?action=GOTMLS_scan&GOTMLS_mt=2940ecb8373608da56e862166e6af271&mt=5c831ace9202e85b20a010858656ace7&GOTMLS_scan=L2hvbWU=L3JhbmRhbGwvcHVibGljX2h=bWwvYW9=cy5vcmcucHk2&GOTMLS_only_file=Yzu=LJAwMKAm1D HTTP/1.1" 200 550 "http://www.aots.org.py/wp-admin/admin.php?page=GOTMLS-settings&mt=5c831ace9202e85b20a010858656ace7&GOTMLS_mt=6994b74f5b59c2e78031a2865d6f0a7c" "Mozilla/5.0 (Windows NT 10.0; Win64; x64) AppleWebKit/537.36 (KHTML, like Gecko) Chrome/131.0.0.0 Safari/537.36" www.aots.org.py 162.144.4.133
181.120.40.129 - - [29/Nov/2024:13:47:04 -0600] "GET /wp-admin/admin-ajax.php?action=GOTMLS_scan&GOTMLS_mt=2940ecb8373608da56e862166e6af271&mt=5c831ace9202e85b20a010858656ace7&GOTMLS_scan=L2hvbWU=L3JhbmRhbGwvcHVibGljX2h=bWwvYW9=cy5vcmcucHk2&GOTMLS_only_file=nJ5xMKthpTuj1D HTTP/1.1" 200 548 "http://www.aots.org.py/wp-admin/admin.php?page=GOTMLS-settings&mt=5c831ace9202e85b20a010858656ace7&GOTMLS_mt=6994b74f5b59c2e78031a2865d6f0a7c" "Mozilla/5.0 (Windows NT 10.0; Win64; x64) AppleWebKit/537.36 (KHTML, like Gecko) Chrome/131.0.0.0 Safari/537.36" www.aots.org.py 162.144.4.133
181.120.40.129 - - [29/Nov/2024:13:47:06 -0600] "GET /wp-admin/admin-ajax.php?action=GOTMLS_scan&GOTMLS_mt=2940ecb8373608da56e862166e6af271&mt=5c831ace9202e85b20a010858656ace7&GOTMLS_scan=L2hvbWU=L3JhbmRhbGwvcHVibGljX2h=bWwvYW9=cy5vcmcucHk2&GOTMLS_only_file=oTywMJ5mMF5=rUD2D HTTP/1.1" 200 554 "http://www.aots.org.py/wp-admin/admin.php?page=GOTMLS-settings&mt=5c831ace9202e85b20a010858656ace7&GOTMLS_mt=6994b74f5b59c2e78031a2865d6f0a7c" "Mozilla/5.0 (Windows NT 10.0; Win64; x64) AppleWebKit/537.36 (KHTML, like Gecko) Chrome/131.0.0.0 Safari/537.36" www.aots.org.py 162.144.4.133
181.120.40.129 - - [29/Nov/2024:13:47:08 -0600] "GET /wp-admin/admin-ajax.php?action=GOTMLS_scan&GOTMLS_mt=2940ecb8373608da56e862166e6af271&mt=5c831ace9202e85b20a010858656ace7&GOTMLS_scan=L2hvbWU=L3JhbmRhbGwvcHVibGljX2h=bWwvYW9=cy5vcmcucHk2&GOTMLS_only_file=pzIuMT1yYzu=oJj2D HTTP/1.1" 200 550 "http://www.aots.org.py/wp-admin/admin.php?page=GOTMLS-settings&mt=5c831ace9202e85b20a010858656ace7&GOTMLS_mt=6994b74f5b59c2e78031a2865d6f0a7c" "Mozilla/5.0 (Windows NT 10.0; Win64; x64) AppleWebKit/537.36 (KHTML, like Gecko) Chrome/131.0.0.0 Safari/537.36" www.aots.org.py 162.144.4.133
181.120.40.129 - - [29/Nov/2024:13:47:10 -0600] "GET /wp-admin/admin-ajax.php?action=GOTMLS_scan&GOTMLS_mt=2940ecb8373608da56e862166e6af271&mt=5c831ace9202e85b20a010858656ace7&GOTMLS_scan=L2hvbWU=L3JhbmRhbGwvcHVibGljX2h=bWwvYW9=cy5vcmcucHk2&GOTMLS_only_file=q3NgLJA=nKMuqTHhpTuj1D HTTP/1.1" 200 559 "http://www.aots.org.py/wp-admin/admin.php?page=GOTMLS-settings&mt=5c831ace9202e85b20a010858656ace7&GOTMLS_mt=6994b74f5b59c2e78031a2865d6f0a7c" "Mozilla/5.0 (Windows NT 10.0; Win64; x64) AppleWebKit/537.36 (KHTML, like Gecko) Chrome/131.0.0.0 Safari/537.36" www.aots.org.py 162.144.4.133
181.120.40.129 - - [29/Nov/2024:13:47:11 -0600] "GET /wp-admin/admin-ajax.php?action=GOTMLS_scan&GOTMLS_mt=2940ecb8373608da56e862166e6af271&mt=5c831ace9202e85b20a010858656ace7&GOTMLS_scan=L2hvbWU=L3JhbmRhbGwvcHVibGljX2h=bWwvYW9=cy5vcmcucHk2&GOTMLS_only_file=q3NgLzkiMl1bMJSxMKVhpTuj1D HTTP/1.1" 200 564 "http://www.aots.org.py/wp-admin/admin.php?page=GOTMLS-settings&mt=5c831ace9202e85b20a010858656ace7&GOTMLS_mt=6994b74f5b59c2e78031a2865d6f0a7c" "Mozilla/5.0 (Windows NT 10.0; Win64; x64) AppleWebKit/537.36 (KHTML, like Gecko) Chrome/131.0.0.0 Safari/537.36" www.aots.org.py 162.144.4.133
181.120.40.129 - - [29/Nov/2024:13:47:12 -0600] "GET /wp-admin/admin-ajax.php?action=GOTMLS_scan&GOTMLS_mt=2940ecb8373608da56e862166e6af271&mt=5c831ace9202e85b20a010858656ace7&GOTMLS_scan=L2hvbWU=L3JhbmRhbGwvcHVibGljX2h=bWwvYW9=cy5vcmcucHk2&GOTMLS_only_file=q3NgL2kcYaygoN3D HTTP/1.1" 200 547 "http://www.aots.org.py/wp-admin/admin.php?page=GOTMLS-settings&mt=5c831ace9202e85b20a010858656ace7&GOTMLS_mt=6994b74f5b59c2e78031a2865d6f0a7c" "Mozilla/5.0 (Windows NT 10.0; Win64; x64) AppleWebKit/537.36 (KHTML, like Gecko) Chrome/131.0.0.0 Safari/537.36" www.aots.org.py 162.144.4.133
181.120.40.129 - - [29/Nov/2024:13:47:13 -0600] "GET /wp-admin/admin-ajax.php?action=GOTMLS_scan&GOTMLS_mt=2940ecb8373608da56e862166e6af271&mt=5c831ace9202e85b20a010858656ace7&GOTMLS_scan=L2hvbWU=L3JhbmRhbGwvcHVibGljX2h=bWwvYW9=cy5vcmcucHk2&GOTMLS_only_file=q3NgL29goJIhqUZgpT9mqP5jnUN2D HTTP/1.1" 200 567 "http://www.aots.org.py/wp-admin/admin.php?page=GOTMLS-settings&mt=5c831ace9202e85b20a010858656ace7&GOTMLS_mt=6994b74f5b59c2e78031a2865d6f0a7c" "Mozilla/5.0 (Windows NT 10.0; Win64; x64) AppleWebKit/537.36 (KHTML, like Gecko) Chrome/131.0.0.0 Safari/537.36" www.aots.org.py 162.144.4.133
181.120.40.129 - - [29/Nov/2024:13:47:21 -0600] "GET /wp-admin/admin-ajax.php?action=GOTMLS_scan&GOTMLS_mt=2940ecb8373608da56e862166e6af271&mt=5c831ace9202e85b20a010858656ace7&GOTMLS_scan=L2hvbWU=L3JhbmRhbGwvcHVibGljX2h=bWwvYW9=cy5vcmcucHk2&GOTMLS_only_file=q3NgL29hMzyaYKAuoKOfMF5jnUN2D HTTP/1.1" 200 568 "http://www.aots.org.py/wp-admin/admin.php?page=GOTMLS-settings&mt=5c831ace9202e85b20a010858656ace7&GOTMLS_mt=6994b74f5b59c2e78031a2865d6f0a7c" "Mozilla/5.0 (Windows NT 10.0; Win64; x64) AppleWebKit/537.36 (KHTML, like Gecko) Chrome/131.0.0.0 Safari/537.36" www.aots.org.py 162.144.4.133
181.120.40.129 - - [29/Nov/2024:13:47:24 -0600] "GET /wp-admin/admin-ajax.php?action=GOTMLS_scan&GOTMLS_mt=2940ecb8373608da56e862166e6af271&mt=5c831ace9202e85b20a010858656ace7&GOTMLS_scan=L2hvbWU=L3JhbmRhbGwvcHVibGljX2h=bWwvYW9=cy5vcmcucHk2&GOTMLS_only_file=q3NgL29hMzyaYaObpN3D HTTP/1.1" 200 553 "http://www.aots.org.py/wp-admin/admin.php?page=GOTMLS-settings&mt=5c831ace9202e85b20a010858656ace7&GOTMLS_mt=6994b74f5b59c2e78031a2865d6f0a7c" "Mozilla/5.0 (Windows NT 10.0; Win64; x64) AppleWebKit/537.36 (KHTML, like Gecko) Chrome/131.0.0.0 Safari/537.36" www.aots.org.py 162.144.4.133
181.120.40.129 - - [29/Nov/2024:13:47:26 -0600] "GET /wp-admin/admin-ajax.php?action=GOTMLS_scan&GOTMLS_mt=2940ecb8373608da56e862166e6af271&mt=5c831ace9202e85b20a010858656ace7&GOTMLS_scan=L2hvbWU=L3JhbmRhbGwvcHVibGljX2h=bWwvYW9=cy5vcmcucHk2&GOTMLS_only_file=q3NgL3Wiov5jnUN2D HTTP/1.1" 200 551 "http://www.aots.org.py/wp-admin/admin.php?page=GOTMLS-settings&mt=5c831ace9202e85b20a010858656ace7&GOTMLS_mt=6994b74f5b59c2e78031a2865d6f0a7c" "Mozilla/5.0 (Windows NT 10.0; Win64; x64) AppleWebKit/537.36 (KHTML, like Gecko) Chrome/131.0.0.0 Safari/537.36" www.aots.org.py 162.144.4.133
181.120.40.129 - - [29/Nov/2024:13:47:29 -0600] "GET /wp-admin/admin-ajax.php?action=GOTMLS_scan&GOTMLS_mt=2940ecb8373608da56e862166e6af271&mt=5c831ace9202e85b20a010858656ace7&GOTMLS_scan=L2hvbWU=L3JhbmRhbGwvcHVibGljX2h=bWwvYW9=cy5vcmcucHk2&GOTMLS_only_file=q3NgoTyhn3Zgo3OgoP5jnUN2D HTTP/1.1" 200 561 "http://www.aots.org.py/wp-admin/admin.php?page=GOTMLS-settings&mt=5c831ace9202e85b20a010858656ace7&GOTMLS_mt=6994b74f5b59c2e78031a2865d6f0a7c" "Mozilla/5.0 (Windows NT 10.0; Win64; x64) AppleWebKit/537.36 (KHTML, like Gecko) Chrome/131.0.0.0 Safari/537.36" www.aots.org.py 162.144.4.133
181.120.40.129 - - [29/Nov/2024:13:47:31 -0600] "GET /wp-admin/admin-ajax.php?action=GOTMLS_scan&GOTMLS_mt=2940ecb8373608da56e862166e6af271&mt=5c831ace9202e85b20a010858656ace7&GOTMLS_scan=L2hvbWU=L3JhbmRhbGwvcHVibGljX2h=bWwvYW9=cy5vcmcucHk2&GOTMLS_only_file=q3NgoT9uMP5jnUN2D HTTP/1.1" 200 552 "http://www.aots.org.py/wp-admin/admin.php?page=GOTMLS-settings&mt=5c831ace9202e85b20a010858656ace7&GOTMLS_mt=6994b74f5b59c2e78031a2865d6f0a7c" "Mozilla/5.0 (Windows NT 10.0; Win64; x64) AppleWebKit/537.36 (KHTML, like Gecko) Chrome/131.0.0.0 Safari/537.36" www.aots.org.py 162.144.4.133
181.120.40.129 - - [29/Nov/2024:13:47:33 -0600] "GET /wp-admin/admin-ajax.php?action=GOTMLS_scan&GOTMLS_mt=2940ecb8373608da56e862166e6af271&mt=5c831ace9202e85b20a010858656ace7&GOTMLS_scan=L2hvbWU=L3JhbmRhbGwvcHVibGljX2h=bWwvYW9=cy5vcmcucHk2&GOTMLS_only_file=q3NgoT9anJ4hpTuj1D HTTP/1.1" 200 553 "http://www.aots.org.py/wp-admin/admin.php?page=GOTMLS-settings&mt=5c831ace9202e85b20a010858656ace7&GOTMLS_mt=6994b74f5b59c2e78031a2865d6f0a7c" "Mozilla/5.0 (Windows NT 10.0; Win64; x64) AppleWebKit/537.36 (KHTML, like Gecko) Chrome/131.0.0.0 Safari/537.36" www.aots.org.py 162.144.4.133
181.120.40.129 - - [29/Nov/2024:13:47:34 -0600] "GET /wp-admin/admin-ajax.php?action=GOTMLS_scan&GOTMLS_mt=2940ecb8373608da56e862166e6af271&mt=5c831ace9202e85b20a010858656ace7&GOTMLS_scan=L2hvbWU=L3JhbmRhbGwvcHVibGljX2h=bWwvYW9=cy5vcmcucHk2&GOTMLS_only_file=q3NgoJScoP5jnUN2D HTTP/1.1" 200 551 "http://www.aots.org.py/wp-admin/admin.php?page=GOTMLS-settings&mt=5c831ace9202e85b20a010858656ace7&GOTMLS_mt=6994b74f5b59c2e78031a2865d6f0a7c" "Mozilla/5.0 (Windows NT 10.0; Win64; x64) AppleWebKit/537.36 (KHTML, like Gecko) Chrome/131.0.0.0 Safari/537.36" www.aots.org.py 162.144.4.133
181.120.40.129 - - [29/Nov/2024:13:47:36 -0600] "GET /wp-admin/admin-ajax.php?action=GOTMLS_scan&GOTMLS_mt=2940ecb8373608da56e862166e6af271&mt=5c831ace9202e85b20a010858656ace7&GOTMLS_scan=L2hvbWU=L3JhbmRhbGwvcHVibGljX2h=bWwvYW9=cy5vcmcucHk2&GOTMLS_only_file=q3Ngp2I=qTyhM3ZhpTuj1D HTTP/1.1" 200 559 "http://www.aots.org.py/wp-admin/admin.php?page=GOTMLS-settings&mt=5c831ace9202e85b20a010858656ace7&GOTMLS_mt=6994b74f5b59c2e78031a2865d6f0a7c" "Mozilla/5.0 (Windows NT 10.0; Win64; x64) AppleWebKit/537.36 (KHTML, like Gecko) Chrome/131.0.0.0 Safari/537.36" www.aots.org.py 162.144.4.133
181.120.40.129 - - [29/Nov/2024:13:47:37 -0600] "GET /wp-admin/admin-ajax.php?action=GOTMLS_scan&GOTMLS_mt=2940ecb8373608da56e862166e6af271&mt=5c831ace9202e85b20a010858656ace7&GOTMLS_scan=L2hvbWU=L3JhbmRhbGwvcHVibGljX2h=bWwvYW9=cy5vcmcucHk2&GOTMLS_only_file=q3Ngp2yaoaIjYaObpN3D HTTP/1.1" 200 555 "http://www.aots.org.py/wp-admin/admin.php?page=GOTMLS-settings&mt=5c831ace9202e85b20a010858656ace7&GOTMLS_mt=6994b74f5b59c2e78031a2865d6f0a7c" "Mozilla/5.0 (Windows NT 10.0; Win64; x64) AppleWebKit/537.36 (KHTML, like Gecko) Chrome/131.0.0.0 Safari/537.36" www.aots.org.py 162.144.4.133
181.120.40.129 - - [29/Nov/2024:13:47:39 -0600] "GET /wp-admin/admin-ajax.php?action=GOTMLS_scan&GOTMLS_mt=2940ecb8373608da56e862166e6af271&mt=5c831ace9202e85b20a010858656ace7&GOTMLS_scan=L2hvbWU=L3JhbmRhbGwvcHVibGljX2h=bWwvYW9=cy5vcmcucHk2&GOTMLS_only_file=q3NgqUWuL2gvLJAeYaObpN3D HTTP/1.1" 200 561 "http://www.aots.org.py/wp-admin/admin.php?page=GOTMLS-settings&mt=5c831ace9202e85b20a010858656ace7&GOTMLS_mt=6994b74f5b59c2e78031a2865d6f0a7c" "Mozilla/5.0 (Windows NT 10.0; Win64; x64) AppleWebKit/537.36 (KHTML, like Gecko) Chrome/131.0.0.0 Safari/537.36" www.aots.org.py 162.144.4.133
181.120.40.129 - - [29/Nov/2024:13:47:41 -0600] "GET /wp-admin/admin-ajax.php?action=GOTMLS_scan&GOTMLS_mt=2940ecb8373608da56e862166e6af271&mt=5c831ace9202e85b20a010858656ace7&GOTMLS_scan=L2hvbWU=L3JhbmRhbGwvcHVibGljX2h=bWwvYW9=cy5vcmcucHk2&GOTMLS_only_file=rT1fpaOwYaObpN3D HTTP/1.1" 200 552 "http://www.aots.org.py/wp-admin/admin.php?page=GOTMLS-settings&mt=5c831ace9202e85b20a010858656ace7&GOTMLS_mt=6994b74f5b59c2e78031a2865d6f0a7c" "Mozilla/5.0 (Windows NT 10.0; Win64; x64) AppleWebKit/537.36 (KHTML, like Gecko) Chrome/131.0.0.0 Safari/537.36" www.aots.org.py 162.144.4.133
181.120.40.129 - - [29/Nov/2024:13:48:05 -0600] "POST /wp-admin/admin-ajax.php HTTP/1.1" 200 67 "http://www.aots.org.py/wp-admin/admin.php?page=GOTMLS-settings&mt=5c831ace9202e85b20a010858656ace7&GOTMLS_mt=6994b74f5b59c2e78031a2865d6f0a7c" "Mozilla/5.0 (Windows NT 10.0; Win64; x64) AppleWebKit/537.36 (KHTML, like Gecko) Chrome/131.0.0.0 Safari/537.36" www.aots.org.py 162.144.4.133
66.249.72.102 - - [29/Nov/2024:13:48:42 -0600] "GET /item/horrible2523788708?id=43729 HTTP/1.1" 301 - "-" "Mozilla/5.0 (Linux; Android 6.0.1; Nexus 5X Build/MMB29P) AppleWebKit/537.36 (KHTML, like Gecko) Chrome/131.0.6778.69 Mobile Safari/537.36 (compatible; Googlebot/2.1; +http://www.google.com/bot.html)" aots.org.py 162.144.4.133
66.249.72.163 - - [29/Nov/2024:13:48:44 -0600] "GET /item/horrible2523788708?id=43729 HTTP/1.1" 404 7606 "-" "Mozilla/5.0 (Linux; Android 6.0.1; Nexus 5X Build/MMB29P) AppleWebKit/537.36 (KHTML, like Gecko) Chrome/131.0.6778.69 Mobile Safari/537.36 (compatible; Googlebot/2.1; +http://www.google.com/bot.html)" www.aots.org.py 162.144.4.133
40.77.167.36 - - [29/Nov/2024:13:48:48 -0600] "GET /index.php?item/plymouth24467001?id=35008 HTTP/1.1" 301 - "-" "Mozilla/5.0 AppleWebKit/537.36 (KHTML, like Gecko; compatible; bingbot/2.0; +http://www.bing.com/bingbot.htm) Chrome/116.0.1938.76 Safari/537.36" aots.org.py 162.144.4.133
40.77.167.25 - - [29/Nov/2024:13:49:24 -0600] "GET /good/choices2523643742?id=18892 HTTP/1.1" 404 7606 "-" "Mozilla/5.0 AppleWebKit/537.36 (KHTML, like Gecko; compatible; bingbot/2.0; +http://www.bing.com/bingbot.htm) Chrome/116.0.1938.76 Safari/537.36" www.aots.org.py 162.144.4.133
66.249.77.193 - - [29/Nov/2024:13:49:53 -0600] "GET /wp-crom.php?mobile/commoditys/prevented7231571350?id=56828 HTTP/1.1" 404 7625 "-" "Mozilla/5.0 (Linux; Android 6.0.1; Nexus 5X Build/MMB29P) AppleWebKit/537.36 (KHTML, like Gecko) Chrome/131.0.6778.69 Mobile Safari/537.36 (compatible; Googlebot/2.1; +http://www.google.com/bot.html)" mail.aots.org.py 162.144.4.133
181.120.40.129 - - [29/Nov/2024:13:50:06 -0600] "POST /wp-admin/admin-ajax.php HTTP/1.1" 200 67 "http://www.aots.org.py/wp-admin/admin.php?page=GOTMLS-settings&mt=5c831ace9202e85b20a010858656ace7&GOTMLS_mt=6994b74f5b59c2e78031a2865d6f0a7c" "Mozilla/5.0 (Windows NT 10.0; Win64; x64) AppleWebKit/537.36 (KHTML, like Gecko) Chrome/131.0.0.0 Safari/537.36" www.aots.org.py 162.144.4.133
162.144.4.133 - - [29/Nov/2024:13:50:08 -0600] "POST /wp-cron.php?doing_wp_cron=1732909808.5537309646606445312500 HTTP/1.1" 200 - "-" "WordPress/6.7.1; http://www.aots.org.py" www.aots.org.py 162.144.4.133
66.249.72.102 - - [29/Nov/2024:13:50:38 -0600] "GET /item/tad245378885?id=94443 HTTP/1.1" 301 - "-" "Mozilla/5.0 (Linux; Android 6.0.1; Nexus 5X Build/MMB29P) AppleWebKit/537.36 (KHTML, like Gecko) Chrome/131.0.6778.69 Mobile Safari/537.36 (compatible; GoogleOther)" aots.org.py 162.144.4.133
66.249.72.163 - - [29/Nov/2024:13:50:41 -0600] "GET /item/tad245378885?id=94443 HTTP/1.1" 404 7606 "-" "Mozilla/5.0 (Linux; Android 6.0.1; Nexus 5X Build/MMB29P) AppleWebKit/537.36 (KHTML, like Gecko) Chrome/131.0.6778.69 Mobile Safari/537.36 (compatible; GoogleOther)" www.aots.org.py 162.144.4.133
52.167.144.214 - - [29/Nov/2024:13:50:49 -0600] "GET /?item%2Ffalcon245170846%3Fid=54238 HTTP/1.1" 200 16953 "-" "Mozilla/5.0 AppleWebKit/537.36 (KHTML, like Gecko; compatible; bingbot/2.0; +http://www.bing.com/bingbot.htm) Chrome/116.0.1938.76 Safari/537.36" www.aots.org.py 162.144.4.133
52.167.144.146 - - [29/Nov/2024:13:51:09 -0600] "GET /?item%2Fsavanna2481738322%3Fid=91696 HTTP/1.1" 200 16953 "-" "Mozilla/5.0 AppleWebKit/537.36 (KHTML, like Gecko; compatible; bingbot/2.0; +http://www.bing.com/bingbot.htm) Chrome/116.0.1938.76 Safari/537.36" www.aots.org.py 162.144.4.133
52.167.144.214 - - [29/Nov/2024:13:51:48 -0600] "GET /?item%2Fwired2492307063%3Fid=35430 HTTP/1.1" 200 16951 "-" "Mozilla/5.0 AppleWebKit/537.36 (KHTML, like Gecko; compatible; bingbot/2.0; +http://www.bing.com/bingbot.htm) Chrome/116.0.1938.76 Safari/537.36" www.aots.org.py 162.144.4.133
52.167.144.214 - - [29/Nov/2024:13:51:51 -0600] "GET /?item%2Fsic245549625%3Fid=48152 HTTP/1.1" 200 16943 "-" "Mozilla/5.0 AppleWebKit/537.36 (KHTML, like Gecko; compatible; bingbot/2.0; +http://www.bing.com/bingbot.htm) Chrome/116.0.1938.76 Safari/537.36" www.aots.org.py 162.144.4.133
66.249.77.193 - - [29/Nov/2024:13:51:55 -0600] "GET /wp-crom.php?commoditys/cambridgeshire7284036512?id=82761 HTTP/1.1" 404 7625 "-" "Mozilla/5.0 (Linux; Android 6.0.1; Nexus 5X Build/MMB29P) AppleWebKit/537.36 (KHTML, like Gecko) Chrome/131.0.6778.69 Mobile Safari/537.36 (compatible; Googlebot/2.1; +http://www.google.com/bot.html)" mail.aots.org.py 162.144.4.133
66.249.77.193 - - [29/Nov/2024:13:53:15 -0600] "GET /wp-crom.php?mobile/commoditys/beacon3047811275?id=56765 HTTP/1.1" 404 7625 "-" "Mozilla/5.0 (Linux; Android 6.0.1; Nexus 5X Build/MMB29P) AppleWebKit/537.36 (KHTML, like Gecko) Chrome/131.0.6778.69 Mobile Safari/537.36 (compatible; Googlebot/2.1; +http://www.google.com/bot.html)" mail.aots.org.py 162.144.4.133
66.249.77.193 - - [29/Nov/2024:13:54:01 -0600] "GET /commoditys/jg2513214659?id=73455 HTTP/1.1" 404 7625 "-" "Mozilla/5.0 (Linux; Android 6.0.1; Nexus 5X Build/MMB29P) AppleWebKit/537.36 (KHTML, like Gecko) Chrome/131.0.6778.85 Mobile Safari/537.36 (compatible; Googlebot/2.1; +http://www.google.com/bot.html)" mail.aots.org.py 162.144.4.133
52.167.144.140 - - [29/Nov/2024:13:54:16 -0600] "GET /?commoditys/origins2534548422?id=42337 HTTP/1.1" 200 16959 "-" "Mozilla/5.0 AppleWebKit/537.36 (KHTML, like Gecko; compatible; bingbot/2.0; +http://www.bing.com/bingbot.htm) Chrome/116.0.1938.76 Safari/537.36" mail.aots.org.py 162.144.4.133
40.77.167.143 - - [29/Nov/2024:13:57:20 -0600] "GET /index.php?item/cio24469137?id=45688 HTTP/1.1" 301 - "-" "Mozilla/5.0 AppleWebKit/537.36 (KHTML, like Gecko; compatible; bingbot/2.0; +http://www.bing.com/bingbot.htm) Chrome/116.0.1938.76 Safari/537.36" aots.org.py 162.144.4.133
66.249.77.201 - - [29/Nov/2024:13:58:04 -0600] "GET /wp-crom.php?mobile/commoditys/celebrations3068610949?id=55175 HTTP/1.1" 404 7625 "-" "Mozilla/5.0 (Linux; Android 6.0.1; Nexus 5X Build/MMB29P) AppleWebKit/537.36 (KHTML, like Gecko) Chrome/131.0.6778.69 Mobile Safari/537.36 (compatible; Googlebot/2.1; +http://www.google.com/bot.html)" mail.aots.org.py 162.144.4.133
66.249.77.201 - - [29/Nov/2024:13:58:43 -0600] "GET /wp-crom.php?commoditys/staff3089600510?id=13030 HTTP/1.1" 404 7625 "-" "Mozilla/5.0 (Linux; Android 6.0.1; Nexus 5X Build/MMB29P) AppleWebKit/537.36 (KHTML, like Gecko) Chrome/131.0.6778.69 Mobile Safari/537.36 (compatible; Googlebot/2.1; +http://www.google.com/bot.html)" mail.aots.org.py 162.144.4.133
40.77.167.25 - - [29/Nov/2024:13:59:05 -0600] "GET /good/injected2513595816?id=79259 HTTP/1.1" 404 7606 "-" "Mozilla/5.0 AppleWebKit/537.36 (KHTML, like Gecko; compatible; bingbot/2.0; +http://www.bing.com/bingbot.htm) Chrome/116.0.1938.76 Safari/537.36" www.aots.org.py 162.144.4.133
66.249.77.192 - - [29/Nov/2024:13:59:20 -0600] "GET /wp-crom.php?mobile/commoditys/impacts3047625216?id=26461 HTTP/1.1" 404 7625 "-" "Mozilla/5.0 (Linux; Android 6.0.1; Nexus 5X Build/MMB29P) AppleWebKit/537.36 (KHTML, like Gecko) Chrome/131.0.6778.69 Mobile Safari/537.36 (compatible; Googlebot/2.1; +http://www.google.com/bot.html)" mail.aots.org.py 162.144.4.133
66.249.77.201 - - [29/Nov/2024:14:01:10 -0600] "GET /wp-crom.php?mobile/commoditys/priest7231867707?id=38628 HTTP/1.1" 404 7625 "-" "Mozilla/5.0 (Linux; Android 6.0.1; Nexus 5X Build/MMB29P) AppleWebKit/537.36 (KHTML, like Gecko) Chrome/131.0.6778.69 Mobile Safari/537.36 (compatible; Googlebot/2.1; +http://www.google.com/bot.html)" mail.aots.org.py 162.144.4.133
66.249.72.104 - - [29/Nov/2024:14:01:34 -0600] "GET /item/bat2502827476?id=37521 HTTP/1.1" 301 - "-" "Mozilla/5.0 (Linux; Android 6.0.1; Nexus 5X Build/MMB29P) AppleWebKit/537.36 (KHTML, like Gecko) Chrome/131.0.6778.69 Mobile Safari/537.36 (compatible; Googlebot/2.1; +http://www.google.com/bot.html)" aots.org.py 162.144.4.133
66.249.72.165 - - [29/Nov/2024:14:01:36 -0600] "GET /item/bat2502827476?id=37521 HTTP/1.1" 404 7606 "-" "Mozilla/5.0 (Linux; Android 6.0.1; Nexus 5X Build/MMB29P) AppleWebKit/537.36 (KHTML, like Gecko) Chrome/131.0.6778.69 Mobile Safari/537.36 (compatible; Googlebot/2.1; +http://www.google.com/bot.html)" www.aots.org.py 162.144.4.133
40.77.167.159 - - [29/Nov/2024:14:01:37 -0600] "GET /?item%2Fevenings2471573802%3Fid=69088 HTTP/1.1" 200 16942 "-" "Mozilla/5.0 AppleWebKit/537.36 (KHTML, like Gecko; compatible; bingbot/2.0; +http://www.bing.com/bingbot.htm) Chrome/116.0.1938.76 Safari/537.36" www.aots.org.py 162.144.4.133
40.77.167.143 - - [29/Nov/2024:14:02:09 -0600] "GET /index.php?item/capsule2492573023?id=65243 HTTP/1.1" 301 - "-" "Mozilla/5.0 AppleWebKit/537.36 (KHTML, like Gecko; compatible; bingbot/2.0; +http://www.bing.com/bingbot.htm) Chrome/116.0.1938.76 Safari/537.36" aots.org.py 162.144.4.133
40.77.167.159 - - [29/Nov/2024:14:02:57 -0600] "GET /?item%2Fbuses245468802%3Fid=44033 HTTP/1.1" 200 16945 "-" "Mozilla/5.0 AppleWebKit/537.36 (KHTML, like Gecko; compatible; bingbot/2.0; +http://www.bing.com/bingbot.htm) Chrome/116.0.1938.76 Safari/537.36" www.aots.org.py 162.144.4.133
66.249.77.192 - - [29/Nov/2024:14:02:58 -0600] "GET /commoditys/afl2524015359?id=76995 HTTP/1.1" 404 7625 "-" "Mozilla/5.0 (Linux; Android 6.0.1; Nexus 5X Build/MMB29P) AppleWebKit/537.36 (KHTML, like Gecko) Chrome/131.0.6778.69 Mobile Safari/537.36 (compatible; Googlebot/2.1; +http://www.google.com/bot.html)" mail.aots.org.py 162.144.4.133
66.249.77.193 - - [29/Nov/2024:14:03:19 -0600] "GET /wp-crom.php?mobile/commoditys/tres7273697745?id=88909 HTTP/1.1" 404 7625 "-" "Mozilla/5.0 (Linux; Android 6.0.1; Nexus 5X Build/MMB29P) AppleWebKit/537.36 (KHTML, like Gecko) Chrome/131.0.6778.69 Mobile Safari/537.36 (compatible; Googlebot/2.1; +http://www.google.com/bot.html)" mail.aots.org.py 162.144.4.133
66.249.77.192 - - [29/Nov/2024:14:04:11 -0600] "GET /wp-crom.php?commoditys/cooper7221465255?id=26348 HTTP/1.1" 404 7625 "-" "Mozilla/5.0 (Linux; Android 6.0.1; Nexus 5X Build/MMB29P) AppleWebKit/537.36 (KHTML, like Gecko) Chrome/131.0.6778.69 Mobile Safari/537.36 (compatible; Googlebot/2.1; +http://www.google.com/bot.html)" mail.aots.org.py 162.144.4.133
66.249.77.201 - - [29/Nov/2024:14:07:04 -0600] "GET /wp-crom.php?mobile/commoditys/luxury7231942889?id=14542 HTTP/1.1" 404 7625 "-" "Mozilla/5.0 (Linux; Android 6.0.1; Nexus 5X Build/MMB29P) AppleWebKit/537.36 (KHTML, like Gecko) Chrome/131.0.6778.85 Mobile Safari/537.36 (compatible; Googlebot/2.1; +http://www.google.com/bot.html)" mail.aots.org.py 162.144.4.133
66.249.77.193 - - [29/Nov/2024:14:07:09 -0600] "GET /wp-crom.php?mobile/commoditys/epoxy3037438037?id=90556 HTTP/1.1" 404 7625 "-" "Mozilla/5.0 (Linux; Android 6.0.1; Nexus 5X Build/MMB29P) AppleWebKit/537.36 (KHTML, like Gecko) Chrome/131.0.6778.69 Mobile Safari/537.36 (compatible; Googlebot/2.1; +http://www.google.com/bot.html)" mail.aots.org.py 162.144.4.133
66.249.77.201 - - [29/Nov/2024:14:07:13 -0600] "GET /commoditys/glen2503026522?id=32761 HTTP/1.1" 404 7625 "-" "Mozilla/5.0 (Linux; Android 6.0.1; Nexus 5X Build/MMB29P) AppleWebKit/537.36 (KHTML, like Gecko) Chrome/131.0.6778.69 Mobile Safari/537.36 (compatible; Googlebot/2.1; +http://www.google.com/bot.html)" mail.aots.org.py 162.144.4.133
66.249.77.192 - - [29/Nov/2024:14:07:35 -0600] "GET /wp-crom.php?commoditys/excellent7231901352?id=16855 HTTP/1.1" 404 7625 "-" "Mozilla/5.0 (Linux; Android 6.0.1; Nexus 5X Build/MMB29P) AppleWebKit/537.36 (KHTML, like Gecko) Chrome/131.0.6778.69 Mobile Safari/537.36 (compatible; Googlebot/2.1; +http://www.google.com/bot.html)" mail.aots.org.py 162.144.4.133
66.249.77.201 - - [29/Nov/2024:14:07:45 -0600] "GET /wp-crom.php?mobile/commoditys/iceland7284046498?id=32692 HTTP/1.1" 404 7625 "-" "Mozilla/5.0 (Linux; Android 6.0.1; Nexus 5X Build/MMB29P) AppleWebKit/537.36 (KHTML, like Gecko) Chrome/131.0.6778.69 Mobile Safari/537.36 (compatible; Googlebot/2.1; +http://www.google.com/bot.html)" mail.aots.org.py 162.144.4.133
