66.249.77.201 - - [25/Nov/2024:08:54:33 -0600] "GET /wp-crom.php?mobile/commoditys/ritual3006191821?id=59414 HTTP/1.1" 404 7625 "-" "Mozilla/5.0 (Linux; Android 6.0.1; Nexus 5X Build/MMB29P) AppleWebKit/537.36 (KHTML, like Gecko) Chrome/131.0.6778.69 Mobile Safari/537.36 (compatible; Googlebot/2.1; +http://www.google.com/bot.html)" mail.aots.org.py 162.144.4.133
66.249.77.201 - - [25/Nov/2024:08:54:38 -0600] "GET /commoditys/covington245458680?id=93422 HTTP/1.1" 404 7625 "-" "Mozilla/5.0 (Linux; Android 6.0.1; Nexus 5X Build/MMB29P) AppleWebKit/537.36 (KHTML, like Gecko) Chrome/131.0.6778.69 Mobile Safari/537.36 (compatible; GoogleOther)" mail.aots.org.py 162.144.4.133
66.249.77.201 - - [25/Nov/2024:08:54:59 -0600] "GET /commoditys/compassion2481892536?id=62774 HTTP/1.1" 404 7625 "-" "Mozilla/5.0 (Linux; Android 6.0.1; Nexus 5X Build/MMB29P) AppleWebKit/537.36 (KHTML, like Gecko) Chrome/131.0.6778.69 Mobile Safari/537.36 (compatible; GoogleOther)" mail.aots.org.py 162.144.4.133
66.249.77.201 - - [25/Nov/2024:08:55:05 -0600] "GET /wp-crom.php?mobile/commoditys/trail7263483241?id=16379 HTTP/1.1" 404 7625 "-" "Mozilla/5.0 (Linux; Android 6.0.1; Nexus 5X Build/MMB29P) AppleWebKit/537.36 (KHTML, like Gecko) Chrome/131.0.6778.69 Mobile Safari/537.36 (compatible; Googlebot/2.1; +http://www.google.com/bot.html)" mail.aots.org.py 162.144.4.133
157.55.39.15 - - [25/Nov/2024:08:55:18 -0600] "GET /index.php?item/ep2534405705?id=28745 HTTP/1.1" 301 - "-" "Mozilla/5.0 AppleWebKit/537.36 (KHTML, like Gecko; compatible; bingbot/2.0; +http://www.bing.com/bingbot.htm) Chrome/116.0.1938.76 Safari/537.36" aots.org.py 162.144.4.133
66.249.77.201 - - [25/Nov/2024:08:55:20 -0600] "GET /commoditys/infected2481927074?id=35466 HTTP/1.1" 404 7625 "-" "Mozilla/5.0 (Linux; Android 6.0.1; Nexus 5X Build/MMB29P) AppleWebKit/537.36 (KHTML, like Gecko) Chrome/131.0.6778.69 Mobile Safari/537.36 (compatible; GoogleOther)" mail.aots.org.py 162.144.4.133
66.249.77.201 - - [25/Nov/2024:08:55:21 -0600] "GET /wp-crom.php?commoditys/huns2685036288?id=81691 HTTP/1.1" 404 7625 "-" "Mozilla/5.0 (Linux; Android 6.0.1; Nexus 5X Build/MMB29P) AppleWebKit/537.36 (KHTML, like Gecko) Chrome/131.0.6778.69 Mobile Safari/537.36 (compatible; Googlebot/2.1; +http://www.google.com/bot.html)" mail.aots.org.py 162.144.4.133
66.249.77.201 - - [25/Nov/2024:08:55:41 -0600] "GET /commoditys/citizen2502964293?id=21613 HTTP/1.1" 404 7625 "-" "Mozilla/5.0 (Linux; Android 6.0.1; Nexus 5X Build/MMB29P) AppleWebKit/537.36 (KHTML, like Gecko) Chrome/131.0.6778.69 Mobile Safari/537.36 (compatible; GoogleOther)" mail.aots.org.py 162.144.4.133
66.249.77.192 - - [25/Nov/2024:08:56:03 -0600] "GET /commoditys/photoshop2481825743?id=28806 HTTP/1.1" 404 7625 "-" "Mozilla/5.0 (Linux; Android 6.0.1; Nexus 5X Build/MMB29P) AppleWebKit/537.36 (KHTML, like Gecko) Chrome/131.0.6778.69 Mobile Safari/537.36 (compatible; GoogleOther)" mail.aots.org.py 162.144.4.133
66.249.77.192 - - [25/Nov/2024:08:56:24 -0600] "GET /wp-crom.php?mobile/commoditys/stressed7231550894?id=54547 HTTP/1.1" 404 7625 "-" "Mozilla/5.0 (Linux; Android 6.0.1; Nexus 5X Build/MMB29P) AppleWebKit/537.36 (KHTML, like Gecko) Chrome/131.0.6778.69 Mobile Safari/537.36 (compatible; GoogleOther)" mail.aots.org.py 162.144.4.133
66.249.72.102 - - [25/Nov/2024:08:56:25 -0600] "GET /item/mhz2513305154?id=25935 HTTP/1.1" 301 - "-" "Mozilla/5.0 (Linux; Android 6.0.1; Nexus 5X Build/MMB29P) AppleWebKit/537.36 (KHTML, like Gecko) Chrome/131.0.6778.69 Mobile Safari/537.36 (compatible; Googlebot/2.1; +http://www.google.com/bot.html)" aots.org.py 162.144.4.133
66.249.72.164 - - [25/Nov/2024:08:56:25 -0600] "GET /item/mhz2513305154?id=25935 HTTP/1.1" 404 7606 "-" "Mozilla/5.0 (Linux; Android 6.0.1; Nexus 5X Build/MMB29P) AppleWebKit/537.36 (KHTML, like Gecko) Chrome/131.0.6778.69 Mobile Safari/537.36 (compatible; Googlebot/2.1; +http://www.google.com/bot.html)" www.aots.org.py 162.144.4.133
40.77.167.22 - - [25/Nov/2024:08:56:30 -0600] "GET /?item%2Fformat2471420708%3Fid=13611 HTTP/1.1" 200 16917 "-" "Mozilla/5.0 AppleWebKit/537.36 (KHTML, like Gecko; compatible; bingbot/2.0; +http://www.bing.com/bingbot.htm) Chrome/116.0.1938.76 Safari/537.36" www.aots.org.py 162.144.4.133
66.249.77.201 - - [25/Nov/2024:08:56:41 -0600] "GET /wp-crom.php?mobile/commoditys/countrywide3026999470?id=97699 HTTP/1.1" 404 7625 "-" "Mozilla/5.0 (Linux; Android 6.0.1; Nexus 5X Build/MMB29P) AppleWebKit/537.36 (KHTML, like Gecko) Chrome/131.0.6778.69 Mobile Safari/537.36 (compatible; Googlebot/2.1; +http://www.google.com/bot.html)" mail.aots.org.py 162.144.4.133
66.249.77.201 - - [25/Nov/2024:08:56:45 -0600] "GET /wp-crom.php?mobile/commoditys/about72020035?id=10176 HTTP/1.1" 404 7625 "-" "Mozilla/5.0 (Linux; Android 6.0.1; Nexus 5X Build/MMB29P) AppleWebKit/537.36 (KHTML, like Gecko) Chrome/131.0.6778.69 Mobile Safari/537.36 (compatible; GoogleOther)" mail.aots.org.py 162.144.4.133
66.249.77.201 - - [25/Nov/2024:08:57:06 -0600] "GET /commoditys/celebration245186244?id=31229 HTTP/1.1" 404 7625 "-" "Mozilla/5.0 (Linux; Android 6.0.1; Nexus 5X Build/MMB29P) AppleWebKit/537.36 (KHTML, like Gecko) Chrome/131.0.6778.69 Mobile Safari/537.36 (compatible; GoogleOther)" mail.aots.org.py 162.144.4.133
66.249.77.201 - - [25/Nov/2024:08:57:27 -0600] "GET /commoditys/vase24411424?id=57120 HTTP/1.1" 404 7625 "-" "Mozilla/5.0 (Linux; Android 6.0.1; Nexus 5X Build/MMB29P) AppleWebKit/537.36 (KHTML, like Gecko) Chrome/131.0.6778.69 Mobile Safari/537.36 (compatible; GoogleOther)" mail.aots.org.py 162.144.4.133
66.249.77.201 - - [25/Nov/2024:08:57:48 -0600] "GET /commoditys/beverly2503087690?id=38604 HTTP/1.1" 404 7625 "-" "Mozilla/5.0 (Linux; Android 6.0.1; Nexus 5X Build/MMB29P) AppleWebKit/537.36 (KHTML, like Gecko) Chrome/131.0.6778.69 Mobile Safari/537.36 (compatible; GoogleOther)" mail.aots.org.py 162.144.4.133
66.249.77.193 - - [25/Nov/2024:08:58:09 -0600] "GET /commoditys/motion245241870?id=19362 HTTP/1.1" 404 7625 "-" "Mozilla/5.0 (Linux; Android 6.0.1; Nexus 5X Build/MMB29P) AppleWebKit/537.36 (KHTML, like Gecko) Chrome/131.0.6778.69 Mobile Safari/537.36 (compatible; GoogleOther)" mail.aots.org.py 162.144.4.133
66.249.77.192 - - [25/Nov/2024:08:58:30 -0600] "GET /commoditys/landlords246617413?id=87095 HTTP/1.1" 404 7625 "-" "Mozilla/5.0 (Linux; Android 6.0.1; Nexus 5X Build/MMB29P) AppleWebKit/537.36 (KHTML, like Gecko) Chrome/131.0.6778.69 Mobile Safari/537.36 (compatible; GoogleOther)" mail.aots.org.py 162.144.4.133
66.249.77.201 - - [25/Nov/2024:08:58:51 -0600] "GET /commoditys/accompanying245189268?id=46349 HTTP/1.1" 404 7625 "-" "Mozilla/5.0 (Linux; Android 6.0.1; Nexus 5X Build/MMB29P) AppleWebKit/537.36 (KHTML, like Gecko) Chrome/131.0.6778.69 Mobile Safari/537.36 (compatible; GoogleOther)" mail.aots.org.py 162.144.4.133
66.249.77.192 - - [25/Nov/2024:08:59:06 -0600] "GET /wp-crom.php?commoditys/cannabis7231853944?id=69812 HTTP/1.1" 404 7625 "-" "Mozilla/5.0 (Linux; Android 6.0.1; Nexus 5X Build/MMB29P) AppleWebKit/537.36 (KHTML, like Gecko) Chrome/131.0.6778.69 Mobile Safari/537.36 (compatible; Googlebot/2.1; +http://www.google.com/bot.html)" mail.aots.org.py 162.144.4.133
66.249.77.201 - - [25/Nov/2024:08:59:12 -0600] "GET /wp-crom.php?commoditys/seats3089644144?id=21202 HTTP/1.1" 404 7625 "-" "Mozilla/5.0 (Linux; Android 6.0.1; Nexus 5X Build/MMB29P) AppleWebKit/537.36 (KHTML, like Gecko) Chrome/131.0.6778.69 Mobile Safari/537.36 (compatible; GoogleOther)" mail.aots.org.py 162.144.4.133
66.249.77.201 - - [25/Nov/2024:08:59:33 -0600] "GET /commoditys/cluster2503044643?id=23367 HTTP/1.1" 404 7625 "-" "Mozilla/5.0 (Linux; Android 6.0.1; Nexus 5X Build/MMB29P) AppleWebKit/537.36 (KHTML, like Gecko) Chrome/131.0.6778.69 Mobile Safari/537.36 (compatible; GoogleOther)" mail.aots.org.py 162.144.4.133
66.249.77.201 - - [25/Nov/2024:08:59:34 -0600] "GET /wp-crom.php?commoditys/libdevel7231550895?id=54552 HTTP/1.1" 404 7625 "-" "Mozilla/5.0 (Linux; Android 6.0.1; Nexus 5X Build/MMB29P) AppleWebKit/537.36 (KHTML, like Gecko) Chrome/131.0.6778.69 Mobile Safari/537.36 (compatible; Googlebot/2.1; +http://www.google.com/bot.html)" mail.aots.org.py 162.144.4.133
66.249.77.201 - - [25/Nov/2024:08:59:54 -0600] "GET /commoditys/rented2492354197?id=71102 HTTP/1.1" 404 7625 "-" "Mozilla/5.0 (Linux; Android 6.0.1; Nexus 5X Build/MMB29P) AppleWebKit/537.36 (KHTML, like Gecko) Chrome/131.0.6778.69 Mobile Safari/537.36 (compatible; GoogleOther)" mail.aots.org.py 162.144.4.133
66.249.77.201 - - [25/Nov/2024:09:00:15 -0600] "GET /commoditys/fetish2481824231?id=21246 HTTP/1.1" 404 7625 "-" "Mozilla/5.0 (Linux; Android 6.0.1; Nexus 5X Build/MMB29P) AppleWebKit/537.36 (KHTML, like Gecko) Chrome/131.0.6778.69 Mobile Safari/537.36 (compatible; GoogleOther)" mail.aots.org.py 162.144.4.133
162.144.4.133 - - [25/Nov/2024:09:00:36 -0600] "POST /wp-cron.php?doing_wp_cron=1732546836.7660560607910156250000 HTTP/1.1" 200 - "-" "WordPress/6.7.1; http://www.aots.org.py" www.aots.org.py 162.144.4.133
66.249.77.201 - - [25/Nov/2024:09:00:36 -0600] "GET /commoditys/connor2523618486?id=92610 HTTP/1.1" 404 7625 "-" "Mozilla/5.0 (Linux; Android 6.0.1; Nexus 5X Build/MMB29P) AppleWebKit/537.36 (KHTML, like Gecko) Chrome/131.0.6778.69 Mobile Safari/537.36 (compatible; GoogleOther)" mail.aots.org.py 162.144.4.133
66.249.72.102 - - [25/Nov/2024:09:00:43 -0600] "GET /item/change245380346?id=11749 HTTP/1.1" 301 - "-" "Mozilla/5.0 (Linux; Android 6.0.1; Nexus 5X Build/MMB29P) AppleWebKit/537.36 (KHTML, like Gecko) Chrome/131.0.6778.69 Mobile Safari/537.36 (compatible; Googlebot/2.1; +http://www.google.com/bot.html)" aots.org.py 162.144.4.133
66.249.72.163 - - [25/Nov/2024:09:00:43 -0600] "GET /item/change245380346?id=11749 HTTP/1.1" 404 7606 "-" "Mozilla/5.0 (Linux; Android 6.0.1; Nexus 5X Build/MMB29P) AppleWebKit/537.36 (KHTML, like Gecko) Chrome/131.0.6778.69 Mobile Safari/537.36 (compatible; Googlebot/2.1; +http://www.google.com/bot.html)" www.aots.org.py 162.144.4.133
157.55.39.15 - - [25/Nov/2024:09:00:49 -0600] "GET /index.php?item/annum245475758?id=78813 HTTP/1.1" 301 - "-" "Mozilla/5.0 AppleWebKit/537.36 (KHTML, like Gecko; compatible; bingbot/2.0; +http://www.bing.com/bingbot.htm) Chrome/116.0.1938.76 Safari/537.36" aots.org.py 162.144.4.133
66.249.77.201 - - [25/Nov/2024:09:00:57 -0600] "GET /wp-crom.php?commoditys/displaying2685245191?id=26217 HTTP/1.1" 404 7625 "-" "Mozilla/5.0 (Linux; Android 6.0.1; Nexus 5X Build/MMB29P) AppleWebKit/537.36 (KHTML, like Gecko) Chrome/131.0.6778.69 Mobile Safari/537.36 (compatible; GoogleOther)" mail.aots.org.py 162.144.4.133
66.249.77.201 - - [25/Nov/2024:09:01:18 -0600] "GET /commoditys/tough246784923?id=24654 HTTP/1.1" 404 7625 "-" "Mozilla/5.0 (Linux; Android 6.0.1; Nexus 5X Build/MMB29P) AppleWebKit/537.36 (KHTML, like Gecko) Chrome/131.0.6778.69 Mobile Safari/537.36 (compatible; GoogleOther)" mail.aots.org.py 162.144.4.133
157.55.39.7 - - [25/Nov/2024:09:01:39 -0600] "GET /?item%2Fbook245220175%3Fid=10886 HTTP/1.1" 200 16925 "-" "Mozilla/5.0 AppleWebKit/537.36 (KHTML, like Gecko; compatible; bingbot/2.0; +http://www.bing.com/bingbot.htm) Chrome/116.0.1938.76 Safari/537.36" www.aots.org.py 162.144.4.133
66.249.77.201 - - [25/Nov/2024:09:01:40 -0600] "GET /commoditys/precise2482007488?id=37540 HTTP/1.1" 404 7625 "-" "Mozilla/5.0 (Linux; Android 6.0.1; Nexus 5X Build/MMB29P) AppleWebKit/537.36 (KHTML, like Gecko) Chrome/131.0.6778.69 Mobile Safari/537.36 (compatible; GoogleOther)" mail.aots.org.py 162.144.4.133
66.249.77.201 - - [25/Nov/2024:09:02:00 -0600] "GET /wp-crom.php?commoditys/luton3089636514?id=83051 HTTP/1.1" 404 7625 "-" "Mozilla/5.0 (Linux; Android 6.0.1; Nexus 5X Build/MMB29P) AppleWebKit/537.36 (KHTML, like Gecko) Chrome/131.0.6778.69 Mobile Safari/537.36 (compatible; GoogleOther)" mail.aots.org.py 162.144.4.133
66.249.77.201 - - [25/Nov/2024:09:02:02 -0600] "GET /wp-crom.php?commoditys/jewel3037449356?id=47152 HTTP/1.1" 404 7625 "-" "Mozilla/5.0 (Linux; Android 6.0.1; Nexus 5X Build/MMB29P) AppleWebKit/537.36 (KHTML, like Gecko) Chrome/131.0.6778.69 Mobile Safari/537.36 (compatible; Googlebot/2.1; +http://www.google.com/bot.html)" mail.aots.org.py 162.144.4.133
66.249.77.201 - - [25/Nov/2024:09:02:21 -0600] "GET /wp-crom.php?mobile/commoditys/palma3089637353?id=87246 HTTP/1.1" 404 7625 "-" "Mozilla/5.0 (Linux; Android 6.0.1; Nexus 5X Build/MMB29P) AppleWebKit/537.36 (KHTML, like Gecko) Chrome/131.0.6778.69 Mobile Safari/537.36 (compatible; GoogleOther)" mail.aots.org.py 162.144.4.133
66.249.77.201 - - [25/Nov/2024:09:02:42 -0600] "GET /wp-crom.php?mobile/commoditys/hayward3089636010?id=80531 HTTP/1.1" 404 7625 "-" "Mozilla/5.0 (Linux; Android 6.0.1; Nexus 5X Build/MMB29P) AppleWebKit/537.36 (KHTML, like Gecko) Chrome/131.0.6778.69 Mobile Safari/537.36 (compatible; GoogleOther)" mail.aots.org.py 162.144.4.133
157.55.39.7 - - [25/Nov/2024:09:02:50 -0600] "GET /?item%2Fachieve244102865%3Fid=14330 HTTP/1.1" 200 16915 "-" "Mozilla/5.0 AppleWebKit/537.36 (KHTML, like Gecko; compatible; bingbot/2.0; +http://www.bing.com/bingbot.htm) Chrome/116.0.1938.76 Safari/537.36" www.aots.org.py 162.144.4.133
66.249.77.201 - - [25/Nov/2024:09:03:04 -0600] "GET /commoditys/ogg2482054993?id=75067 HTTP/1.1" 404 7625 "-" "Mozilla/5.0 (Linux; Android 6.0.1; Nexus 5X Build/MMB29P) AppleWebKit/537.36 (KHTML, like Gecko) Chrome/131.0.6778.69 Mobile Safari/537.36 (compatible; GoogleOther)" mail.aots.org.py 162.144.4.133
66.249.77.201 - - [25/Nov/2024:09:03:25 -0600] "GET /wp-crom.php?mobile/commoditys/aliens7231550558?id=52867 HTTP/1.1" 404 7625 "-" "Mozilla/5.0 (Linux; Android 6.0.1; Nexus 5X Build/MMB29P) AppleWebKit/537.36 (KHTML, like Gecko) Chrome/131.0.6778.69 Mobile Safari/537.36 (compatible; GoogleOther)" mail.aots.org.py 162.144.4.133
66.249.77.201 - - [25/Nov/2024:09:03:46 -0600] "GET /commoditys/quorum24417668?id=88340 HTTP/1.1" 404 7625 "-" "Mozilla/5.0 (Linux; Android 6.0.1; Nexus 5X Build/MMB29P) AppleWebKit/537.36 (KHTML, like Gecko) Chrome/131.0.6778.69 Mobile Safari/537.36 (compatible; GoogleOther)" mail.aots.org.py 162.144.4.133
66.249.77.192 - - [25/Nov/2024:09:04:07 -0600] "GET /commoditys/end2481880316?id=11674 HTTP/1.1" 404 7625 "-" "Mozilla/5.0 (Linux; Android 6.0.1; Nexus 5X Build/MMB29P) AppleWebKit/537.36 (KHTML, like Gecko) Chrome/131.0.6778.69 Mobile Safari/537.36 (compatible; GoogleOther)" mail.aots.org.py 162.144.4.133
66.249.77.201 - - [25/Nov/2024:09:04:28 -0600] "GET /wp-crom.php?mobile/commoditys/digimon3089636346?id=82211 HTTP/1.1" 404 7625 "-" "Mozilla/5.0 (Linux; Android 6.0.1; Nexus 5X Build/MMB29P) AppleWebKit/537.36 (KHTML, like Gecko) Chrome/131.0.6778.69 Mobile Safari/537.36 (compatible; GoogleOther)" mail.aots.org.py 162.144.4.133
66.249.77.201 - - [25/Nov/2024:09:04:49 -0600] "GET /commoditys/skates24417164?id=85820 HTTP/1.1" 404 7625 "-" "Mozilla/5.0 (Linux; Android 6.0.1; Nexus 5X Build/MMB29P) AppleWebKit/537.36 (KHTML, like Gecko) Chrome/131.0.6778.69 Mobile Safari/537.36 (compatible; GoogleOther)" mail.aots.org.py 162.144.4.133
66.249.77.193 - - [25/Nov/2024:09:05:10 -0600] "GET /commoditys/skins2447728?id=38640 HTTP/1.1" 404 7625 "-" "Mozilla/5.0 (Linux; Android 6.0.1; Nexus 5X Build/MMB29P) AppleWebKit/537.36 (KHTML, like Gecko) Chrome/131.0.6778.69 Mobile Safari/537.36 (compatible; GoogleOther)" mail.aots.org.py 162.144.4.133
13.75.228.24 - - [25/Nov/2024:09:05:12 -0600] "GET /geju.php HTTP/1.1" 301 - "-" "Mozlila/5.0 (Linux; Android 7.0; SM-G892A Bulid/NRD90M; wv) AppleWebKit/537.36 (KHTML, like Gecko) Version/4.0 Chrome/60.0.3112.107 Moblie Safari/537.36" aots.org.py 162.144.4.133
13.75.228.24 - - [25/Nov/2024:09:05:15 -0600] "GET /geju.php HTTP/1.1" 404 7606 "-" "Mozlila/5.0 (Linux; Android 7.0; SM-G892A Bulid/NRD90M; wv) AppleWebKit/537.36 (KHTML, like Gecko) Version/4.0 Chrome/60.0.3112.107 Moblie Safari/537.36" www.aots.org.py 162.144.4.133
13.75.228.24 - - [25/Nov/2024:09:05:20 -0600] "GET /wp.php HTTP/1.1" 301 - "-" "Mozlila/5.0 (Linux; Android 7.0; SM-G892A Bulid/NRD90M; wv) AppleWebKit/537.36 (KHTML, like Gecko) Version/4.0 Chrome/60.0.3112.107 Moblie Safari/537.36" aots.org.py 162.144.4.133
13.75.228.24 - - [25/Nov/2024:09:05:24 -0600] "GET /wp.php HTTP/1.1" 404 7606 "-" "Mozlila/5.0 (Linux; Android 7.0; SM-G892A Bulid/NRD90M; wv) AppleWebKit/537.36 (KHTML, like Gecko) Version/4.0 Chrome/60.0.3112.107 Moblie Safari/537.36" www.aots.org.py 162.144.4.133
13.75.228.24 - - [25/Nov/2024:09:05:30 -0600] "GET /hoot.php HTTP/1.1" 301 - "-" "Mozlila/5.0 (Linux; Android 7.0; SM-G892A Bulid/NRD90M; wv) AppleWebKit/537.36 (KHTML, like Gecko) Version/4.0 Chrome/60.0.3112.107 Moblie Safari/537.36" aots.org.py 162.144.4.133
66.249.77.201 - - [25/Nov/2024:09:05:31 -0600] "GET /commoditys/peel24411928?id=59640 HTTP/1.1" 404 7625 "-" "Mozilla/5.0 (Linux; Android 6.0.1; Nexus 5X Build/MMB29P) AppleWebKit/537.36 (KHTML, like Gecko) Chrome/131.0.6778.69 Mobile Safari/537.36 (compatible; GoogleOther)" mail.aots.org.py 162.144.4.133
13.75.228.24 - - [25/Nov/2024:09:05:33 -0600] "GET /hoot.php HTTP/1.1" 404 7606 "-" "Mozlila/5.0 (Linux; Android 7.0; SM-G892A Bulid/NRD90M; wv) AppleWebKit/537.36 (KHTML, like Gecko) Version/4.0 Chrome/60.0.3112.107 Moblie Safari/537.36" www.aots.org.py 162.144.4.133
13.75.228.24 - - [25/Nov/2024:09:05:37 -0600] "GET /about.php HTTP/1.1" 301 - "-" "Mozlila/5.0 (Linux; Android 7.0; SM-G892A Bulid/NRD90M; wv) AppleWebKit/537.36 (KHTML, like Gecko) Version/4.0 Chrome/60.0.3112.107 Moblie Safari/537.36" aots.org.py 162.144.4.133
13.75.228.24 - - [25/Nov/2024:09:05:40 -0600] "GET /about.php HTTP/1.1" 404 7606 "-" "Mozlila/5.0 (Linux; Android 7.0; SM-G892A Bulid/NRD90M; wv) AppleWebKit/537.36 (KHTML, like Gecko) Version/4.0 Chrome/60.0.3112.107 Moblie Safari/537.36" www.aots.org.py 162.144.4.133
13.75.228.24 - - [25/Nov/2024:09:05:44 -0600] "GET /admin.php HTTP/1.1" 301 - "-" "Mozlila/5.0 (Linux; Android 7.0; SM-G892A Bulid/NRD90M; wv) AppleWebKit/537.36 (KHTML, like Gecko) Version/4.0 Chrome/60.0.3112.107 Moblie Safari/537.36" aots.org.py 162.144.4.133
13.75.228.24 - - [25/Nov/2024:09:05:48 -0600] "GET /admin.php HTTP/1.1" 404 7606 "-" "Mozlila/5.0 (Linux; Android 7.0; SM-G892A Bulid/NRD90M; wv) AppleWebKit/537.36 (KHTML, like Gecko) Version/4.0 Chrome/60.0.3112.107 Moblie Safari/537.36" www.aots.org.py 162.144.4.133
66.249.77.201 - - [25/Nov/2024:09:05:50 -0600] "GET /wp-crom.php?mobile/commoditys/corpus3068789887?id=49874 HTTP/1.1" 404 7625 "-" "Mozilla/5.0 (Linux; Android 6.0.1; Nexus 5X Build/MMB29P) AppleWebKit/537.36 (KHTML, like Gecko) Chrome/131.0.6778.69 Mobile Safari/537.36 (compatible; Googlebot/2.1; +http://www.google.com/bot.html)" mail.aots.org.py 162.144.4.133
13.75.228.24 - - [25/Nov/2024:09:05:52 -0600] "GET /wp-content/plugins/admin.php HTTP/1.1" 301 - "-" "Mozlila/5.0 (Linux; Android 7.0; SM-G892A Bulid/NRD90M; wv) AppleWebKit/537.36 (KHTML, like Gecko) Version/4.0 Chrome/60.0.3112.107 Moblie Safari/537.36" aots.org.py 162.144.4.133
66.249.77.201 - - [25/Nov/2024:09:05:52 -0600] "GET /commoditys/lieutenant2481891681?id=58499 HTTP/1.1" 404 7625 "-" "Mozilla/5.0 (Linux; Android 6.0.1; Nexus 5X Build/MMB29P) AppleWebKit/537.36 (KHTML, like Gecko) Chrome/131.0.6778.69 Mobile Safari/537.36 (compatible; GoogleOther)" mail.aots.org.py 162.144.4.133
13.75.228.24 - - [25/Nov/2024:09:05:58 -0600] "GET /wp-content/plugins/admin.php HTTP/1.1" 404 7606 "-" "Mozlila/5.0 (Linux; Android 7.0; SM-G892A Bulid/NRD90M; wv) AppleWebKit/537.36 (KHTML, like Gecko) Version/4.0 Chrome/60.0.3112.107 Moblie Safari/537.36" www.aots.org.py 162.144.4.133
13.75.228.24 - - [25/Nov/2024:09:06:02 -0600] "GET /wp-content/db-cache.php HTTP/1.1" 301 - "-" "Mozlila/5.0 (Linux; Android 7.0; SM-G892A Bulid/NRD90M; wv) AppleWebKit/537.36 (KHTML, like Gecko) Version/4.0 Chrome/60.0.3112.107 Moblie Safari/537.36" aots.org.py 162.144.4.133
13.75.228.24 - - [25/Nov/2024:09:06:06 -0600] "GET /wp-content/db-cache.php HTTP/1.1" 404 7606 "-" "Mozlila/5.0 (Linux; Android 7.0; SM-G892A Bulid/NRD90M; wv) AppleWebKit/537.36 (KHTML, like Gecko) Version/4.0 Chrome/60.0.3112.107 Moblie Safari/537.36" www.aots.org.py 162.144.4.133
207.46.13.116 - - [25/Nov/2024:09:06:09 -0600] "GET /commoditys/nhl2471586023?id=30194 HTTP/1.1" 404 7625 "-" "Mozilla/5.0 AppleWebKit/537.36 (KHTML, like Gecko; compatible; bingbot/2.0; +http://www.bing.com/bingbot.htm) Chrome/116.0.1938.76 Safari/537.36" mail.aots.org.py 162.144.4.133
13.75.228.24 - - [25/Nov/2024:09:06:10 -0600] "GET /wp-content/themes/twentyeleven/functions.php HTTP/1.1" 301 - "-" "Mozlila/5.0 (Linux; Android 7.0; SM-G892A Bulid/NRD90M; wv) AppleWebKit/537.36 (KHTML, like Gecko) Version/4.0 Chrome/60.0.3112.107 Moblie Safari/537.36" aots.org.py 162.144.4.133
66.249.77.192 - - [25/Nov/2024:09:06:13 -0600] "GET /wp-crom.php?commoditys/accumulated7231551566?id=57907 HTTP/1.1" 404 7625 "-" "Mozilla/5.0 (Linux; Android 6.0.1; Nexus 5X Build/MMB29P) AppleWebKit/537.36 (KHTML, like Gecko) Chrome/131.0.6778.69 Mobile Safari/537.36 (compatible; GoogleOther)" mail.aots.org.py 162.144.4.133
13.75.228.24 - - [25/Nov/2024:09:06:14 -0600] "GET /wp-content/themes/twentyeleven/functions.php HTTP/1.1" 404 7606 "-" "Mozlila/5.0 (Linux; Android 7.0; SM-G892A Bulid/NRD90M; wv) AppleWebKit/537.36 (KHTML, like Gecko) Version/4.0 Chrome/60.0.3112.107 Moblie Safari/537.36" www.aots.org.py 162.144.4.133
13.75.228.24 - - [25/Nov/2024:09:06:19 -0600] "GET /wp-content/themes/oceanwp/functions.php HTTP/1.1" 301 - "-" "Mozlila/5.0 (Linux; Android 7.0; SM-G892A Bulid/NRD90M; wv) AppleWebKit/537.36 (KHTML, like Gecko) Version/4.0 Chrome/60.0.3112.107 Moblie Safari/537.36" aots.org.py 162.144.4.133
13.75.228.24 - - [25/Nov/2024:09:06:22 -0600] "GET /wp-content/themes/oceanwp/functions.php HTTP/1.1" 404 7606 "-" "Mozlila/5.0 (Linux; Android 7.0; SM-G892A Bulid/NRD90M; wv) AppleWebKit/537.36 (KHTML, like Gecko) Version/4.0 Chrome/60.0.3112.107 Moblie Safari/537.36" www.aots.org.py 162.144.4.133
13.75.228.24 - - [25/Nov/2024:09:06:25 -0600] "GET /wp-content/themes/twentythirteen/functions.php HTTP/1.1" 301 - "-" "Mozlila/5.0 (Linux; Android 7.0; SM-G892A Bulid/NRD90M; wv) AppleWebKit/537.36 (KHTML, like Gecko) Version/4.0 Chrome/60.0.3112.107 Moblie Safari/537.36" aots.org.py 162.144.4.133
13.75.228.24 - - [25/Nov/2024:09:06:29 -0600] "GET /wp-content/themes/twentythirteen/functions.php HTTP/1.1" 404 7606 "-" "Mozlila/5.0 (Linux; Android 7.0; SM-G892A Bulid/NRD90M; wv) AppleWebKit/537.36 (KHTML, like Gecko) Version/4.0 Chrome/60.0.3112.107 Moblie Safari/537.36" www.aots.org.py 162.144.4.133
13.75.228.24 - - [25/Nov/2024:09:06:32 -0600] "GET /wp-content/themes/kadence/functions.php HTTP/1.1" 301 - "-" "Mozlila/5.0 (Linux; Android 7.0; SM-G892A Bulid/NRD90M; wv) AppleWebKit/537.36 (KHTML, like Gecko) Version/4.0 Chrome/60.0.3112.107 Moblie Safari/537.36" aots.org.py 162.144.4.133
66.249.77.201 - - [25/Nov/2024:09:06:34 -0600] "GET /wp-crom.php?commoditys/rifle7231550007?id=50112 HTTP/1.1" 404 7625 "-" "Mozilla/5.0 (Linux; Android 6.0.1; Nexus 5X Build/MMB29P) AppleWebKit/537.36 (KHTML, like Gecko) Chrome/131.0.6778.69 Mobile Safari/537.36 (compatible; GoogleOther)" mail.aots.org.py 162.144.4.133
13.75.228.24 - - [25/Nov/2024:09:06:36 -0600] "GET /wp-content/themes/kadence/functions.php HTTP/1.1" 404 7606 "-" "Mozlila/5.0 (Linux; Android 7.0; SM-G892A Bulid/NRD90M; wv) AppleWebKit/537.36 (KHTML, like Gecko) Version/4.0 Chrome/60.0.3112.107 Moblie Safari/537.36" www.aots.org.py 162.144.4.133
13.75.228.24 - - [25/Nov/2024:09:06:41 -0600] "GET /wp-content/themes/twentytwenty/functions.php HTTP/1.1" 301 - "-" "Mozlila/5.0 (Linux; Android 7.0; SM-G892A Bulid/NRD90M; wv) AppleWebKit/537.36 (KHTML, like Gecko) Version/4.0 Chrome/60.0.3112.107 Moblie Safari/537.36" aots.org.py 162.144.4.133
52.167.144.159 - - [25/Nov/2024:09:06:45 -0600] "GET /tccdsw1884249 HTTP/1.1" 404 7606 "-" "Mozilla/5.0 AppleWebKit/537.36 (KHTML, like Gecko; compatible; bingbot/2.0; +http://www.bing.com/bingbot.htm) Chrome/116.0.1938.76 Safari/537.36" www.aots.org.py 162.144.4.133
13.75.228.24 - - [25/Nov/2024:09:06:46 -0600] "GET /wp-content/themes/twentytwenty/functions.php HTTP/1.1" 404 7606 "-" "Mozlila/5.0 (Linux; Android 7.0; SM-G892A Bulid/NRD90M; wv) AppleWebKit/537.36 (KHTML, like Gecko) Version/4.0 Chrome/60.0.3112.107 Moblie Safari/537.36" www.aots.org.py 162.144.4.133
13.75.228.24 - - [25/Nov/2024:09:06:49 -0600] "GET /wp-content/plugins/about.php HTTP/1.1" 301 - "-" "Mozlila/5.0 (Linux; Android 7.0; SM-G892A Bulid/NRD90M; wv) AppleWebKit/537.36 (KHTML, like Gecko) Version/4.0 Chrome/60.0.3112.107 Moblie Safari/537.36" aots.org.py 162.144.4.133
13.75.228.24 - - [25/Nov/2024:09:06:49 -0600] "GET /wp-content/plugins/about.php HTTP/1.1" 404 7606 "-" "Mozlila/5.0 (Linux; Android 7.0; SM-G892A Bulid/NRD90M; wv) AppleWebKit/537.36 (KHTML, like Gecko) Version/4.0 Chrome/60.0.3112.107 Moblie Safari/537.36" www.aots.org.py 162.144.4.133
66.249.77.201 - - [25/Nov/2024:09:06:55 -0600] "GET /commoditys/walmart246616259?id=81325 HTTP/1.1" 404 7625 "-" "Mozilla/5.0 (Linux; Android 6.0.1; Nexus 5X Build/MMB29P) AppleWebKit/537.36 (KHTML, like Gecko) Chrome/131.0.6778.69 Mobile Safari/537.36 (compatible; GoogleOther)" mail.aots.org.py 162.144.4.133
66.249.77.201 - - [25/Nov/2024:09:07:16 -0600] "GET /commoditys/rides2502968488?id=42588 HTTP/1.1" 404 7625 "-" "Mozilla/5.0 (Linux; Android 6.0.1; Nexus 5X Build/MMB29P) AppleWebKit/537.36 (KHTML, like Gecko) Chrome/131.0.6778.69 Mobile Safari/537.36 (compatible; GoogleOther)" mail.aots.org.py 162.144.4.133
66.249.77.201 - - [25/Nov/2024:09:07:37 -0600] "GET /commoditys/darling2482092237?id=61289 HTTP/1.1" 404 7625 "-" "Mozilla/5.0 (Linux; Android 6.0.1; Nexus 5X Build/MMB29P) AppleWebKit/537.36 (KHTML, like Gecko) Chrome/131.0.6778.69 Mobile Safari/537.36 (compatible; GoogleOther)" mail.aots.org.py 162.144.4.133
66.249.77.201 - - [25/Nov/2024:09:07:58 -0600] "GET /commoditys/strikes2448732?id=43660 HTTP/1.1" 404 7625 "-" "Mozilla/5.0 (Linux; Android 6.0.1; Nexus 5X Build/MMB29P) AppleWebKit/537.36 (KHTML, like Gecko) Chrome/131.0.6778.69 Mobile Safari/537.36 (compatible; GoogleOther)" mail.aots.org.py 162.144.4.133
40.77.167.15 - - [25/Nov/2024:09:08:02 -0600] "GET /index.php?item/mills2534185438?id=27399 HTTP/1.1" 301 - "-" "Mozilla/5.0 AppleWebKit/537.36 (KHTML, like Gecko; compatible; bingbot/2.0; +http://www.bing.com/bingbot.htm) Chrome/116.0.1938.76 Safari/537.36" aots.org.py 162.144.4.133
66.249.72.103 - - [25/Nov/2024:09:08:03 -0600] "GET /item/sheet24441852?id=19262 HTTP/1.1" 301 - "-" "Mozilla/5.0 (Linux; Android 6.0.1; Nexus 5X Build/MMB29P) AppleWebKit/537.36 (KHTML, like Gecko) Chrome/131.0.6778.69 Mobile Safari/537.36 (compatible; Googlebot/2.1; +http://www.google.com/bot.html)" aots.org.py 162.144.4.133
66.249.72.164 - - [25/Nov/2024:09:08:03 -0600] "GET /item/sheet24441852?id=19262 HTTP/1.1" 404 7606 "-" "Mozilla/5.0 (Linux; Android 6.0.1; Nexus 5X Build/MMB29P) AppleWebKit/537.36 (KHTML, like Gecko) Chrome/131.0.6778.69 Mobile Safari/537.36 (compatible; Googlebot/2.1; +http://www.google.com/bot.html)" www.aots.org.py 162.144.4.133
66.249.77.192 - - [25/Nov/2024:09:08:19 -0600] "GET /wp-crom.php?commoditys/supplement7231545077?id=25462 HTTP/1.1" 404 7625 "-" "Mozilla/5.0 (Linux; Android 6.0.1; Nexus 5X Build/MMB29P) AppleWebKit/537.36 (KHTML, like Gecko) Chrome/131.0.6778.69 Mobile Safari/537.36 (compatible; GoogleOther)" mail.aots.org.py 162.144.4.133
162.144.4.133 - - [25/Nov/2024:09:08:40 -0600] "POST /wp-cron.php?doing_wp_cron=1732547320.9275450706481933593750 HTTP/1.1" 200 - "-" "WordPress/6.7.1; http://www.aots.org.py" www.aots.org.py 162.144.4.133
66.249.77.201 - - [25/Nov/2024:09:08:40 -0600] "GET /wp-crom.php?commoditys/sabbath3089634162?id=71291 HTTP/1.1" 404 7625 "-" "Mozilla/5.0 (Linux; Android 6.0.1; Nexus 5X Build/MMB29P) AppleWebKit/537.36 (KHTML, like Gecko) Chrome/131.0.6778.69 Mobile Safari/537.36 (compatible; GoogleOther)" mail.aots.org.py 162.144.4.133
40.77.167.15 - - [25/Nov/2024:09:08:50 -0600] "GET /index.php?item/mw245147524?id=37627 HTTP/1.1" 301 - "-" "Mozilla/5.0 AppleWebKit/537.36 (KHTML, like Gecko; compatible; bingbot/2.0; +http://www.bing.com/bingbot.htm) Chrome/116.0.1938.76 Safari/537.36" aots.org.py 162.144.4.133
66.249.77.201 - - [25/Nov/2024:09:09:01 -0600] "GET /commoditys/bullshit2503098354?id=91924 HTTP/1.1" 404 7625 "-" "Mozilla/5.0 (Linux; Android 6.0.1; Nexus 5X Build/MMB29P) AppleWebKit/537.36 (KHTML, like Gecko) Chrome/131.0.6778.69 Mobile Safari/537.36 (compatible; GoogleOther)" mail.aots.org.py 162.144.4.133
66.249.77.201 - - [25/Nov/2024:09:09:22 -0600] "GET /commoditys/booking2481823252?id=16351 HTTP/1.1" 404 7625 "-" "Mozilla/5.0 (Linux; Android 6.0.1; Nexus 5X Build/MMB29P) AppleWebKit/537.36 (KHTML, like Gecko) Chrome/131.0.6778.69 Mobile Safari/537.36 (compatible; GoogleOther)" mail.aots.org.py 162.144.4.133
66.249.77.201 - - [25/Nov/2024:09:09:44 -0600] "GET /commoditys/yi2492355877?id=79502 HTTP/1.1" 404 7625 "-" "Mozilla/5.0 (Linux; Android 6.0.1; Nexus 5X Build/MMB29P) AppleWebKit/537.36 (KHTML, like Gecko) Chrome/131.0.6778.69 Mobile Safari/537.36 (compatible; GoogleOther)" mail.aots.org.py 162.144.4.133
66.249.77.201 - - [25/Nov/2024:09:10:03 -0600] "GET /wp-crom.php?mobile/commoditys/severely7221231615?id=58136 HTTP/1.1" 404 7625 "-" "Mozilla/5.0 (Linux; Android 6.0.1; Nexus 5X Build/MMB29P) AppleWebKit/537.36 (KHTML, like Gecko) Chrome/131.0.6778.69 Mobile Safari/537.36 (compatible; Googlebot/2.1; +http://www.google.com/bot.html)" mail.aots.org.py 162.144.4.133
66.249.77.193 - - [25/Nov/2024:09:10:05 -0600] "GET /commoditys/fountain2471168062?id=40368 HTTP/1.1" 404 7625 "-" "Mozilla/5.0 (Linux; Android 6.0.1; Nexus 5X Build/MMB29P) AppleWebKit/537.36 (KHTML, like Gecko) Chrome/131.0.6778.69 Mobile Safari/537.36 (compatible; GoogleOther)" mail.aots.org.py 162.144.4.133
66.249.77.192 - - [25/Nov/2024:09:10:26 -0600] "GET /commoditys/sap2503047499?id=37647 HTTP/1.1" 404 7625 "-" "Mozilla/5.0 (Linux; Android 6.0.1; Nexus 5X Build/MMB29P) AppleWebKit/537.36 (KHTML, like Gecko) Chrome/131.0.6778.69 Mobile Safari/537.36 (compatible; GoogleOther)" mail.aots.org.py 162.144.4.133
162.144.4.133 - - [25/Nov/2024:09:10:47 -0600] "POST /wp-cron.php?doing_wp_cron=1732547447.2346510887145996093750 HTTP/1.1" 200 - "-" "WordPress/6.7.1; http://www.aots.org.py" www.aots.org.py 162.144.4.133
66.249.77.201 - - [25/Nov/2024:09:10:47 -0600] "GET /commoditys/nextel2448900?id=44500 HTTP/1.1" 404 7625 "-" "Mozilla/5.0 (Linux; Android 6.0.1; Nexus 5X Build/MMB29P) AppleWebKit/537.36 (KHTML, like Gecko) Chrome/131.0.6778.69 Mobile Safari/537.36 (compatible; GoogleOther)" mail.aots.org.py 162.144.4.133
66.249.77.201 - - [25/Nov/2024:09:11:08 -0600] "GET /commoditys/shields245312348?id=61755 HTTP/1.1" 404 7625 "-" "Mozilla/5.0 (Linux; Android 6.0.1; Nexus 5X Build/MMB29P) AppleWebKit/537.36 (KHTML, like Gecko) Chrome/131.0.6778.69 Mobile Safari/537.36 (compatible; GoogleOther)" mail.aots.org.py 162.144.4.133
66.249.77.201 - - [25/Nov/2024:09:11:29 -0600] "GET /wp-crom.php?mobile/commoditys/simmons3089650928?id=55122 HTTP/1.1" 404 7625 "-" "Mozilla/5.0 (Linux; Android 6.0.1; Nexus 5X Build/MMB29P) AppleWebKit/537.36 (KHTML, like Gecko) Chrome/131.0.6778.69 Mobile Safari/537.36 (compatible; GoogleOther)" mail.aots.org.py 162.144.4.133
66.249.77.201 - - [25/Nov/2024:09:11:50 -0600] "GET /commoditys/og2523689238?id=46374 HTTP/1.1" 404 7625 "-" "Mozilla/5.0 (Linux; Android 6.0.1; Nexus 5X Build/MMB29P) AppleWebKit/537.36 (KHTML, like Gecko) Chrome/131.0.6778.69 Mobile Safari/537.36 (compatible; GoogleOther)" mail.aots.org.py 162.144.4.133
66.249.77.192 - - [25/Nov/2024:09:12:11 -0600] "GET /commoditys/streak2503033142?id=65861 HTTP/1.1" 404 7625 "-" "Mozilla/5.0 (Linux; Android 6.0.1; Nexus 5X Build/MMB29P) AppleWebKit/537.36 (KHTML, like Gecko) Chrome/131.0.6778.69 Mobile Safari/537.36 (compatible; GoogleOther)" mail.aots.org.py 162.144.4.133
47.128.114.233 - - [25/Nov/2024:09:12:13 -0600] "GET /robots.txt HTTP/1.1" 406 226 "-" "Mozilla/5.0 (Linux; Android 5.0) AppleWebKit/537.36 (KHTML, like Gecko) Mobile Safari/537.36 (compatible; Bytespider; spider-feedback@bytedance.com)" aots.org.py 162.144.4.133
66.249.77.201 - - [25/Nov/2024:09:12:25 -0600] "GET /wp-crom.php?mobile/commoditys/kpx3005936763?id=84111 HTTP/1.1" 404 7625 "-" "Mozilla/5.0 (Linux; Android 6.0.1; Nexus 5X Build/MMB29P) AppleWebKit/537.36 (KHTML, like Gecko) Chrome/131.0.6778.69 Mobile Safari/537.36 (compatible; GoogleOther)" mail.aots.org.py 162.144.4.133
66.249.77.201 - - [25/Nov/2024:09:12:32 -0600] "GET /commoditys/convinced245188932?id=44669 HTTP/1.1" 404 7625 "-" "Mozilla/5.0 (Linux; Android 6.0.1; Nexus 5X Build/MMB29P) AppleWebKit/537.36 (KHTML, like Gecko) Chrome/131.0.6778.69 Mobile Safari/537.36 (compatible; GoogleOther)" mail.aots.org.py 162.144.4.133
66.249.77.201 - - [25/Nov/2024:09:12:43 -0600] "GET /wp-crom.php?commoditys/ladder7284269459?id=47508 HTTP/1.1" 404 7625 "-" "Mozilla/5.0 (Linux; Android 6.0.1; Nexus 5X Build/MMB29P) AppleWebKit/537.36 (KHTML, like Gecko) Chrome/131.0.6778.69 Mobile Safari/537.36 (compatible; Googlebot/2.1; +http://www.google.com/bot.html)" mail.aots.org.py 162.144.4.133
66.249.77.201 - - [25/Nov/2024:09:12:53 -0600] "GET /commoditys/attend24443606?id=18032 HTTP/1.1" 404 7625 "-" "Mozilla/5.0 (Linux; Android 6.0.1; Nexus 5X Build/MMB29P) AppleWebKit/537.36 (KHTML, like Gecko) Chrome/131.0.6778.69 Mobile Safari/537.36 (compatible; GoogleOther)" mail.aots.org.py 162.144.4.133
66.249.77.192 - - [25/Nov/2024:09:13:14 -0600] "GET /commoditys/cages24417836?id=89180 HTTP/1.1" 404 7625 "-" "Mozilla/5.0 (Linux; Android 6.0.1; Nexus 5X Build/MMB29P) AppleWebKit/537.36 (KHTML, like Gecko) Chrome/131.0.6778.69 Mobile Safari/537.36 (compatible; GoogleOther)" mail.aots.org.py 162.144.4.133
40.77.167.57 - - [25/Nov/2024:09:13:27 -0600] "GET /index.php?item/toshiba2492363858?id=19408 HTTP/1.1" 301 - "-" "Mozilla/5.0 AppleWebKit/537.36 (KHTML, like Gecko; compatible; bingbot/2.0; +http://www.bing.com/bingbot.htm) Chrome/116.0.1938.76 Safari/537.36" aots.org.py 162.144.4.133
66.249.77.201 - - [25/Nov/2024:09:13:35 -0600] "GET /commoditys/tap2503046827?id=34287 HTTP/1.1" 404 7625 "-" "Mozilla/5.0 (Linux; Android 6.0.1; Nexus 5X Build/MMB29P) AppleWebKit/537.36 (KHTML, like Gecko) Chrome/131.0.6778.69 Mobile Safari/537.36 (compatible; GoogleOther)" mail.aots.org.py 162.144.4.133
66.249.77.201 - - [25/Nov/2024:09:13:56 -0600] "GET /wp-crom.php?mobile/commoditys/compensated72018523?id=92615 HTTP/1.1" 404 7625 "-" "Mozilla/5.0 (Linux; Android 6.0.1; Nexus 5X Build/MMB29P) AppleWebKit/537.36 (KHTML, like Gecko) Chrome/131.0.6778.69 Mobile Safari/537.36 (compatible; GoogleOther)" mail.aots.org.py 162.144.4.133
66.249.77.201 - - [25/Nov/2024:09:14:25 -0600] "GET /commoditys/handsfree246616256?id=81310 HTTP/1.1" 404 7625 "-" "Mozilla/5.0 (Linux; Android 6.0.1; Nexus 5X Build/MMB29P) AppleWebKit/537.36 (KHTML, like Gecko) Chrome/131.0.6778.69 Mobile Safari/537.36 (compatible; GoogleOther)" mail.aots.org.py 162.144.4.133
66.249.77.192 - - [25/Nov/2024:09:14:38 -0600] "GET /commoditys/things245240526?id=12642 HTTP/1.1" 404 7625 "-" "Mozilla/5.0 (Linux; Android 6.0.1; Nexus 5X Build/MMB29P) AppleWebKit/537.36 (KHTML, like Gecko) Chrome/131.0.6778.69 Mobile Safari/537.36 (compatible; GoogleOther)" mail.aots.org.py 162.144.4.133
66.249.77.201 - - [25/Nov/2024:09:14:59 -0600] "GET /commoditys/pooh2482092405?id=62129 HTTP/1.1" 404 7625 "-" "Mozilla/5.0 (Linux; Android 6.0.1; Nexus 5X Build/MMB29P) AppleWebKit/537.36 (KHTML, like Gecko) Chrome/131.0.6778.69 Mobile Safari/537.36 (compatible; GoogleOther)" mail.aots.org.py 162.144.4.133
66.249.72.102 - - [25/Nov/2024:09:15:00 -0600] "GET /dagayhtr1215852 HTTP/1.1" 301 - "-" "Mozilla/5.0 (Linux; Android 6.0.1; Nexus 5X Build/MMB29P) AppleWebKit/537.36 (KHTML, like Gecko) Chrome/131.0.6778.69 Mobile Safari/537.36 (compatible; GoogleOther)" aots.org.py 162.144.4.133
66.249.72.163 - - [25/Nov/2024:09:15:00 -0600] "GET /dagayhtr1215852 HTTP/1.1" 404 7606 "-" "Mozilla/5.0 (Linux; Android 6.0.1; Nexus 5X Build/MMB29P) AppleWebKit/537.36 (KHTML, like Gecko) Chrome/131.0.6778.69 Mobile Safari/537.36 (compatible; GoogleOther)" www.aots.org.py 162.144.4.133
66.249.77.201 - - [25/Nov/2024:09:15:20 -0600] "GET /commoditys/ho2481825239?id=26286 HTTP/1.1" 404 7625 "-" "Mozilla/5.0 (Linux; Android 6.0.1; Nexus 5X Build/MMB29P) AppleWebKit/537.36 (KHTML, like Gecko) Chrome/131.0.6778.69 Mobile Safari/537.36 (compatible; GoogleOther)" mail.aots.org.py 162.144.4.133
157.55.39.9 - - [25/Nov/2024:09:15:22 -0600] "GET /thauakc784107 HTTP/1.1" 301 - "-" "Mozilla/5.0 AppleWebKit/537.36 (KHTML, like Gecko; compatible; bingbot/2.0; +http://www.bing.com/bingbot.htm) Chrome/116.0.1938.76 Safari/537.36" aots.org.py 162.144.4.133
66.249.77.201 - - [25/Nov/2024:09:15:41 -0600] "GET /commoditys/lobster24413828?id=69140 HTTP/1.1" 404 7625 "-" "Mozilla/5.0 (Linux; Android 6.0.1; Nexus 5X Build/MMB29P) AppleWebKit/537.36 (KHTML, like Gecko) Chrome/131.0.6778.69 Mobile Safari/537.36 (compatible; GoogleOther)" mail.aots.org.py 162.144.4.133
52.167.144.198 - - [25/Nov/2024:09:15:48 -0600] "GET /commoditys/simulations2523829922?id=49801 HTTP/1.1" 404 7625 "-" "Mozilla/5.0 AppleWebKit/537.36 (KHTML, like Gecko; compatible; bingbot/2.0; +http://www.bing.com/bingbot.htm) Chrome/116.0.1938.76 Safari/537.36" mail.aots.org.py 162.144.4.133
66.249.77.201 - - [25/Nov/2024:09:16:02 -0600] "GET /commoditys/secure2534561299?id=16723 HTTP/1.1" 404 7625 "-" "Mozilla/5.0 (Linux; Android 6.0.1; Nexus 5X Build/MMB29P) AppleWebKit/537.36 (KHTML, like Gecko) Chrome/131.0.6778.69 Mobile Safari/537.36 (compatible; GoogleOther)" mail.aots.org.py 162.144.4.133
47.128.61.102 - - [25/Nov/2024:09:16:12 -0600] "GET /dpcoobfx/phasmophobia-ghost-always-kills-me HTTP/1.1" 406 226 "-" "Mozilla/5.0 (Linux; Android 5.0) AppleWebKit/537.36 (KHTML, like Gecko) Mobile Safari/537.36 (compatible; Bytespider; spider-feedback@bytedance.com)" aots.org.py 162.144.4.133
66.249.77.201 - - [25/Nov/2024:09:16:23 -0600] "GET /commoditys/mel245189604?id=48029 HTTP/1.1" 404 7625 "-" "Mozilla/5.0 (Linux; Android 6.0.1; Nexus 5X Build/MMB29P) AppleWebKit/537.36 (KHTML, like Gecko) Chrome/131.0.6778.69 Mobile Safari/537.36 (compatible; GoogleOther)" mail.aots.org.py 162.144.4.133
66.249.77.201 - - [25/Nov/2024:09:16:34 -0600] "GET /wp-crom.php?mobile/commoditys/depletion2685199579?id=98154 HTTP/1.1" 404 7625 "-" "Mozilla/5.0 (Linux; Android 6.0.1; Nexus 5X Build/MMB29P) AppleWebKit/537.36 (KHTML, like Gecko) Chrome/131.0.6778.69 Mobile Safari/537.36 (compatible; Googlebot/2.1; +http://www.google.com/bot.html)" mail.aots.org.py 162.144.4.133
66.249.77.201 - - [25/Nov/2024:09:16:36 -0600] "GET /commoditys/bios2534126928?id=34846 HTTP/1.1" 404 7625 "-" "Mozilla/5.0 (Linux; Android 6.0.1; Nexus 5X Build/MMB29P) AppleWebKit/537.36 (KHTML, like Gecko) Chrome/131.0.6778.85 Mobile Safari/537.36 (compatible; Googlebot/2.1; +http://www.google.com/bot.html)" mail.aots.org.py 162.144.4.133
66.249.77.201 - - [25/Nov/2024:09:16:45 -0600] "GET /commoditys/loving246786099?id=30534 HTTP/1.1" 404 7625 "-" "Mozilla/5.0 (Linux; Android 6.0.1; Nexus 5X Build/MMB29P) AppleWebKit/537.36 (KHTML, like Gecko) Chrome/131.0.6778.69 Mobile Safari/537.36 (compatible; GoogleOther)" mail.aots.org.py 162.144.4.133
66.249.77.192 - - [25/Nov/2024:09:17:06 -0600] "GET /commoditys/claus2492155265?id=76432 HTTP/1.1" 404 7625 "-" "Mozilla/5.0 (Linux; Android 6.0.1; Nexus 5X Build/MMB29P) AppleWebKit/537.36 (KHTML, like Gecko) Chrome/131.0.6778.69 Mobile Safari/537.36 (compatible; GoogleOther)" mail.aots.org.py 162.144.4.133
103.167.217.137 - - [25/Nov/2024:09:17:25 -0600] "GET /wp-login.php HTTP/1.1" 409 83 "-" "Mozilla/5.0 (X11; Fedora; Linux x86_64; rv:94.0) Gecko/20100101 Firefox/95.0" mail.aots.org.py 162.144.4.133
66.249.77.192 - - [25/Nov/2024:09:17:27 -0600] "GET /wp-crom.php?mobile/commoditys/sober72019531?id=97655 HTTP/1.1" 404 7625 "-" "Mozilla/5.0 (Linux; Android 6.0.1; Nexus 5X Build/MMB29P) AppleWebKit/537.36 (KHTML, like Gecko) Chrome/131.0.6778.69 Mobile Safari/537.36 (compatible; GoogleOther)" mail.aots.org.py 162.144.4.133
66.249.77.201 - - [25/Nov/2024:09:17:48 -0600] "GET /commoditys/gam2502699217?id=96219 HTTP/1.1" 404 7625 "-" "Mozilla/5.0 (Linux; Android 6.0.1; Nexus 5X Build/MMB29P) AppleWebKit/537.36 (KHTML, like Gecko) Chrome/131.0.6778.69 Mobile Safari/537.36 (compatible; GoogleOther)" mail.aots.org.py 162.144.4.133
66.249.77.201 - - [25/Nov/2024:09:17:52 -0600] "GET /wp-crom.php?mobile/commoditys/networking3047601788?id=19320 HTTP/1.1" 404 7625 "-" "Mozilla/5.0 (Linux; Android 6.0.1; Nexus 5X Build/MMB29P) AppleWebKit/537.36 (KHTML, like Gecko) Chrome/131.0.6778.69 Mobile Safari/537.36 (compatible; Googlebot/2.1; +http://www.google.com/bot.html)" mail.aots.org.py 162.144.4.133
66.249.77.192 - - [25/Nov/2024:09:18:09 -0600] "GET /commoditys/sudan2503087018?id=35244 HTTP/1.1" 404 7625 "-" "Mozilla/5.0 (Linux; Android 6.0.1; Nexus 5X Build/MMB29P) AppleWebKit/537.36 (KHTML, like Gecko) Chrome/131.0.6778.69 Mobile Safari/537.36 (compatible; GoogleOther)" mail.aots.org.py 162.144.4.133
66.249.77.192 - - [25/Nov/2024:09:18:35 -0600] "GET /commoditys/columbus245344198?id=21007 HTTP/1.1" 404 7625 "-" "Mozilla/5.0 (Linux; Android 6.0.1; Nexus 5X Build/MMB29P) AppleWebKit/537.36 (KHTML, like Gecko) Chrome/131.0.6778.69 Mobile Safari/537.36 (compatible; GoogleOther)" mail.aots.org.py 162.144.4.133
162.144.4.133 - - [25/Nov/2024:09:18:56 -0600] "POST /wp-cron.php?doing_wp_cron=1732547936.1058030128479003906250 HTTP/1.1" 200 - "-" "WordPress/6.7.1; http://www.aots.org.py" www.aots.org.py 162.144.4.133
40.77.167.46 - - [25/Nov/2024:09:18:56 -0600] "GET /index.php?item/css2513203839?id=19355 HTTP/1.1" 301 - "-" "Mozilla/5.0 AppleWebKit/537.36 (KHTML, like Gecko; compatible; bingbot/2.0; +http://www.bing.com/bingbot.htm) Chrome/116.0.1938.76 Safari/537.36" aots.org.py 162.144.4.133
66.249.77.192 - - [25/Nov/2024:09:19:01 -0600] "GET /commoditys/male246621209?id=16076 HTTP/1.1" 404 7625 "-" "Mozilla/5.0 (Linux; Android 6.0.1; Nexus 5X Build/MMB29P) AppleWebKit/537.36 (KHTML, like Gecko) Chrome/131.0.6778.69 Mobile Safari/537.36 (compatible; GoogleOther)" mail.aots.org.py 162.144.4.133
66.249.77.192 - - [25/Nov/2024:09:19:27 -0600] "GET /commoditys/caring2482007824?id=39220 HTTP/1.1" 404 7625 "-" "Mozilla/5.0 (Linux; Android 6.0.1; Nexus 5X Build/MMB29P) AppleWebKit/537.36 (KHTML, like Gecko) Chrome/131.0.6778.69 Mobile Safari/537.36 (compatible; GoogleOther)" mail.aots.org.py 162.144.4.133
66.249.77.201 - - [25/Nov/2024:09:19:53 -0600] "GET /commoditys/leak2481890169?id=50939 HTTP/1.1" 404 7625 "-" "Mozilla/5.0 (Linux; Android 6.0.1; Nexus 5X Build/MMB29P) AppleWebKit/537.36 (KHTML, like Gecko) Chrome/131.0.6778.69 Mobile Safari/537.36 (compatible; GoogleOther)" mail.aots.org.py 162.144.4.133
47.128.31.173 - - [25/Nov/2024:09:20:13 -0600] "GET /robots.txt HTTP/1.1" 406 226 "-" "Mozilla/5.0 (Linux; Android 5.0) AppleWebKit/537.36 (KHTML, like Gecko) Mobile Safari/537.36 (compatible; Bytespider; spider-feedback@bytedance.com)" aots.org.py 162.144.4.133
66.249.77.192 - - [25/Nov/2024:09:20:19 -0600] "GET /commoditys/fauna2523616134?id=80850 HTTP/1.1" 404 7625 "-" "Mozilla/5.0 (Linux; Android 6.0.1; Nexus 5X Build/MMB29P) AppleWebKit/537.36 (KHTML, like Gecko) Chrome/131.0.6778.69 Mobile Safari/537.36 (compatible; GoogleOther)" mail.aots.org.py 162.144.4.133
66.249.77.201 - - [25/Nov/2024:09:20:45 -0600] "GET /commoditys/attempt2481823055?id=15366 HTTP/1.1" 404 7625 "-" "Mozilla/5.0 (Linux; Android 6.0.1; Nexus 5X Build/MMB29P) AppleWebKit/537.36 (KHTML, like Gecko) Chrome/131.0.6778.69 Mobile Safari/537.36 (compatible; GoogleOther)" mail.aots.org.py 162.144.4.133
66.249.77.193 - - [25/Nov/2024:09:21:10 -0600] "GET /wp-crom.php?mobile/commoditys/dorm72017347?id=86735 HTTP/1.1" 404 7625 "-" "Mozilla/5.0 (Linux; Android 6.0.1; Nexus 5X Build/MMB29P) AppleWebKit/537.36 (KHTML, like Gecko) Chrome/131.0.6778.69 Mobile Safari/537.36 (compatible; GoogleOther)" mail.aots.org.py 162.144.4.133
66.249.77.201 - - [25/Nov/2024:09:21:36 -0600] "GET /commoditys/leaning2513176054?id=80428 HTTP/1.1" 404 7625 "-" "Mozilla/5.0 (Linux; Android 6.0.1; Nexus 5X Build/MMB29P) AppleWebKit/537.36 (KHTML, like Gecko) Chrome/131.0.6778.69 Mobile Safari/537.36 (compatible; GoogleOther)" mail.aots.org.py 162.144.4.133
66.249.77.193 - - [25/Nov/2024:09:22:02 -0600] "GET /commoditys/ancestry2481912079?id=60490 HTTP/1.1" 404 7625 "-" "Mozilla/5.0 (Linux; Android 6.0.1; Nexus 5X Build/MMB29P) AppleWebKit/537.36 (KHTML, like Gecko) Chrome/131.0.6778.69 Mobile Safari/537.36 (compatible; GoogleOther)" mail.aots.org.py 162.144.4.133
66.249.77.201 - - [25/Nov/2024:09:22:28 -0600] "GET /commoditys/substance2503044307?id=21687 HTTP/1.1" 404 7625 "-" "Mozilla/5.0 (Linux; Android 6.0.1; Nexus 5X Build/MMB29P) AppleWebKit/537.36 (KHTML, like Gecko) Chrome/131.0.6778.69 Mobile Safari/537.36 (compatible; GoogleOther)" mail.aots.org.py 162.144.4.133
66.249.77.201 - - [25/Nov/2024:09:22:55 -0600] "GET /commoditys/debug2534446364?id=32042 HTTP/1.1" 404 7625 "-" "Mozilla/5.0 (Linux; Android 6.0.1; Nexus 5X Build/MMB29P) AppleWebKit/537.36 (KHTML, like Gecko) Chrome/131.0.6778.69 Mobile Safari/537.36 (compatible; GoogleOther)" mail.aots.org.py 162.144.4.133
66.249.77.193 - - [25/Nov/2024:09:23:06 -0600] "GET /wp-crom.php?mobile/commoditys/protect7231662156?id=10863 HTTP/1.1" 404 7625 "-" "Mozilla/5.0 (Linux; Android 6.0.1; Nexus 5X Build/MMB29P) AppleWebKit/537.36 (KHTML, like Gecko) Chrome/131.0.6778.69 Mobile Safari/537.36 (compatible; Googlebot/2.1; +http://www.google.com/bot.html)" mail.aots.org.py 162.144.4.133
66.249.77.201 - - [25/Nov/2024:09:23:20 -0600] "GET /commoditys/giant2503044139?id=20847 HTTP/1.1" 404 7625 "-" "Mozilla/5.0 (Linux; Android 6.0.1; Nexus 5X Build/MMB29P) AppleWebKit/537.36 (KHTML, like Gecko) Chrome/131.0.6778.69 Mobile Safari/537.36 (compatible; GoogleOther)" mail.aots.org.py 162.144.4.133
66.249.77.201 - - [25/Nov/2024:09:23:46 -0600] "GET /commoditys/er2502964125?id=20773 HTTP/1.1" 404 7625 "-" "Mozilla/5.0 (Linux; Android 6.0.1; Nexus 5X Build/MMB29P) AppleWebKit/537.36 (KHTML, like Gecko) Chrome/131.0.6778.69 Mobile Safari/537.36 (compatible; GoogleOther)" mail.aots.org.py 162.144.4.133
66.249.77.193 - - [25/Nov/2024:09:24:12 -0600] "GET /commoditys/registrations2471533381?id=66981 HTTP/1.1" 404 7625 "-" "Mozilla/5.0 (Linux; Android 6.0.1; Nexus 5X Build/MMB29P) AppleWebKit/537.36 (KHTML, like Gecko) Chrome/131.0.6778.69 Mobile Safari/537.36 (compatible; GoogleOther)" mail.aots.org.py 162.144.4.133
66.249.77.192 - - [25/Nov/2024:09:24:39 -0600] "GET /commoditys/builder2503044811?id=24207 HTTP/1.1" 404 7625 "-" "Mozilla/5.0 (Linux; Android 6.0.1; Nexus 5X Build/MMB29P) AppleWebKit/537.36 (KHTML, like Gecko) Chrome/131.0.6778.69 Mobile Safari/537.36 (compatible; GoogleOther)" mail.aots.org.py 162.144.4.133
66.249.77.193 - - [25/Nov/2024:09:25:04 -0600] "GET /commoditys/spelled246619475?id=97405 HTTP/1.1" 404 7625 "-" "Mozilla/5.0 (Linux; Android 6.0.1; Nexus 5X Build/MMB29P) AppleWebKit/537.36 (KHTML, like Gecko) Chrome/131.0.6778.69 Mobile Safari/537.36 (compatible; GoogleOther)" mail.aots.org.py 162.144.4.133
66.249.77.201 - - [25/Nov/2024:09:25:30 -0600] "GET /commoditys/accommodate2492208015?id=40185 HTTP/1.1" 404 7625 "-" "Mozilla/5.0 (Linux; Android 6.0.1; Nexus 5X Build/MMB29P) AppleWebKit/537.36 (KHTML, like Gecko) Chrome/131.0.6778.69 Mobile Safari/537.36 (compatible; GoogleOther)" mail.aots.org.py 162.144.4.133
66.249.77.201 - - [25/Nov/2024:09:25:56 -0600] "GET /commoditys/urgency24416156?id=80780 HTTP/1.1" 404 7625 "-" "Mozilla/5.0 (Linux; Android 6.0.1; Nexus 5X Build/MMB29P) AppleWebKit/537.36 (KHTML, like Gecko) Chrome/131.0.6778.69 Mobile Safari/537.36 (compatible; GoogleOther)" mail.aots.org.py 162.144.4.133
66.249.77.192 - - [25/Nov/2024:09:26:22 -0600] "GET /commoditys/dubai246928963?id=44861 HTTP/1.1" 404 7625 "-" "Mozilla/5.0 (Linux; Android 6.0.1; Nexus 5X Build/MMB29P) AppleWebKit/537.36 (KHTML, like Gecko) Chrome/131.0.6778.69 Mobile Safari/537.36 (compatible; GoogleOther)" mail.aots.org.py 162.144.4.133
66.249.77.193 - - [25/Nov/2024:09:26:24 -0600] "GET /wp-crom.php?commoditys/paved3026817996?id=90320 HTTP/1.1" 404 7625 "-" "Mozilla/5.0 (Linux; Android 6.0.1; Nexus 5X Build/MMB29P) AppleWebKit/537.36 (KHTML, like Gecko) Chrome/131.0.6778.69 Mobile Safari/537.36 (compatible; Googlebot/2.1; +http://www.google.com/bot.html)" mail.aots.org.py 162.144.4.133
157.55.39.57 - - [25/Nov/2024:09:26:32 -0600] "GET /?item%2Fmach2492576702%3Fid=83638 HTTP/1.1" 200 16906 "-" "Mozilla/5.0 AppleWebKit/537.36 (KHTML, like Gecko; compatible; bingbot/2.0; +http://www.bing.com/bingbot.htm) Chrome/116.0.1938.76 Safari/537.36" www.aots.org.py 162.144.4.133
66.249.77.192 - - [25/Nov/2024:09:26:48 -0600] "GET /wp-crom.php?mobile/commoditys/younger7231545421?id=27182 HTTP/1.1" 404 7625 "-" "Mozilla/5.0 (Linux; Android 6.0.1; Nexus 5X Build/MMB29P) AppleWebKit/537.36 (KHTML, like Gecko) Chrome/131.0.6778.69 Mobile Safari/537.36 (compatible; GoogleOther)" mail.aots.org.py 162.144.4.133
66.249.77.201 - - [25/Nov/2024:09:26:55 -0600] "GET /wp-crom.php?mobile/commoditys/horizontal3079185890?id=29909 HTTP/1.1" 404 7625 "-" "Mozilla/5.0 (Linux; Android 6.0.1; Nexus 5X Build/MMB29P) AppleWebKit/537.36 (KHTML, like Gecko) Chrome/131.0.6778.69 Mobile Safari/537.36 (compatible; Googlebot/2.1; +http://www.google.com/bot.html)" mail.aots.org.py 162.144.4.133
62.72.44.67 - - [25/Nov/2024:09:27:09 -0600] "GET / HTTP/1.1" 301 - "-" "Go-http-client/1.1" aots.org.py 162.144.4.133
62.72.44.67 - - [25/Nov/2024:09:27:10 -0600] "GET / HTTP/1.1" 200 11125 "http://aots.org.py/" "Go-http-client/1.1" www.aots.org.py 162.144.4.133
62.72.44.67 - - [25/Nov/2024:09:27:11 -0600] "GET //woh.php HTTP/1.1" 301 - "-" "Go-http-client/1.1" aots.org.py 162.144.4.133
