芝麻web文件管理V1.00
编辑当前文件:/home4/randall/access-logs/aots.realidadficticia.com
66.249.77.201 - - [27/Nov/2024:06:08:40 -0600] "GET /commoditys/tycoon2523835590?id=78141 HTTP/1.1" 404 7625 "-" "Mozilla/5.0 (Linux; Android 6.0.1; Nexus 5X Build/MMB29P) AppleWebKit/537.36 (KHTML, like Gecko) Chrome/131.0.6778.69 Mobile Safari/537.36 (compatible; GoogleOther)" mail.aots.org.py 162.144.4.133
52.167.144.167 - - [27/Nov/2024:06:09:52 -0600] "GET /index.php?item/fears2492348690?id=43567 HTTP/1.1" 301 - "-" "Mozilla/5.0 AppleWebKit/537.36 (KHTML, like Gecko; compatible; bingbot/2.0; +http://www.bing.com/bingbot.htm) Chrome/116.0.1938.76 Safari/537.36" aots.org.py 162.144.4.133
40.77.167.157 - - [27/Nov/2024:06:10:01 -0600] "GET /levigd869138 HTTP/1.1" 404 7606 "-" "Mozilla/5.0 AppleWebKit/537.36 (KHTML, like Gecko; compatible; bingbot/2.0; +http://www.bing.com/bingbot.htm) Chrome/116.0.1938.76 Safari/537.36" www.aots.org.py 162.144.4.133
52.167.144.145 - - [27/Nov/2024:06:10:03 -0600] "GET /index.php?item/aircraft2513263102?id=15673 HTTP/1.1" 301 - "-" "Mozilla/5.0 AppleWebKit/537.36 (KHTML, like Gecko; compatible; bingbot/2.0; +http://www.bing.com/bingbot.htm) Chrome/116.0.1938.76 Safari/537.36" aots.org.py 162.144.4.133
52.167.144.215 - - [27/Nov/2024:06:10:40 -0600] "GET /?item%2Fit2492280015%3Fid=10189 HTTP/1.1" 200 16934 "-" "Mozilla/5.0 AppleWebKit/537.36 (KHTML, like Gecko; compatible; bingbot/2.0; +http://www.bing.com/bingbot.htm) Chrome/116.0.1938.76 Safari/537.36" www.aots.org.py 162.144.4.133
162.144.4.133 - - [27/Nov/2024:06:11:19 -0600] "POST /wp-cron.php?doing_wp_cron=1732709479.7603249549865722656250 HTTP/1.1" 200 - "-" "WordPress/6.7.1; http://www.aots.org.py" www.aots.org.py 162.144.4.133
66.249.77.192 - - [27/Nov/2024:06:11:19 -0600] "GET /commoditys/prosecutors2523776697?id=83673 HTTP/1.1" 404 7625 "-" "Mozilla/5.0 (Linux; Android 6.0.1; Nexus 5X Build/MMB29P) AppleWebKit/537.36 (KHTML, like Gecko) Chrome/131.0.6778.69 Mobile Safari/537.36 (compatible; GoogleOther)" mail.aots.org.py 162.144.4.133
40.77.167.157 - - [27/Nov/2024:06:11:59 -0600] "GET /?item%2Fseller24480606%3Fid=13034 HTTP/1.1" 200 16951 "-" "Mozilla/5.0 AppleWebKit/537.36 (KHTML, like Gecko; compatible; bingbot/2.0; +http://www.bing.com/bingbot.htm) Chrome/116.0.1938.76 Safari/537.36" www.aots.org.py 162.144.4.133
52.167.144.215 - - [27/Nov/2024:06:13:30 -0600] "GET /?item%2Fnfs2534433492%3Fid=67681 HTTP/1.1" 200 16908 "-" "Mozilla/5.0 AppleWebKit/537.36 (KHTML, like Gecko; compatible; bingbot/2.0; +http://www.bing.com/bingbot.htm) Chrome/116.0.1938.76 Safari/537.36" www.aots.org.py 162.144.4.133
66.249.77.193 - - [27/Nov/2024:06:13:58 -0600] "GET /commoditys/wax2481988473?id=42464 HTTP/1.1" 404 7625 "-" "Mozilla/5.0 (Linux; Android 6.0.1; Nexus 5X Build/MMB29P) AppleWebKit/537.36 (KHTML, like Gecko) Chrome/131.0.6778.69 Mobile Safari/537.36 (compatible; GoogleOther)" mail.aots.org.py 162.144.4.133
52.167.144.145 - - [27/Nov/2024:06:15:42 -0600] "GET /?item%2Fpremier2461103563%3Fid=17870 HTTP/1.1" 200 16929 "-" "Mozilla/5.0 AppleWebKit/537.36 (KHTML, like Gecko; compatible; bingbot/2.0; +http://www.bing.com/bingbot.htm) Chrome/116.0.1938.76 Safari/537.36" www.aots.org.py 162.144.4.133
162.144.4.133 - - [27/Nov/2024:06:16:11 -0600] "POST /wp-cron.php?doing_wp_cron=1732709771.8301079273223876953125 HTTP/1.1" 200 - "-" "WordPress/6.7.1; http://www.aots.org.py" www.aots.org.py 162.144.4.133
40.77.167.79 - - [27/Nov/2024:06:16:11 -0600] "GET /radiztfh1225486 HTTP/1.1" 301 - "-" "Mozilla/5.0 AppleWebKit/537.36 (KHTML, like Gecko; compatible; bingbot/2.0; +http://www.bing.com/bingbot.htm) Chrome/116.0.1938.76 Safari/537.36" aots.org.py 162.144.4.133
66.249.77.192 - - [27/Nov/2024:06:16:37 -0600] "GET /commoditys/storage2492160993?id=15073 HTTP/1.1" 404 7625 "-" "Mozilla/5.0 (Linux; Android 6.0.1; Nexus 5X Build/MMB29P) AppleWebKit/537.36 (KHTML, like Gecko) Chrome/131.0.6778.69 Mobile Safari/537.36 (compatible; GoogleOther)" mail.aots.org.py 162.144.4.133
52.167.144.215 - - [27/Nov/2024:06:17:13 -0600] "GET /index.php?item/sofia2534333947?id=69951 HTTP/1.1" 301 - "-" "Mozilla/5.0 AppleWebKit/537.36 (KHTML, like Gecko; compatible; bingbot/2.0; +http://www.bing.com/bingbot.htm) Chrome/116.0.1938.76 Safari/537.36" aots.org.py 162.144.4.133
66.249.77.192 - - [27/Nov/2024:06:17:46 -0600] "GET /wp-crom.php?mobile/commoditys/pushes7273758150?id=90937 HTTP/1.1" 404 7625 "-" "Mozilla/5.0 (Linux; Android 6.0.1; Nexus 5X Build/MMB29P) AppleWebKit/537.36 (KHTML, like Gecko) Chrome/131.0.6778.69 Mobile Safari/537.36 (compatible; Googlebot/2.1; +http://www.google.com/bot.html)" mail.aots.org.py 162.144.4.133
66.249.77.193 - - [27/Nov/2024:06:19:16 -0600] "GET /commoditys/vel2492158809?id=94152 HTTP/1.1" 404 7625 "-" "Mozilla/5.0 (Linux; Android 6.0.1; Nexus 5X Build/MMB29P) AppleWebKit/537.36 (KHTML, like Gecko) Chrome/131.0.6778.69 Mobile Safari/537.36 (compatible; GoogleOther)" mail.aots.org.py 162.144.4.133
52.167.144.145 - - [27/Nov/2024:06:20:01 -0600] "GET /?item%2Fholden245272511%3Fid=62568 HTTP/1.1" 200 16916 "-" "Mozilla/5.0 AppleWebKit/537.36 (KHTML, like Gecko; compatible; bingbot/2.0; +http://www.bing.com/bingbot.htm) Chrome/116.0.1938.76 Safari/537.36" www.aots.org.py 162.144.4.133
66.249.77.193 - - [27/Nov/2024:06:20:25 -0600] "GET /wp-crom.php?commoditys/domain7284140909?id=14752 HTTP/1.1" 404 7625 "-" "Mozilla/5.0 (Linux; Android 6.0.1; Nexus 5X Build/MMB29P) AppleWebKit/537.36 (KHTML, like Gecko) Chrome/131.0.6778.69 Mobile Safari/537.36 (compatible; Googlebot/2.1; +http://www.google.com/bot.html)" mail.aots.org.py 162.144.4.133
204.48.17.36 - - [27/Nov/2024:06:20:52 -0600] "GET /wp-content/db-cache.php HTTP/1.1" 301 - "-" "Mozilla/5.0 (Windows NT 10.0; Win64; x64) AppleWebKit/537.36 (KHTML, like Gecko) Chrome/124.0.0.0 Safari/537.36" aots.org.py 162.144.4.133
204.48.17.36 - - [27/Nov/2024:06:20:52 -0600] "GET /wp-content/db-cache.php HTTP/1.1" 404 28407 "-" "Mozilla/5.0 (Windows NT 10.0; Win64; x64) AppleWebKit/537.36 (KHTML, like Gecko) Chrome/124.0.0.0 Safari/537.36" www.aots.org.py 162.144.4.133
204.48.17.36 - - [27/Nov/2024:06:21:40 -0600] "GET /about.php?key=EnigmaCyberSecurity HTTP/1.1" 301 - "-" "Mozilla/5.0 (Windows NT 10.0; Win64; x64) AppleWebKit/537.36 (KHTML, like Gecko) Chrome/124.0.0.0 Safari/537.36" aots.org.py 162.144.4.133
204.48.17.36 - - [27/Nov/2024:06:21:41 -0600] "GET /about.php?key=EnigmaCyberSecurity HTTP/1.1" 404 28407 "-" "Mozilla/5.0 (Windows NT 10.0; Win64; x64) AppleWebKit/537.36 (KHTML, like Gecko) Chrome/124.0.0.0 Safari/537.36" www.aots.org.py 162.144.4.133
66.249.77.201 - - [27/Nov/2024:06:21:54 -0600] "GET /commoditys/nord2523815315?id=76765 HTTP/1.1" 404 7625 "-" "Mozilla/5.0 (Linux; Android 6.0.1; Nexus 5X Build/MMB29P) AppleWebKit/537.36 (KHTML, like Gecko) Chrome/131.0.6778.69 Mobile Safari/537.36 (compatible; GoogleOther)" mail.aots.org.py 162.144.4.133
40.77.167.38 - - [27/Nov/2024:06:22:13 -0600] "GET /crur2223056 HTTP/1.1" 301 - "-" "Mozilla/5.0 AppleWebKit/537.36 (KHTML, like Gecko; compatible; bingbot/2.0; +http://www.bing.com/bingbot.htm) Chrome/116.0.1938.76 Safari/537.36" aots.org.py 162.144.4.133
66.249.72.104 - - [27/Nov/2024:06:22:36 -0600] "GET /janoxa519088 HTTP/1.1" 301 - "-" "Mozilla/5.0 (Linux; Android 6.0.1; Nexus 5X Build/MMB29P) AppleWebKit/537.36 (KHTML, like Gecko) Chrome/131.0.6778.69 Mobile Safari/537.36 (compatible; GoogleOther)" aots.org.py 162.144.4.133
66.249.72.163 - - [27/Nov/2024:06:22:36 -0600] "GET /janoxa519088 HTTP/1.1" 404 7606 "-" "Mozilla/5.0 (Linux; Android 6.0.1; Nexus 5X Build/MMB29P) AppleWebKit/537.36 (KHTML, like Gecko) Chrome/131.0.6778.69 Mobile Safari/537.36 (compatible; GoogleOther)" www.aots.org.py 162.144.4.133
52.167.144.167 - - [27/Nov/2024:06:23:04 -0600] "GET /?item%2Fcurricular245458375%3Fid=91897 HTTP/1.1" 200 16962 "-" "Mozilla/5.0 AppleWebKit/537.36 (KHTML, like Gecko; compatible; bingbot/2.0; +http://www.bing.com/bingbot.htm) Chrome/116.0.1938.76 Safari/537.36" www.aots.org.py 162.144.4.133
13.75.228.24 - - [27/Nov/2024:06:23:59 -0600] "GET /geju.php HTTP/1.1" 301 - "-" "Mozlila/5.0 (Linux; Android 7.0; SM-G892A Bulid/NRD90M; wv) AppleWebKit/537.36 (KHTML, like Gecko) Version/4.0 Chrome/60.0.3112.107 Moblie Safari/537.36" aots.org.py 162.144.4.133
40.77.167.70 - - [27/Nov/2024:06:24:04 -0600] "GET /index.php?item/painful2524069371?id=47058 HTTP/1.1" 301 - "-" "Mozilla/5.0 AppleWebKit/537.36 (KHTML, like Gecko; compatible; bingbot/2.0; +http://www.bing.com/bingbot.htm) Chrome/116.0.1938.76 Safari/537.36" aots.org.py 162.144.4.133
13.75.228.24 - - [27/Nov/2024:06:24:05 -0600] "GET /geju.php HTTP/1.1" 404 7606 "-" "Mozlila/5.0 (Linux; Android 7.0; SM-G892A Bulid/NRD90M; wv) AppleWebKit/537.36 (KHTML, like Gecko) Version/4.0 Chrome/60.0.3112.107 Moblie Safari/537.36" www.aots.org.py 162.144.4.133
13.75.228.24 - - [27/Nov/2024:06:24:14 -0600] "GET /wp.php HTTP/1.1" 301 - "-" "Mozlila/5.0 (Linux; Android 7.0; SM-G892A Bulid/NRD90M; wv) AppleWebKit/537.36 (KHTML, like Gecko) Version/4.0 Chrome/60.0.3112.107 Moblie Safari/537.36" aots.org.py 162.144.4.133
13.75.228.24 - - [27/Nov/2024:06:24:19 -0600] "GET /wp.php HTTP/1.1" 404 7606 "-" "Mozlila/5.0 (Linux; Android 7.0; SM-G892A Bulid/NRD90M; wv) AppleWebKit/537.36 (KHTML, like Gecko) Version/4.0 Chrome/60.0.3112.107 Moblie Safari/537.36" www.aots.org.py 162.144.4.133
13.75.228.24 - - [27/Nov/2024:06:24:22 -0600] "GET /hoot.php HTTP/1.1" 301 - "-" "Mozlila/5.0 (Linux; Android 7.0; SM-G892A Bulid/NRD90M; wv) AppleWebKit/537.36 (KHTML, like Gecko) Version/4.0 Chrome/60.0.3112.107 Moblie Safari/537.36" aots.org.py 162.144.4.133
13.75.228.24 - - [27/Nov/2024:06:24:26 -0600] "GET /hoot.php HTTP/1.1" 404 7606 "-" "Mozlila/5.0 (Linux; Android 7.0; SM-G892A Bulid/NRD90M; wv) AppleWebKit/537.36 (KHTML, like Gecko) Version/4.0 Chrome/60.0.3112.107 Moblie Safari/537.36" www.aots.org.py 162.144.4.133
66.249.77.201 - - [27/Nov/2024:06:24:33 -0600] "GET /commoditys/partnerships2524085262?id=26514 HTTP/1.1" 404 7625 "-" "Mozilla/5.0 (Linux; Android 6.0.1; Nexus 5X Build/MMB29P) AppleWebKit/537.36 (KHTML, like Gecko) Chrome/131.0.6778.69 Mobile Safari/537.36 (compatible; GoogleOther)" mail.aots.org.py 162.144.4.133
13.75.228.24 - - [27/Nov/2024:06:24:41 -0600] "GET /about.php HTTP/1.1" 301 - "-" "Mozlila/5.0 (Linux; Android 7.0; SM-G892A Bulid/NRD90M; wv) AppleWebKit/537.36 (KHTML, like Gecko) Version/4.0 Chrome/60.0.3112.107 Moblie Safari/537.36" aots.org.py 162.144.4.133
13.75.228.24 - - [27/Nov/2024:06:24:43 -0600] "GET /about.php HTTP/1.1" 404 7606 "-" "Mozlila/5.0 (Linux; Android 7.0; SM-G892A Bulid/NRD90M; wv) AppleWebKit/537.36 (KHTML, like Gecko) Version/4.0 Chrome/60.0.3112.107 Moblie Safari/537.36" www.aots.org.py 162.144.4.133
52.167.144.141 - - [27/Nov/2024:06:24:53 -0600] "GET /index.php?item/cont246812920?id=64640 HTTP/1.1" 301 - "-" "Mozilla/5.0 AppleWebKit/537.36 (KHTML, like Gecko; compatible; bingbot/2.0; +http://www.bing.com/bingbot.htm) Chrome/116.0.1938.76 Safari/537.36" aots.org.py 162.144.4.133
13.75.228.24 - - [27/Nov/2024:06:24:54 -0600] "GET /admin.php HTTP/1.1" 301 - "-" "Mozlila/5.0 (Linux; Android 7.0; SM-G892A Bulid/NRD90M; wv) AppleWebKit/537.36 (KHTML, like Gecko) Version/4.0 Chrome/60.0.3112.107 Moblie Safari/537.36" aots.org.py 162.144.4.133
13.75.228.24 - - [27/Nov/2024:06:25:01 -0600] "GET /admin.php HTTP/1.1" 404 7606 "-" "Mozlila/5.0 (Linux; Android 7.0; SM-G892A Bulid/NRD90M; wv) AppleWebKit/537.36 (KHTML, like Gecko) Version/4.0 Chrome/60.0.3112.107 Moblie Safari/537.36" www.aots.org.py 162.144.4.133
13.75.228.24 - - [27/Nov/2024:06:25:09 -0600] "GET /wp-content/plugins/admin.php HTTP/1.1" 301 - "-" "Mozlila/5.0 (Linux; Android 7.0; SM-G892A Bulid/NRD90M; wv) AppleWebKit/537.36 (KHTML, like Gecko) Version/4.0 Chrome/60.0.3112.107 Moblie Safari/537.36" aots.org.py 162.144.4.133
13.75.228.24 - - [27/Nov/2024:06:25:13 -0600] "GET /wp-content/plugins/admin.php HTTP/1.1" 404 7606 "-" "Mozlila/5.0 (Linux; Android 7.0; SM-G892A Bulid/NRD90M; wv) AppleWebKit/537.36 (KHTML, like Gecko) Version/4.0 Chrome/60.0.3112.107 Moblie Safari/537.36" www.aots.org.py 162.144.4.133
66.249.77.193 - - [27/Nov/2024:06:25:20 -0600] "GET /wp-crom.php?commoditys/connectivity3026966122?id=30958 HTTP/1.1" 404 7625 "-" "Mozilla/5.0 (Linux; Android 6.0.1; Nexus 5X Build/MMB29P) AppleWebKit/537.36 (KHTML, like Gecko) Chrome/131.0.6778.69 Mobile Safari/537.36 (compatible; Googlebot/2.1; +http://www.google.com/bot.html)" mail.aots.org.py 162.144.4.133
13.75.228.24 - - [27/Nov/2024:06:25:21 -0600] "GET /wp-content/db-cache.php HTTP/1.1" 301 - "-" "Mozlila/5.0 (Linux; Android 7.0; SM-G892A Bulid/NRD90M; wv) AppleWebKit/537.36 (KHTML, like Gecko) Version/4.0 Chrome/60.0.3112.107 Moblie Safari/537.36" aots.org.py 162.144.4.133
13.75.228.24 - - [27/Nov/2024:06:25:22 -0600] "GET /wp-content/db-cache.php HTTP/1.1" 404 7606 "-" "Mozlila/5.0 (Linux; Android 7.0; SM-G892A Bulid/NRD90M; wv) AppleWebKit/537.36 (KHTML, like Gecko) Version/4.0 Chrome/60.0.3112.107 Moblie Safari/537.36" www.aots.org.py 162.144.4.133
13.75.228.24 - - [27/Nov/2024:06:25:26 -0600] "GET /wp-content/themes/twentyeleven/functions.php HTTP/1.1" 301 - "-" "Mozlila/5.0 (Linux; Android 7.0; SM-G892A Bulid/NRD90M; wv) AppleWebKit/537.36 (KHTML, like Gecko) Version/4.0 Chrome/60.0.3112.107 Moblie Safari/537.36" aots.org.py 162.144.4.133
66.249.77.201 - - [27/Nov/2024:06:25:36 -0600] "GET /wp-crom.php?commoditys/diamonds3006206010?id=30360 HTTP/1.1" 404 7625 "-" "Mozilla/5.0 (Linux; Android 6.0.1; Nexus 5X Build/MMB29P) AppleWebKit/537.36 (KHTML, like Gecko) Chrome/131.0.6778.69 Mobile Safari/537.36 (compatible; Googlebot/2.1; +http://www.google.com/bot.html)" mail.aots.org.py 162.144.4.133
13.75.228.24 - - [27/Nov/2024:06:25:40 -0600] "GET /wp-content/themes/twentyeleven/functions.php HTTP/1.1" 404 7606 "-" "Mozlila/5.0 (Linux; Android 7.0; SM-G892A Bulid/NRD90M; wv) AppleWebKit/537.36 (KHTML, like Gecko) Version/4.0 Chrome/60.0.3112.107 Moblie Safari/537.36" www.aots.org.py 162.144.4.133
13.75.228.24 - - [27/Nov/2024:06:25:50 -0600] "GET /wp-content/themes/oceanwp/functions.php HTTP/1.1" 301 - "-" "Mozlila/5.0 (Linux; Android 7.0; SM-G892A Bulid/NRD90M; wv) AppleWebKit/537.36 (KHTML, like Gecko) Version/4.0 Chrome/60.0.3112.107 Moblie Safari/537.36" aots.org.py 162.144.4.133
66.249.77.201 - - [27/Nov/2024:06:25:53 -0600] "GET /wp-crom.php?commoditys/compiling3058131333?id=57071 HTTP/1.1" 404 7625 "-" "Mozilla/5.0 (Linux; Android 6.0.1; Nexus 5X Build/MMB29P) AppleWebKit/537.36 (KHTML, like Gecko) Chrome/131.0.6778.69 Mobile Safari/537.36 (compatible; Googlebot/2.1; +http://www.google.com/bot.html)" mail.aots.org.py 162.144.4.133
13.75.228.24 - - [27/Nov/2024:06:25:54 -0600] "GET /wp-content/themes/oceanwp/functions.php HTTP/1.1" 404 7606 "-" "Mozlila/5.0 (Linux; Android 7.0; SM-G892A Bulid/NRD90M; wv) AppleWebKit/537.36 (KHTML, like Gecko) Version/4.0 Chrome/60.0.3112.107 Moblie Safari/537.36" www.aots.org.py 162.144.4.133
13.75.228.24 - - [27/Nov/2024:06:26:05 -0600] "GET /wp-content/themes/twentythirteen/functions.php HTTP/1.1" 301 - "-" "Mozlila/5.0 (Linux; Android 7.0; SM-G892A Bulid/NRD90M; wv) AppleWebKit/537.36 (KHTML, like Gecko) Version/4.0 Chrome/60.0.3112.107 Moblie Safari/537.36" aots.org.py 162.144.4.133
13.75.228.24 - - [27/Nov/2024:06:26:09 -0600] "GET /wp-content/themes/twentythirteen/functions.php HTTP/1.1" 404 7606 "-" "Mozlila/5.0 (Linux; Android 7.0; SM-G892A Bulid/NRD90M; wv) AppleWebKit/537.36 (KHTML, like Gecko) Version/4.0 Chrome/60.0.3112.107 Moblie Safari/537.36" www.aots.org.py 162.144.4.133
52.167.144.141 - - [27/Nov/2024:06:26:12 -0600] "GET /henxsfe908529 HTTP/1.1" 301 - "-" "Mozilla/5.0 AppleWebKit/537.36 (KHTML, like Gecko; compatible; bingbot/2.0; +http://www.bing.com/bingbot.htm) Chrome/116.0.1938.76 Safari/537.36" aots.org.py 162.144.4.133
40.77.167.255 - - [27/Nov/2024:06:26:21 -0600] "GET /?item%2Furged2481990494%3Fid=52569 HTTP/1.1" 200 16907 "-" "Mozilla/5.0 AppleWebKit/537.36 (KHTML, like Gecko; compatible; bingbot/2.0; +http://www.bing.com/bingbot.htm) Chrome/116.0.1938.76 Safari/537.36" www.aots.org.py 162.144.4.133
66.249.77.192 - - [27/Nov/2024:06:26:26 -0600] "GET /wp-crom.php?commoditys/webcasts7263392161?id=60974 HTTP/1.1" 404 7625 "-" "Mozilla/5.0 (Linux; Android 6.0.1; Nexus 5X Build/MMB29P) AppleWebKit/537.36 (KHTML, like Gecko) Chrome/131.0.6778.69 Mobile Safari/537.36 (compatible; Googlebot/2.1; +http://www.google.com/bot.html)" mail.aots.org.py 162.144.4.133
13.75.228.24 - - [27/Nov/2024:06:26:29 -0600] "GET /wp-content/themes/kadence/functions.php HTTP/1.1" 301 - "-" "Mozlila/5.0 (Linux; Android 7.0; SM-G892A Bulid/NRD90M; wv) AppleWebKit/537.36 (KHTML, like Gecko) Version/4.0 Chrome/60.0.3112.107 Moblie Safari/537.36" aots.org.py 162.144.4.133
13.75.228.24 - - [27/Nov/2024:06:26:32 -0600] "GET /wp-content/themes/kadence/functions.php HTTP/1.1" 404 7606 "-" "Mozlila/5.0 (Linux; Android 7.0; SM-G892A Bulid/NRD90M; wv) AppleWebKit/537.36 (KHTML, like Gecko) Version/4.0 Chrome/60.0.3112.107 Moblie Safari/537.36" www.aots.org.py 162.144.4.133
13.75.228.24 - - [27/Nov/2024:06:26:33 -0600] "GET /wp-content/themes/twentytwenty/functions.php HTTP/1.1" 301 - "-" "Mozlila/5.0 (Linux; Android 7.0; SM-G892A Bulid/NRD90M; wv) AppleWebKit/537.36 (KHTML, like Gecko) Version/4.0 Chrome/60.0.3112.107 Moblie Safari/537.36" aots.org.py 162.144.4.133
13.75.228.24 - - [27/Nov/2024:06:26:34 -0600] "GET /wp-content/themes/twentytwenty/functions.php HTTP/1.1" 404 7606 "-" "Mozlila/5.0 (Linux; Android 7.0; SM-G892A Bulid/NRD90M; wv) AppleWebKit/537.36 (KHTML, like Gecko) Version/4.0 Chrome/60.0.3112.107 Moblie Safari/537.36" www.aots.org.py 162.144.4.133
13.75.228.24 - - [27/Nov/2024:06:26:43 -0600] "GET /wp-content/plugins/about.php HTTP/1.1" 301 - "-" "Mozlila/5.0 (Linux; Android 7.0; SM-G892A Bulid/NRD90M; wv) AppleWebKit/537.36 (KHTML, like Gecko) Version/4.0 Chrome/60.0.3112.107 Moblie Safari/537.36" aots.org.py 162.144.4.133
13.75.228.24 - - [27/Nov/2024:06:26:46 -0600] "GET /wp-content/plugins/about.php HTTP/1.1" 404 7606 "-" "Mozlila/5.0 (Linux; Android 7.0; SM-G892A Bulid/NRD90M; wv) AppleWebKit/537.36 (KHTML, like Gecko) Version/4.0 Chrome/60.0.3112.107 Moblie Safari/537.36" www.aots.org.py 162.144.4.133
66.249.77.192 - - [27/Nov/2024:06:27:12 -0600] "GET /commoditys/unsuccessful2523837102?id=85701 HTTP/1.1" 404 7625 "-" "Mozilla/5.0 (Linux; Android 6.0.1; Nexus 5X Build/MMB29P) AppleWebKit/537.36 (KHTML, like Gecko) Chrome/131.0.6778.69 Mobile Safari/537.36 (compatible; GoogleOther)" mail.aots.org.py 162.144.4.133
66.249.77.201 - - [27/Nov/2024:06:27:33 -0600] "GET /wp-crom.php?commoditys/collection7284140743?id=13922 HTTP/1.1" 404 7625 "-" "Mozilla/5.0 (Linux; Android 6.0.1; Nexus 5X Build/MMB29P) AppleWebKit/537.36 (KHTML, like Gecko) Chrome/131.0.6778.69 Mobile Safari/537.36 (compatible; Googlebot/2.1; +http://www.google.com/bot.html)" mail.aots.org.py 162.144.4.133
52.167.144.141 - - [27/Nov/2024:06:27:54 -0600] "GET /index.php?item/cpus246933596?id=68026 HTTP/1.1" 301 - "-" "Mozilla/5.0 AppleWebKit/537.36 (KHTML, like Gecko; compatible; bingbot/2.0; +http://www.bing.com/bingbot.htm) Chrome/116.0.1938.76 Safari/537.36" aots.org.py 162.144.4.133
66.249.72.104 - - [27/Nov/2024:06:28:49 -0600] "GET /antihwyxr1835532 HTTP/1.1" 301 - "-" "Mozilla/5.0 (Linux; Android 6.0.1; Nexus 5X Build/MMB29P) AppleWebKit/537.36 (KHTML, like Gecko) Chrome/131.0.6778.69 Mobile Safari/537.36 (compatible; GoogleOther)" aots.org.py 162.144.4.133
66.249.72.163 - - [27/Nov/2024:06:28:49 -0600] "GET /antihwyxr1835532 HTTP/1.1" 404 7606 "-" "Mozilla/5.0 (Linux; Android 6.0.1; Nexus 5X Build/MMB29P) AppleWebKit/537.36 (KHTML, like Gecko) Chrome/131.0.6778.69 Mobile Safari/537.36 (compatible; GoogleOther)" www.aots.org.py 162.144.4.133
40.77.167.255 - - [27/Nov/2024:06:29:50 -0600] "GET /?item%2Falmond24455357%3Fid=76787 HTTP/1.1" 200 16952 "-" "Mozilla/5.0 AppleWebKit/537.36 (KHTML, like Gecko; compatible; bingbot/2.0; +http://www.bing.com/bingbot.htm) Chrome/116.0.1938.76 Safari/537.36" www.aots.org.py 162.144.4.133
66.249.77.201 - - [27/Nov/2024:06:29:51 -0600] "GET /commoditys/reflect2513583335?id=16854 HTTP/1.1" 404 7625 "-" "Mozilla/5.0 (Linux; Android 6.0.1; Nexus 5X Build/MMB29P) AppleWebKit/537.36 (KHTML, like Gecko) Chrome/131.0.6778.69 Mobile Safari/537.36 (compatible; GoogleOther)" mail.aots.org.py 162.144.4.133
66.249.77.201 - - [27/Nov/2024:06:30:03 -0600] "GET /commoditys/cain2471377429?id=87213 HTTP/1.1" 404 7625 "-" "Mozilla/5.0 (Linux; Android 6.0.1; Nexus 5X Build/MMB29P) AppleWebKit/537.36 (KHTML, like Gecko) Chrome/131.0.6778.69 Mobile Safari/537.36 (compatible; Googlebot/2.1; +http://www.google.com/bot.html)" mail.aots.org.py 162.144.4.133
40.77.167.255 - - [27/Nov/2024:06:30:13 -0600] "GET /?item%2Fpres2523952708%3Fid=63737 HTTP/1.1" 200 16916 "-" "Mozilla/5.0 AppleWebKit/537.36 (KHTML, like Gecko; compatible; bingbot/2.0; +http://www.bing.com/bingbot.htm) Chrome/116.0.1938.76 Safari/537.36" www.aots.org.py 162.144.4.133
40.77.167.70 - - [27/Nov/2024:06:30:46 -0600] "GET /index.php?item/piracy2492295393?id=77079 HTTP/1.1" 301 - "-" "Mozilla/5.0 AppleWebKit/537.36 (KHTML, like Gecko; compatible; bingbot/2.0; +http://www.bing.com/bingbot.htm) Chrome/116.0.1938.76 Safari/537.36" aots.org.py 162.144.4.133
66.249.77.193 - - [27/Nov/2024:06:33:18 -0600] "GET /commoditys/gov2523652752?id=63942 HTTP/1.1" 404 7625 "-" "Mozilla/5.0 (Linux; Android 6.0.1; Nexus 5X Build/MMB29P) AppleWebKit/537.36 (KHTML, like Gecko) Chrome/131.0.6778.69 Mobile Safari/537.36 (compatible; Googlebot/2.1; +http://www.google.com/bot.html)" mail.aots.org.py 162.144.4.133
66.249.77.201 - - [27/Nov/2024:06:33:46 -0600] "GET /commoditys/employs2513373920?id=69768 HTTP/1.1" 404 7625 "-" "Mozilla/5.0 (Linux; Android 6.0.1; Nexus 5X Build/MMB29P) AppleWebKit/537.36 (KHTML, like Gecko) Chrome/131.0.6778.69 Mobile Safari/537.36 (compatible; GoogleOther)" mail.aots.org.py 162.144.4.133
40.77.167.126 - - [27/Nov/2024:06:34:33 -0600] "GET /index.php?item/cecil245516299?id=81520 HTTP/1.1" 301 - "-" "Mozilla/5.0 AppleWebKit/537.36 (KHTML, like Gecko; compatible; bingbot/2.0; +http://www.bing.com/bingbot.htm) Chrome/116.0.1938.76 Safari/537.36" aots.org.py 162.144.4.133
162.144.4.133 - - [27/Nov/2024:06:35:44 -0600] "POST /wp-cron.php?doing_wp_cron=1732710944.3068199157714843750000 HTTP/1.1" 200 - "-" "WordPress/6.7.1; http://www.aots.org.py" www.aots.org.py 162.144.4.133
66.249.77.201 - - [27/Nov/2024:06:35:44 -0600] "GET /wp-crom.php?commoditys/clusters7294709015?id=45310 HTTP/1.1" 404 7625 "-" "Mozilla/5.0 (Linux; Android 6.0.1; Nexus 5X Build/MMB29P) AppleWebKit/537.36 (KHTML, like Gecko) Chrome/131.0.6778.69 Mobile Safari/537.36 (compatible; Googlebot/2.1; +http://www.google.com/bot.html)" mail.aots.org.py 162.144.4.133
40.77.167.241 - - [27/Nov/2024:06:35:55 -0600] "GET /ajoat704996 HTTP/1.1" 301 - "-" "Mozilla/5.0 AppleWebKit/537.36 (KHTML, like Gecko; compatible; bingbot/2.0; +http://www.bing.com/bingbot.htm) Chrome/116.0.1938.76 Safari/537.36" aots.org.py 162.144.4.133
40.77.167.241 - - [27/Nov/2024:06:35:55 -0600] "GET /index.php?item/enhancing2534608703?id=43745 HTTP/1.1" 301 - "-" "Mozilla/5.0 AppleWebKit/537.36 (KHTML, like Gecko; compatible; bingbot/2.0; +http://www.bing.com/bingbot.htm) Chrome/116.0.1938.76 Safari/537.36" aots.org.py 162.144.4.133
162.144.4.133 - - [27/Nov/2024:06:37:07 -0600] "POST /wp-cron.php?doing_wp_cron=1732711027.2280180454254150390625 HTTP/1.1" 200 - "-" "WordPress/6.7.1; http://www.aots.org.py" www.aots.org.py 162.144.4.133
66.249.77.192 - - [27/Nov/2024:06:37:06 -0600] "GET /commoditys/thin2524004348?id=21940 HTTP/1.1" 404 7625 "-" "Mozilla/5.0 (Linux; Android 6.0.1; Nexus 5X Build/MMB29P) AppleWebKit/537.36 (KHTML, like Gecko) Chrome/131.0.6778.69 Mobile Safari/537.36 (compatible; Googlebot/2.1; +http://www.google.com/bot.html)" mail.aots.org.py 162.144.4.133
66.249.77.201 - - [27/Nov/2024:06:37:41 -0600] "GET /commoditys/monaco245387875?id=39394 HTTP/1.1" 404 7625 "-" "Mozilla/5.0 (Linux; Android 6.0.1; Nexus 5X Build/MMB29P) AppleWebKit/537.36 (KHTML, like Gecko) Chrome/131.0.6778.69 Mobile Safari/537.36 (compatible; GoogleOther)" mail.aots.org.py 162.144.4.133
40.77.167.241 - - [27/Nov/2024:06:40:55 -0600] "GET /index.php?item/boing24458265?id=91327 HTTP/1.1" 301 - "-" "Mozilla/5.0 AppleWebKit/537.36 (KHTML, like Gecko; compatible; bingbot/2.0; +http://www.bing.com/bingbot.htm) Chrome/116.0.1938.76 Safari/537.36" aots.org.py 162.144.4.133
66.249.77.201 - - [27/Nov/2024:06:41:35 -0600] "GET /commoditys/pushed2523768464?id=42508 HTTP/1.1" 404 7625 "-" "Mozilla/5.0 (Linux; Android 6.0.1; Nexus 5X Build/MMB29P) AppleWebKit/537.36 (KHTML, like Gecko) Chrome/131.0.6778.69 Mobile Safari/537.36 (compatible; GoogleOther)" mail.aots.org.py 162.144.4.133
66.249.77.201 - - [27/Nov/2024:06:45:30 -0600] "GET /commoditys/metering2513374088?id=70608 HTTP/1.1" 404 7625 "-" "Mozilla/5.0 (Linux; Android 6.0.1; Nexus 5X Build/MMB29P) AppleWebKit/537.36 (KHTML, like Gecko) Chrome/131.0.6778.69 Mobile Safari/537.36 (compatible; GoogleOther)" mail.aots.org.py 162.144.4.133
186.122.80.79 - - [27/Nov/2024:06:46:45 -0600] "GET /que-es-aots/ HTTP/1.1" 200 9118 "https://www.bing.com/" "Mozilla/5.0 (Windows NT 10.0; Win64; x64) AppleWebKit/537.36 (KHTML, like Gecko) Chrome/131.0.0.0 Safari/537.36 Edg/131.0.0.0" www.aots.org.py 162.144.4.133
186.122.80.79 - - [27/Nov/2024:06:46:46 -0600] "GET /wp-includes/css/dist/block-library/style.min.css?ver=6.7.1 HTTP/1.1" 200 21764 "http://www.aots.org.py/que-es-aots/" "Mozilla/5.0 (Windows NT 10.0; Win64; x64) AppleWebKit/537.36 (KHTML, like Gecko) Chrome/131.0.0.0 Safari/537.36 Edg/131.0.0.0" www.aots.org.py 162.144.4.133
186.122.80.79 - - [27/Nov/2024:06:46:46 -0600] "GET /wp-content/themes/Revoke/style.css?ver=6.7.1 HTTP/1.1" 200 266 "http://www.aots.org.py/que-es-aots/" "Mozilla/5.0 (Windows NT 10.0; Win64; x64) AppleWebKit/537.36 (KHTML, like Gecko) Chrome/131.0.0.0 Safari/537.36 Edg/131.0.0.0" www.aots.org.py 162.144.4.133
186.122.80.79 - - [27/Nov/2024:06:46:46 -0600] "GET /wp-content/themes/Revoke/css/style.css?ver=6.7.1 HTTP/1.1" 200 17861 "http://www.aots.org.py/que-es-aots/" "Mozilla/5.0 (Windows NT 10.0; Win64; x64) AppleWebKit/537.36 (KHTML, like Gecko) Chrome/131.0.0.0 Safari/537.36 Edg/131.0.0.0" www.aots.org.py 162.144.4.133
186.122.80.79 - - [27/Nov/2024:06:46:47 -0600] "GET /wp-includes/js/jquery/jquery-migrate.min.js?ver=3.4.1 HTTP/1.1" 200 5422 "http://www.aots.org.py/que-es-aots/" "Mozilla/5.0 (Windows NT 10.0; Win64; x64) AppleWebKit/537.36 (KHTML, like Gecko) Chrome/131.0.0.0 Safari/537.36 Edg/131.0.0.0" www.aots.org.py 162.144.4.133
186.122.80.79 - - [27/Nov/2024:06:46:47 -0600] "GET /wp-includes/js/jquery/jquery.min.js?ver=3.7.1 HTTP/1.1" 200 38349 "http://www.aots.org.py/que-es-aots/" "Mozilla/5.0 (Windows NT 10.0; Win64; x64) AppleWebKit/537.36 (KHTML, like Gecko) Chrome/131.0.0.0 Safari/537.36 Edg/131.0.0.0" www.aots.org.py 162.144.4.133
186.122.80.79 - - [27/Nov/2024:06:46:47 -0600] "GET /wp-content/themes/Revoke/js/plugins.js HTTP/1.1" 200 2000 "http://www.aots.org.py/que-es-aots/" "Mozilla/5.0 (Windows NT 10.0; Win64; x64) AppleWebKit/537.36 (KHTML, like Gecko) Chrome/131.0.0.0 Safari/537.36 Edg/131.0.0.0" www.aots.org.py 162.144.4.133
186.122.80.79 - - [27/Nov/2024:06:46:47 -0600] "GET /wp-content/uploads/2013/03/revoke.png HTTP/1.1" 200 18333 "http://www.aots.org.py/que-es-aots/" "Mozilla/5.0 (Windows NT 10.0; Win64; x64) AppleWebKit/537.36 (KHTML, like Gecko) Chrome/131.0.0.0 Safari/537.36 Edg/131.0.0.0" www.aots.org.py 162.144.4.133
186.122.80.79 - - [27/Nov/2024:06:46:47 -0600] "GET /wp-content/themes/Revoke/js/script.js HTTP/1.1" 404 7606 "http://www.aots.org.py/que-es-aots/" "Mozilla/5.0 (Windows NT 10.0; Win64; x64) AppleWebKit/537.36 (KHTML, like Gecko) Chrome/131.0.0.0 Safari/537.36 Edg/131.0.0.0" www.aots.org.py 162.144.4.133
186.122.80.79 - - [27/Nov/2024:06:46:47 -0600] "GET /wp-content/plugins/simple-share-buttons-adder/js/ssba.js?ver=1715282206 HTTP/1.1" 200 1231 "http://www.aots.org.py/que-es-aots/" "Mozilla/5.0 (Windows NT 10.0; Win64; x64) AppleWebKit/537.36 (KHTML, like Gecko) Chrome/131.0.0.0 Safari/537.36 Edg/131.0.0.0" www.aots.org.py 162.144.4.133
186.122.80.79 - - [27/Nov/2024:06:46:47 -0600] "GET /wp-includes/js/comment-reply.min.js?ver=6.7.1 HTTP/1.1" 200 1505 "http://www.aots.org.py/que-es-aots/" "Mozilla/5.0 (Windows NT 10.0; Win64; x64) AppleWebKit/537.36 (KHTML, like Gecko) Chrome/131.0.0.0 Safari/537.36 Edg/131.0.0.0" www.aots.org.py 162.144.4.133
186.122.80.79 - - [27/Nov/2024:06:46:47 -0600] "GET /wp-content/themes/Revoke/images/backgrounds/borderline.png HTTP/1.1" 200 2846 "http://www.aots.org.py/wp-content/themes/Revoke/css/style.css?ver=6.7.1" "Mozilla/5.0 (Windows NT 10.0; Win64; x64) AppleWebKit/537.36 (KHTML, like Gecko) Chrome/131.0.0.0 Safari/537.36 Edg/131.0.0.0" www.aots.org.py 162.144.4.133
186.122.80.79 - - [27/Nov/2024:06:46:47 -0600] "GET /wp-content/themes/Revoke/images/options/right_arrow_down.png HTTP/1.1" 200 2849 "http://www.aots.org.py/wp-content/themes/Revoke/css/style.css?ver=6.7.1" "Mozilla/5.0 (Windows NT 10.0; Win64; x64) AppleWebKit/537.36 (KHTML, like Gecko) Chrome/131.0.0.0 Safari/537.36 Edg/131.0.0.0" www.aots.org.py 162.144.4.133
186.122.80.79 - - [27/Nov/2024:06:46:47 -0600] "GET /wp-content/themes/Revoke/images/options/left_arrow_down.png HTTP/1.1" 200 2848 "http://www.aots.org.py/wp-content/themes/Revoke/css/style.css?ver=6.7.1" "Mozilla/5.0 (Windows NT 10.0; Win64; x64) AppleWebKit/537.36 (KHTML, like Gecko) Chrome/131.0.0.0 Safari/537.36 Edg/131.0.0.0" www.aots.org.py 162.144.4.133
186.122.80.79 - - [27/Nov/2024:06:46:47 -0600] "GET /wp-content/themes/Revoke/images/options/bg_arrow_mn_in.png HTTP/1.1" 200 2825 "http://www.aots.org.py/wp-content/themes/Revoke/css/style.css?ver=6.7.1" "Mozilla/5.0 (Windows NT 10.0; Win64; x64) AppleWebKit/537.36 (KHTML, like Gecko) Chrome/131.0.0.0 Safari/537.36 Edg/131.0.0.0" www.aots.org.py 162.144.4.133
186.122.80.79 - - [27/Nov/2024:06:46:48 -0600] "GET /wp-includes/js/wp-emoji-release.min.js?ver=6.7.1 HTTP/1.1" 200 5365 "http://www.aots.org.py/que-es-aots/" "Mozilla/5.0 (Windows NT 10.0; Win64; x64) AppleWebKit/537.36 (KHTML, like Gecko) Chrome/131.0.0.0 Safari/537.36 Edg/131.0.0.0" www.aots.org.py 162.144.4.133
186.122.80.79 - - [27/Nov/2024:06:46:48 -0600] "GET /wp-content/themes/Revoke/images/favicon.ico HTTP/1.1" 200 1150 "http://www.aots.org.py/que-es-aots/" "Mozilla/5.0 (Windows NT 10.0; Win64; x64) AppleWebKit/537.36 (KHTML, like Gecko) Chrome/131.0.0.0 Safari/537.36 Edg/131.0.0.0" www.aots.org.py 162.144.4.133
66.249.77.193 - - [27/Nov/2024:06:47:33 -0600] "GET /commoditys/cardiff246988545?id=42774 HTTP/1.1" 404 7625 "-" "Mozilla/5.0 (Linux; Android 6.0.1; Nexus 5X Build/MMB29P) AppleWebKit/537.36 (KHTML, like Gecko) Chrome/131.0.6778.85 Mobile Safari/537.36 (compatible; Googlebot/2.1; +http://www.google.com/bot.html)" mail.aots.org.py 162.144.4.133
186.122.80.79 - - [27/Nov/2024:06:49:23 -0600] "GET /programas-ofrecidos/ HTTP/1.1" 200 7598 "http://www.aots.org.py/que-es-aots/" "Mozilla/5.0 (Windows NT 10.0; Win64; x64) AppleWebKit/537.36 (KHTML, like Gecko) Chrome/131.0.0.0 Safari/537.36 Edg/131.0.0.0" www.aots.org.py 162.144.4.133
186.122.80.79 - - [27/Nov/2024:06:49:24 -0600] "GET /wp-content/themes/Revoke/js/script.js HTTP/1.1" 404 7606 "http://www.aots.org.py/programas-ofrecidos/" "Mozilla/5.0 (Windows NT 10.0; Win64; x64) AppleWebKit/537.36 (KHTML, like Gecko) Chrome/131.0.0.0 Safari/537.36 Edg/131.0.0.0" www.aots.org.py 162.144.4.133
66.249.77.201 - - [27/Nov/2024:06:49:25 -0600] "GET /commoditys/ogg2492334993?id=75081 HTTP/1.1" 404 7625 "-" "Mozilla/5.0 (Linux; Android 6.0.1; Nexus 5X Build/MMB29P) AppleWebKit/537.36 (KHTML, like Gecko) Chrome/131.0.6778.69 Mobile Safari/537.36 (compatible; GoogleOther)" mail.aots.org.py 162.144.4.133
69.171.231.115 - - [27/Nov/2024:06:49:25 -0600] "GET /robots.txt HTTP/1.1" 200 115 "-" "facebookexternalhit/1.1 (+http://www.facebook.com/externalhit_uatext.php)" www.aots.org.py 162.144.4.133
69.171.231.8 - - [27/Nov/2024:06:49:26 -0600] "GET /programas-ofrecidos/ HTTP/1.1" 200 7598 "-" "facebookexternalhit/1.1 (+http://www.facebook.com/externalhit_uatext.php)" www.aots.org.py 162.144.4.133
69.171.231.113 - - [27/Nov/2024:06:49:27 -0600] "GET /programas-ofrecidos/ HTTP/1.1" 200 31749 "-" "facebookexternalhit/1.1 (+http://www.facebook.com/externalhit_uatext.php)" www.aots.org.py 162.144.4.133
69.171.231.7 - - [27/Nov/2024:06:49:27 -0600] "GET /programas-ofrecidos/ HTTP/1.1" 200 31749 "-" "facebookexternalhit/1.1 (+http://www.facebook.com/externalhit_uatext.php)" www.aots.org.py 162.144.4.133
66.220.149.31 - - [27/Nov/2024:06:49:28 -0600] "GET /wp-admin/ HTTP/1.1" 302 - "-" "facebookexternalhit/1.1 (+http://www.facebook.com/externalhit_uatext.php)" www.aots.org.py 162.144.4.133
66.220.149.29 - - [27/Nov/2024:06:49:29 -0600] "GET /wp-login.php?redirect_to=http%3A%2F%2Fwww.aots.org.py%2Fwp-admin%2F&reauth=1 HTTP/1.1" 200 8418 "-" "facebookexternalhit/1.1 (+http://www.facebook.com/externalhit_uatext.php)" www.aots.org.py 162.144.4.133
52.167.144.161 - - [27/Nov/2024:06:49:34 -0600] "GET /index.php?item/pastel2471477783?id=88988 HTTP/1.1" 301 - "-" "Mozilla/5.0 AppleWebKit/537.36 (KHTML, like Gecko; compatible; bingbot/2.0; +http://www.bing.com/bingbot.htm) Chrome/116.0.1938.76 Safari/537.36" aots.org.py 162.144.4.133
173.252.87.116 - - [27/Nov/2024:06:49:43 -0600] "GET /programas-ofrecidos/ HTTP/1.1" 200 31749 "-" "facebookexternalhit/1.1 (+http://www.facebook.com/externalhit_uatext.php)" www.aots.org.py 162.144.4.133
173.252.87.113 - - [27/Nov/2024:06:49:43 -0600] "GET /programas-ofrecidos/ HTTP/1.1" 200 31749 "-" "facebookexternalhit/1.1 (+http://www.facebook.com/externalhit_uatext.php)" www.aots.org.py 162.144.4.133
186.122.80.79 - - [27/Nov/2024:06:50:03 -0600] "GET /kenshu-centers/ HTTP/1.1" 200 8687 "http://www.aots.org.py/programas-ofrecidos/" "Mozilla/5.0 (Windows NT 10.0; Win64; x64) AppleWebKit/537.36 (KHTML, like Gecko) Chrome/131.0.0.0 Safari/537.36 Edg/131.0.0.0" www.aots.org.py 162.144.4.133
186.122.80.79 - - [27/Nov/2024:06:50:04 -0600] "GET /wp-content/uploads/2013/03/tokio_kenshi-300x191.jpg HTTP/1.1" 200 19039 "http://www.aots.org.py/kenshu-centers/" "Mozilla/5.0 (Windows NT 10.0; Win64; x64) AppleWebKit/537.36 (KHTML, like Gecko) Chrome/131.0.0.0 Safari/537.36 Edg/131.0.0.0" www.aots.org.py 162.144.4.133
186.122.80.79 - - [27/Nov/2024:06:50:04 -0600] "GET /wp-content/themes/Revoke/js/script.js HTTP/1.1" 404 7606 "http://www.aots.org.py/kenshu-centers/" "Mozilla/5.0 (Windows NT 10.0; Win64; x64) AppleWebKit/537.36 (KHTML, like Gecko) Chrome/131.0.0.0 Safari/537.36 Edg/131.0.0.0" www.aots.org.py 162.144.4.133
186.122.80.79 - - [27/Nov/2024:06:50:04 -0600] "GET /wp-content/uploads/2013/03/tokio_kenshu_2.jpg HTTP/1.1" 200 11663 "http://www.aots.org.py/kenshu-centers/" "Mozilla/5.0 (Windows NT 10.0; Win64; x64) AppleWebKit/537.36 (KHTML, like Gecko) Chrome/131.0.0.0 Safari/537.36 Edg/131.0.0.0" www.aots.org.py 162.144.4.133
186.122.80.79 - - [27/Nov/2024:06:50:04 -0600] "GET /wp-content/uploads/2013/03/KANSAI.jpg HTTP/1.1" 200 7154 "http://www.aots.org.py/kenshu-centers/" "Mozilla/5.0 (Windows NT 10.0; Win64; x64) AppleWebKit/537.36 (KHTML, like Gecko) Chrome/131.0.0.0 Safari/537.36 Edg/131.0.0.0" www.aots.org.py 162.144.4.133
186.122.80.79 - - [27/Nov/2024:06:50:05 -0600] "GET /wp-content/uploads/2013/03/chubu.jpg HTTP/1.1" 200 11771 "http://www.aots.org.py/kenshu-centers/" "Mozilla/5.0 (Windows NT 10.0; Win64; x64) AppleWebKit/537.36 (KHTML, like Gecko) Chrome/131.0.0.0 Safari/537.36 Edg/131.0.0.0" www.aots.org.py 162.144.4.133
186.122.80.79 - - [27/Nov/2024:06:50:05 -0600] "GET /wp-content/uploads/2013/03/KANSAI_2-300x186.jpg HTTP/1.1" 200 17763 "http://www.aots.org.py/kenshu-centers/" "Mozilla/5.0 (Windows NT 10.0; Win64; x64) AppleWebKit/537.36 (KHTML, like Gecko) Chrome/131.0.0.0 Safari/537.36 Edg/131.0.0.0" www.aots.org.py 162.144.4.133
186.122.80.79 - - [27/Nov/2024:06:50:05 -0600] "GET /wp-content/uploads/2013/03/chubu_2-300x176.jpg HTTP/1.1" 200 16038 "http://www.aots.org.py/kenshu-centers/" "Mozilla/5.0 (Windows NT 10.0; Win64; x64) AppleWebKit/537.36 (KHTML, like Gecko) Chrome/131.0.0.0 Safari/537.36 Edg/131.0.0.0" www.aots.org.py 162.144.4.133
40.77.167.74 - - [27/Nov/2024:06:50:45 -0600] "GET /?item%2Fang2492452977%3Fid=65007 HTTP/1.1" 200 16913 "-" "Mozilla/5.0 AppleWebKit/537.36 (KHTML, like Gecko; compatible; bingbot/2.0; +http://www.bing.com/bingbot.htm) Chrome/116.0.1938.76 Safari/537.36" www.aots.org.py 162.144.4.133
66.249.77.201 - - [27/Nov/2024:06:52:51 -0600] "GET /wp-crom.php?commoditys/substantially3058067323?id=37018 HTTP/1.1" 404 7625 "-" "Mozilla/5.0 (Linux; Android 6.0.1; Nexus 5X Build/MMB29P) AppleWebKit/537.36 (KHTML, like Gecko) Chrome/131.0.6778.69 Mobile Safari/537.36 (compatible; Googlebot/2.1; +http://www.google.com/bot.html)" mail.aots.org.py 162.144.4.133
52.167.144.207 - - [27/Nov/2024:06:52:59 -0600] "GET /index.php?item/shane2492451378?id=57012 HTTP/1.1" 301 - "-" "Mozilla/5.0 AppleWebKit/537.36 (KHTML, like Gecko; compatible; bingbot/2.0; +http://www.bing.com/bingbot.htm) Chrome/116.0.1938.76 Safari/537.36" aots.org.py 162.144.4.133
66.249.77.201 - - [27/Nov/2024:06:53:07 -0600] "GET /wp-crom.php?mobile/commoditys/if7263280036?id=10344 HTTP/1.1" 404 7625 "-" "Mozilla/5.0 (Linux; Android 6.0.1; Nexus 5X Build/MMB29P) AppleWebKit/537.36 (KHTML, like Gecko) Chrome/131.0.6778.69 Mobile Safari/537.36 (compatible; Googlebot/2.1; +http://www.google.com/bot.html)" mail.aots.org.py 162.144.4.133
66.249.77.192 - - [27/Nov/2024:06:53:20 -0600] "GET /commoditys/buff2492336337?id=81801 HTTP/1.1" 404 7625 "-" "Mozilla/5.0 (Linux; Android 6.0.1; Nexus 5X Build/MMB29P) AppleWebKit/537.36 (KHTML, like Gecko) Chrome/131.0.6778.69 Mobile Safari/537.36 (compatible; GoogleOther)" mail.aots.org.py 162.144.4.133
52.167.144.25 - - [27/Nov/2024:06:54:55 -0600] "GET /index.php?item/mardi244108143?id=40720 HTTP/1.1" 301 - "-" "Mozilla/5.0 AppleWebKit/537.36 (KHTML, like Gecko; compatible; bingbot/2.0; +http://www.bing.com/bingbot.htm) Chrome/116.0.1938.76 Safari/537.36" aots.org.py 162.144.4.133
162.144.4.133 - - [27/Nov/2024:06:57:15 -0600] "POST /wp-cron.php?doing_wp_cron=1732712235.0065391063690185546875 HTTP/1.1" 200 - "-" "WordPress/6.7.1; http://www.aots.org.py" www.aots.org.py 162.144.4.133
66.249.77.192 - - [27/Nov/2024:06:57:14 -0600] "GET /commoditys/hmmm2492334153?id=70881 HTTP/1.1" 404 7625 "-" "Mozilla/5.0 (Linux; Android 6.0.1; Nexus 5X Build/MMB29P) AppleWebKit/537.36 (KHTML, like Gecko) Chrome/131.0.6778.69 Mobile Safari/537.36 (compatible; GoogleOther)" mail.aots.org.py 162.144.4.133
66.249.77.201 - - [27/Nov/2024:07:00:26 -0600] "GET /commoditys/cabinet2523864352?id=21953 HTTP/1.1" 404 7625 "-" "Mozilla/5.0 (Linux; Android 6.0.1; Nexus 5X Build/MMB29P) AppleWebKit/537.36 (KHTML, like Gecko) Chrome/131.0.6778.69 Mobile Safari/537.36 (compatible; Googlebot/2.1; +http://www.google.com/bot.html)" mail.aots.org.py 162.144.4.133
162.144.4.133 - - [27/Nov/2024:07:00:36 -0600] "POST /wp-cron.php?doing_wp_cron=1732712436.1695759296417236328125 HTTP/1.1" 200 - "-" "WordPress/6.7.1; http://www.aots.org.py" www.aots.org.py 162.144.4.133
40.77.167.25 - - [27/Nov/2024:07:00:57 -0600] "GET /?item%2Fcaves24415904%3Fid=79520 HTTP/1.1" 200 16949 "-" "Mozilla/5.0 AppleWebKit/537.36 (KHTML, like Gecko; compatible; bingbot/2.0; +http://www.bing.com/bingbot.htm) Chrome/116.0.1938.76 Safari/537.36" www.aots.org.py 162.144.4.133
66.249.77.192 - - [27/Nov/2024:07:01:09 -0600] "GET /commoditys/worcestershire2492337681?id=88521 HTTP/1.1" 404 7625 "-" "Mozilla/5.0 (Linux; Android 6.0.1; Nexus 5X Build/MMB29P) AppleWebKit/537.36 (KHTML, like Gecko) Chrome/131.0.6778.69 Mobile Safari/537.36 (compatible; GoogleOther)" mail.aots.org.py 162.144.4.133
66.249.77.201 - - [27/Nov/2024:07:01:42 -0600] "GET /commoditys/carrying245324275?id=21391 HTTP/1.1" 404 7625 "-" "Mozilla/5.0 (Linux; Android 6.0.1; Nexus 5X Build/MMB29P) AppleWebKit/537.36 (KHTML, like Gecko) Chrome/131.0.6778.69 Mobile Safari/537.36 (compatible; Googlebot/2.1; +http://www.google.com/bot.html)" mail.aots.org.py 162.144.4.133
52.167.144.167 - - [27/Nov/2024:07:01:56 -0600] "GET /index.php?item/poorly2481690328?id=51724 HTTP/1.1" 301 - "-" "Mozilla/5.0 AppleWebKit/537.36 (KHTML, like Gecko; compatible; bingbot/2.0; +http://www.bing.com/bingbot.htm) Chrome/116.0.1938.76 Safari/537.36" aots.org.py 162.144.4.133
40.77.167.255 - - [27/Nov/2024:07:03:36 -0600] "GET /?item%2Fpara2513263998%3Fid=20153 HTTP/1.1" 200 16950 "-" "Mozilla/5.0 AppleWebKit/537.36 (KHTML, like Gecko; compatible; bingbot/2.0; +http://www.bing.com/bingbot.htm) Chrome/116.0.1938.76 Safari/537.36" www.aots.org.py 162.144.4.133
40.77.167.50 - - [27/Nov/2024:07:04:36 -0600] "GET /index.php?item/roche2524015778?id=79090 HTTP/1.1" 301 - "-" "Mozilla/5.0 AppleWebKit/537.36 (KHTML, like Gecko; compatible; bingbot/2.0; +http://www.bing.com/bingbot.htm) Chrome/116.0.1938.76 Safari/537.36" aots.org.py 162.144.4.133
66.249.77.193 - - [27/Nov/2024:07:05:04 -0600] "GET /commoditys/usaid2492336169?id=80961 HTTP/1.1" 404 7625 "-" "Mozilla/5.0 (Linux; Android 6.0.1; Nexus 5X Build/MMB29P) AppleWebKit/537.36 (KHTML, like Gecko) Chrome/131.0.6778.69 Mobile Safari/537.36 (compatible; GoogleOther)" mail.aots.org.py 162.144.4.133
40.77.167.243 - - [27/Nov/2024:07:05:27 -0600] "GET /index.php?item/nursing2534382139?id=10914 HTTP/1.1" 301 - "-" "Mozilla/5.0 AppleWebKit/537.36 (KHTML, like Gecko; compatible; bingbot/2.0; +http://www.bing.com/bingbot.htm) Chrome/116.0.1938.76 Safari/537.36" aots.org.py 162.144.4.133
162.144.4.133 - - [27/Nov/2024:07:07:28 -0600] "POST /wp-cron.php?doing_wp_cron=1732712848.2219569683074951171875 HTTP/1.1" 200 - "-" "WordPress/6.7.1; http://www.aots.org.py" www.aots.org.py 162.144.4.133
66.249.77.201 - - [27/Nov/2024:07:07:28 -0600] "GET /wp-crom.php?commoditys/authorize7242390917?id=54704 HTTP/1.1" 404 7625 "-" "Mozilla/5.0 (Linux; Android 6.0.1; Nexus 5X Build/MMB29P) AppleWebKit/537.36 (KHTML, like Gecko) Chrome/131.0.6778.69 Mobile Safari/537.36 (compatible; Googlebot/2.1; +http://www.google.com/bot.html)" mail.aots.org.py 162.144.4.133
40.77.167.50 - - [27/Nov/2024:07:08:56 -0600] "GET /index.php?item/buffer245364372?id=21878 HTTP/1.1" 301 - "-" "Mozilla/5.0 AppleWebKit/537.36 (KHTML, like Gecko; compatible; bingbot/2.0; +http://www.bing.com/bingbot.htm) Chrome/116.0.1938.76 Safari/537.36" aots.org.py 162.144.4.133
66.249.77.193 - - [27/Nov/2024:07:08:59 -0600] "GET /commoditys/bodily2492416382?id=82030 HTTP/1.1" 404 7625 "-" "Mozilla/5.0 (Linux; Android 6.0.1; Nexus 5X Build/MMB29P) AppleWebKit/537.36 (KHTML, like Gecko) Chrome/131.0.6778.69 Mobile Safari/537.36 (compatible; GoogleOther)" mail.aots.org.py 162.144.4.133
162.144.4.133 - - [27/Nov/2024:07:10:58 -0600] "POST /wp-cron.php?doing_wp_cron=1732713058.4245769977569580078125 HTTP/1.1" 200 - "-" "WordPress/6.7.1; http://www.aots.org.py" www.aots.org.py 162.144.4.133
40.77.167.50 - - [27/Nov/2024:07:10:58 -0600] "GET /index.php?item/traits2524072992?id=65163 HTTP/1.1" 301 - "-" "Mozilla/5.0 AppleWebKit/537.36 (KHTML, like Gecko; compatible; bingbot/2.0; +http://www.bing.com/bingbot.htm) Chrome/116.0.1938.76 Safari/537.36" aots.org.py 162.144.4.133
52.167.144.24 - - [27/Nov/2024:07:11:04 -0600] "GET /commoditys/ih2502836567?id=82976 HTTP/1.1" 404 7625 "-" "Mozilla/5.0 AppleWebKit/537.36 (KHTML, like Gecko; compatible; bingbot/2.0; +http://www.bing.com/bingbot.htm) Chrome/116.0.1938.76 Safari/537.36" mail.aots.org.py 162.144.4.133
40.77.167.159 - - [27/Nov/2024:07:11:27 -0600] "GET /sennhpfr2210790 HTTP/1.1" 301 - "-" "Mozilla/5.0 AppleWebKit/537.36 (KHTML, like Gecko; compatible; bingbot/2.0; +http://www.bing.com/bingbot.htm) Chrome/116.0.1938.76 Safari/537.36" aots.org.py 162.144.4.133
66.249.77.192 - - [27/Nov/2024:07:12:54 -0600] "GET /commoditys/natives2492337849?id=89361 HTTP/1.1" 404 7625 "-" "Mozilla/5.0 (Linux; Android 6.0.1; Nexus 5X Build/MMB29P) AppleWebKit/537.36 (KHTML, like Gecko) Chrome/131.0.6778.69 Mobile Safari/537.36 (compatible; GoogleOther)" mail.aots.org.py 162.144.4.133
52.167.144.197 - - [27/Nov/2024:07:15:17 -0600] "GET /index.php?item/sections246621988?id=19971 HTTP/1.1" 301 - "-" "Mozilla/5.0 AppleWebKit/537.36 (KHTML, like Gecko; compatible; bingbot/2.0; +http://www.bing.com/bingbot.htm) Chrome/116.0.1938.76 Safari/537.36" aots.org.py 162.144.4.133
40.77.167.55 - - [27/Nov/2024:07:15:57 -0600] "GET /commoditys/alien2471445965?id=29897 HTTP/1.1" 404 7625 "-" "Mozilla/5.0 AppleWebKit/537.36 (KHTML, like Gecko; compatible; bingbot/2.0; +http://www.bing.com/bingbot.htm) Chrome/116.0.1938.76 Safari/537.36" mail.aots.org.py 162.144.4.133
66.249.77.192 - - [27/Nov/2024:07:16:15 -0600] "GET /commoditys/wiring245489020?id=45124 HTTP/1.1" 404 7625 "-" "Mozilla/5.0 (Linux; Android 6.0.1; Nexus 5X Build/MMB29P) AppleWebKit/537.36 (KHTML, like Gecko) Chrome/131.0.6778.69 Mobile Safari/537.36 (compatible; GoogleOther)" mail.aots.org.py 162.144.4.133
94.75.226.201 - - [27/Nov/2024:07:16:22 -0600] "POST /xmlrpc.php HTTP/1.1" 409 83 "-" "Mozilla/5.0 (Windows NT 10.0; WOW64) AppleWebKit/537.36 (KHTML, like Gecko) Chrome/91.0.4472.114 Safari/537.36" aots.org.py 162.144.4.133
103.127.199.119 - - [27/Nov/2024:07:16:27 -0600] "POST /xmlrpc.php HTTP/1.1" 409 83 "-" "Mozilla/5.0 (Windows NT 5.1; rv:33.0) Gecko/20100101 Firefox/33.0" aots.org.py 162.144.4.133
203.161.62.74 - - [27/Nov/2024:07:16:33 -0600] "POST /xmlrpc.php HTTP/1.1" 409 83 "-" "Mozilla/5.0 (Windows NT 10.0; Win64; x64) AppleWebKit/537.36 (KHTML, like Gecko) Chrome/64.0.3282.186 Safari/537.36" aots.org.py 162.144.4.133
114.34.168.241 - - [27/Nov/2024:07:16:39 -0600] "POST /xmlrpc.php HTTP/1.1" 409 83 "-" "Mozilla/5.0 (Windows NT 6.3; Win64; x64) AppleWebKit/537.36 (KHTML, like Gecko) Chrome/60.0.3112.113 Safari/537.36" aots.org.py 162.144.4.133
8.217.40.137 - - [27/Nov/2024:07:16:42 -0600] "POST /xmlrpc.php HTTP/1.1" 409 83 "-" "Mozilla/5.0 (Windows NT 10.0; WOW64) AppleWebKit/537.36 (KHTML, like Gecko) Chrome/72.0.3626.121 Safari/537.36" aots.org.py 162.144.4.133
45.77.173.7 - - [27/Nov/2024:07:16:43 -0600] "POST /xmlrpc.php HTTP/1.1" 409 83 "-" "Mozilla/5.0 (Windows NT 10.0; Win64; x64; rv:62.0) Gecko/20100101 Firefox/62.0" aots.org.py 162.144.4.133
171.244.129.243 - - [27/Nov/2024:07:16:46 -0600] "POST /xmlrpc.php HTTP/1.1" 409 83 "-" "Mozilla/5.0 (Windows NT 10.0; Win64; x64) AppleWebKit/537.36 (KHTML, like Gecko) Chrome/63.0.3239.132 Safari/537.36" aots.org.py 162.144.4.133
94.237.3.20 - - [27/Nov/2024:07:16:46 -0600] "POST /xmlrpc.php HTTP/1.1" 409 83 "-" "Mozilla/5.0 (Windows NT 6.1; WOW64; rv:40.0) Gecko/20100101 Firefox/40.1" aots.org.py 162.144.4.133
66.249.77.201 - - [27/Nov/2024:07:16:48 -0600] "GET /commoditys/mallorca2492336001?id=80121 HTTP/1.1" 404 7625 "-" "Mozilla/5.0 (Linux; Android 6.0.1; Nexus 5X Build/MMB29P) AppleWebKit/537.36 (KHTML, like Gecko) Chrome/131.0.6778.69 Mobile Safari/537.36 (compatible; GoogleOther)" mail.aots.org.py 162.144.4.133
43.157.64.163 - - [27/Nov/2024:07:16:54 -0600] "POST /xmlrpc.php HTTP/1.1" 409 83 "-" "Mozilla/5.0 (Windows NT 6.1; WOW64) AppleWebKit/537.1 (KHTML, like Gecko) Chrome/21.0.1180.83 Safari/537.1" aots.org.py 162.144.4.133
77.68.64.24 - - [27/Nov/2024:07:16:55 -0600] "POST /xmlrpc.php HTTP/1.1" 409 83 "-" "Mozilla/5.0 (iPod; CPU iPhone OS 14_6 like Mac OS X) AppleWebKit/605.1.15 (KHTML, like Gecko) CriOS/91.0.4472.80 Mobile/15E148 Safari/604.1" aots.org.py 162.144.4.133
139.162.73.217 - - [27/Nov/2024:07:17:08 -0600] "POST /xmlrpc.php HTTP/1.1" 409 83 "-" "Mozilla/5.0 (Macintosh; Intel Mac OS X 11_4) AppleWebKit/537.36 (KHTML, like Gecko) Chrome/91.0.4472.114 Safari/537.36" aots.org.py 162.144.4.133
49.51.244.89 - - [27/Nov/2024:07:17:12 -0600] "POST /xmlrpc.php HTTP/1.1" 409 83 "-" "Mozilla/5.0 (Macintosh; Intel Mac OS X 11_4) AppleWebKit/537.36 (KHTML, like Gecko) Chrome/91.0.4472.114 Safari/537.36" aots.org.py 162.144.4.133
52.167.144.180 - - [27/Nov/2024:07:17:18 -0600] "GET /index.php?item/errors245502113?id=10590 HTTP/1.1" 301 - "-" "Mozilla/5.0 AppleWebKit/537.36 (KHTML, like Gecko; compatible; bingbot/2.0; +http://www.bing.com/bingbot.htm) Chrome/116.0.1938.76 Safari/537.36" aots.org.py 162.144.4.133
162.144.4.133 - - [27/Nov/2024:07:18:12 -0600] "POST /wp-cron.php?doing_wp_cron=1732713492.5661120414733886718750 HTTP/1.1" 200 - "-" "WordPress/6.7.1; http://www.aots.org.py" www.aots.org.py 162.144.4.133
66.249.77.193 - - [27/Nov/2024:07:18:12 -0600] "GET /commoditys/donors245489354?id=46794 HTTP/1.1" 404 7625 "-" "Mozilla/5.0 (Linux; Android 6.0.1; Nexus 5X Build/MMB29P) AppleWebKit/537.36 (KHTML, like Gecko) Chrome/131.0.6778.69 Mobile Safari/537.36 (compatible; GoogleOther)" mail.aots.org.py 162.144.4.133
52.167.144.147 - - [27/Nov/2024:07:18:48 -0600] "GET /?item%2Fmem2502866821%3Fid=34248 HTTP/1.1" 200 16949 "-" "Mozilla/5.0 AppleWebKit/537.36 (KHTML, like Gecko; compatible; bingbot/2.0; +http://www.bing.com/bingbot.htm) Chrome/116.0.1938.76 Safari/537.36" www.aots.org.py 162.144.4.133
66.249.72.104 - - [27/Nov/2024:07:19:43 -0600] "GET /item/costumes245247137?id=35697 HTTP/1.1" 301 - "-" "Mozilla/5.0 (Linux; Android 6.0.1; Nexus 5X Build/MMB29P) AppleWebKit/537.36 (KHTML, like Gecko) Chrome/131.0.6778.69 Mobile Safari/537.36 (compatible; Googlebot/2.1; +http://www.google.com/bot.html)" aots.org.py 162.144.4.133
66.249.72.164 - - [27/Nov/2024:07:19:43 -0600] "GET /item/costumes245247137?id=35697 HTTP/1.1" 404 7606 "-" "Mozilla/5.0 (Linux; Android 6.0.1; Nexus 5X Build/MMB29P) AppleWebKit/537.36 (KHTML, like Gecko) Chrome/131.0.6778.69 Mobile Safari/537.36 (compatible; Googlebot/2.1; +http://www.google.com/bot.html)" www.aots.org.py 162.144.4.133
